{"id":13664,"date":"2025-09-12T15:35:39","date_gmt":"2025-09-12T13:35:39","guid":{"rendered":"https:\/\/catholiques17.fr\/pontlabbesaintporchaire\/?post_type=tribe_events&#038;p=13664"},"modified":"2025-09-12T18:15:42","modified_gmt":"2025-09-12T16:15:42","slug":"mug-messe-soiree-a-saint-sulpice-5","status":"publish","type":"tribe_events","link":"https:\/\/catholiques17.fr\/pontlabbesaintporchaire\/event\/mug-messe-soiree-a-saint-sulpice-5\/","title":{"rendered":"MuG : Messe + Soir\u00e9e \u00e0 Saint Sulpice"},"content":{"rendered":"<p>Soir\u00e9e anim\u00e9e par l&rsquo;\u00e9quipe MuG (Messe Und Game) de Pont l&rsquo;Abb\u00e9 &#8211; Saint Porchaire, pour t\u00e9moigner que la messe est une joie ! Rendez-vous d\u00e8s 18h \u00e0 l&rsquo;\u00e9glise de St Sulpice pour suivre la messe. Ensuite tous les paroissiens sont invit\u00e9s \u00e0 se r\u00e9unir \u00e0 la cure pour une soir\u00e9e de partage autour d&rsquo;un repas soupe, cr\u00eapes et jeux anim\u00e9s par l&rsquo;\u00e9quipe&#8230;toujours dans un esprit convivial. Pensez \u00e0 apporter vos mugs, vos bols et couverts, et votre bonne humeur !<\/p>\n<p>Si vous souhaitez rejoindre l&rsquo;\u00e9quipe MuG, participer \u00e0 la pr\u00e9paration des repas, ou simplement venir passer un bon moment tous ensemble, n&rsquo;h\u00e9sitez pas \u00e0 venir directement ou \u00e0 nous contacter pour plus de d\u00e9tails.<\/p>\n<p>Contact : Elsa et Teddy FILLON au 06 24 18 78 22<\/p>\n","protected":false},"excerpt":{"rendered":"<p>Soir\u00e9e anim\u00e9e par l&rsquo;\u00e9quipe MuG (Messe Und Game) de Pont l&rsquo;Abb\u00e9 &#8211; Saint Porchaire, pour t\u00e9moigner que la messe est une joie ! Rendez-vous d\u00e8s 18h \u00e0 l&rsquo;\u00e9glise de St [&hellip;]<\/p>\n","protected":false},"author":63,"featured_media":12602,"template":"","meta":{"_et_pb_use_builder":"","_et_pb_old_content":"","_et_gb_content_width":"","_tribe_events_status":"","_tribe_events_status_reason":"","footnotes":""},"tags":[],"tribe_events_cat":[],"class_list":["post-13664","tribe_events","type-tribe_events","status-publish","has-post-thumbnail","hentry"],"_links":{"self":[{"href":"https:\/\/catholiques17.fr\/pontlabbesaintporchaire\/wp-json\/wp\/v2\/tribe_events\/13664","targetHints":{"allow":["GET"]}}],"collection":[{"href":"https:\/\/catholiques17.fr\/pontlabbesaintporchaire\/wp-json\/wp\/v2\/tribe_events"}],"about":[{"href":"https:\/\/catholiques17.fr\/pontlabbesaintporchaire\/wp-json\/wp\/v2\/types\/tribe_events"}],"author":[{"embeddable":true,"href":"https:\/\/catholiques17.fr\/pontlabbesaintporchaire\/wp-json\/wp\/v2\/users\/63"}],"version-history":[{"count":3,"href":"https:\/\/catholiques17.fr\/pontlabbesaintporchaire\/wp-json\/wp\/v2\/tribe_events\/13664\/revisions"}],"predecessor-version":[{"id":13685,"href":"https:\/\/catholiques17.fr\/pontlabbesaintporchaire\/wp-json\/wp\/v2\/tribe_events\/13664\/revisions\/13685"}],"wp:featuredmedia":[{"embeddable":true,"href":"https:\/\/catholiques17.fr\/pontlabbesaintporchaire\/wp-json\/wp\/v2\/media\/12602"}],"wp:attachment":[{"href":"https:\/\/catholiques17.fr\/pontlabbesaintporchaire\/wp-json\/wp\/v2\/media?parent=13664"}],"wp:term":[{"taxonomy":"post_tag","embeddable":true,"href":"https:\/\/catholiques17.fr\/pontlabbesaintporchaire\/wp-json\/wp\/v2\/tags?post=13664"},{"taxonomy":"tribe_events_cat","embeddable":true,"href":"https:\/\/catholiques17.fr\/pontlabbesaintporchaire\/wp-json\/wp\/v2\/tribe_events_cat?post=13664"}],"curies":[{"name":"wp","href":"https:\/\/api.w.org\/{rel}","templated":true}]}}

MuG : Messe + Soirée à Saint Sulpice

<p>Soirée animée par l&rsquo;équipe MuG (Messe Und Game) de Pont l&rsquo;Abbé &#8211; Saint Porchaire, pour témoigner que la messe est une joie ! Rendez-vous dès 18h à l&rsquo;église de St Sulpice pour suivre la messe. Ensuite tous les paroissiens sont invités à se réunir à la cure pour une soirée de partage autour d&rsquo;un repas soupe, crêpes et jeux animés par l&rsquo;équipe&#8230;toujours dans un esprit convivial. Pensez à apporter vos mugs, vos bols et couverts, et votre bonne humeur !</p>
<p>Si vous souhaitez rejoindre l&rsquo;équipe MuG, participer à la préparation des repas, ou simplement venir passer un bon moment tous ensemble, n&rsquo;hésitez pas à venir directement ou à nous contacter pour plus de détails.</p>
<p>Contact : Elsa et Teddy FILLON au 06 24 18 78 22</p>

<p>Soirée animée par l&rsquo;équipe MuG (Messe Und Game) de Pont l&rsquo;Abbé &#8211; Saint Porchaire, pour témoigner que la messe est une joie ! Rendez-vous dès 18h à l&rsquo;église de St [&hellip;]</p>
