{"id":9642,"date":"2023-12-14T10:04:09","date_gmt":"2023-12-14T09:04:09","guid":{"rendered":"https:\/\/catholiques17.fr\/pontlabbesaintporchaire\/?page_id=9642"},"modified":"2024-02-08T11:34:41","modified_gmt":"2024-02-08T10:34:41","slug":"sacrement-des-malades","status":"publish","type":"page","link":"https:\/\/catholiques17.fr\/pontlabbesaintporchaire\/etapes-de-la-vie\/sacrement-des-malades\/","title":{"rendered":"Sacrement des malades"},"content":{"rendered":"<p>[et_pb_section fb_built=\u00a0\u00bb1&Prime; _builder_version=\u00a0\u00bb4.21.0&Prime; _module_preset=\u00a0\u00bbdefault\u00a0\u00bb custom_padding=\u00a0\u00bb8px|||||\u00a0\u00bb global_colors_info=\u00a0\u00bb{}\u00a0\u00bb theme_builder_area=\u00a0\u00bbpost_content\u00a0\u00bb][et_pb_row _builder_version=\u00a0\u00bb4.21.0&Prime; _module_preset=\u00a0\u00bbdefault\u00a0\u00bb global_colors_info=\u00a0\u00bb{}\u00a0\u00bb theme_builder_area=\u00a0\u00bbpost_content\u00a0\u00bb][et_pb_column type=\u00a0\u00bb4_4&Prime; _builder_version=\u00a0\u00bb4.21.0&Prime; _module_preset=\u00a0\u00bbdefault\u00a0\u00bb global_colors_info=\u00a0\u00bb{}\u00a0\u00bb theme_builder_area=\u00a0\u00bbpost_content\u00a0\u00bb][et_pb_image src=\u00a0\u00bbhttps:\/\/catholiques17.fr\/pontlabbesaintporchaire\/wp-content\/uploads\/sites\/38\/2024\/02\/Sacrement-des-malades.jpg\u00a0\u00bb title_text=\u00a0\u00bbSacrement des malades\u00a0\u00bb align=\u00a0\u00bbcenter\u00a0\u00bb _builder_version=\u00a0\u00bb4.21.0&Prime; _module_preset=\u00a0\u00bbdefault\u00a0\u00bb custom_margin=\u00a0\u00bb-19px|||||\u00a0\u00bb border_radii=\u00a0\u00bbon|20px|20px|20px|20px\u00a0\u00bb global_colors_info=\u00a0\u00bb{}\u00a0\u00bb theme_builder_area=\u00a0\u00bbpost_content\u00a0\u00bb][\/et_pb_image][\/et_pb_column][\/et_pb_row][et_pb_row _builder_version=\u00a0\u00bb4.21.0&Prime; _module_preset=\u00a0\u00bbdefault\u00a0\u00bb global_colors_info=\u00a0\u00bb{}\u00a0\u00bb theme_builder_area=\u00a0\u00bbpost_content\u00a0\u00bb][et_pb_column type=\u00a0\u00bb4_4&Prime; _builder_version=\u00a0\u00bb4.21.0&Prime; _module_preset=\u00a0\u00bbdefault\u00a0\u00bb global_colors_info=\u00a0\u00bb{}\u00a0\u00bb theme_builder_area=\u00a0\u00bbpost_content\u00a0\u00bb][et_pb_text _builder_version=\u00a0\u00bb4.21.0&Prime; _module_preset=\u00a0\u00bbdefault\u00a0\u00bb global_colors_info=\u00a0\u00bb{}\u00a0\u00bb theme_builder_area=\u00a0\u00bbpost_content\u00a0\u00bb]<\/p>\n<p>Le Sacrement d&rsquo;onction des malades est un sacrement de gu\u00e9rison qui vise \u00e0 apporter la force spirituelle et physique aux personnes confront\u00e9es \u00e0 la maladie grave, \u00e0 la vieillesse ou \u00e0 d&rsquo;autres fragilit\u00e9s physiques ou psychologiques. Ce sacrement est \u00e9galement destin\u00e9 aux personnes qui sont sur le point de subir une op\u00e9ration importante. Tout fid\u00e8le catholique confront\u00e9 \u00e0 une maladie s\u00e9rieuse ou \u00e0 une fragilit\u00e9 physique peut recevoir le Sacrement d&rsquo;onction des malades. Ce sacrement est d\u00e9crit dans l&rsquo;\u00c9p\u00eetre de saint Jacques (Jacques 5, 14-15), o\u00f9 il est recommand\u00e9 aux malades d&rsquo;appeler les anciens de l&rsquo;\u00c9glise pour recevoir l&rsquo;onction et la pri\u00e8re de gu\u00e9rison.<\/p>\n<p><strong>Il peut \u00eatre re\u00e7u \u00e0 plusieurs reprises au cours de la vie<\/strong>, en fonction de la gravit\u00e9 de la maladie ou de la n\u00e9cessit\u00e9 de renouveler la gr\u00e2ce re\u00e7ue. Ce sacrement est un signe de la pr\u00e9sence de Dieu aux c\u00f4t\u00e9s des personnes souffrantes. Il constitue une source de r\u00e9confort et de force spirituelle pour faire face aux \u00e9preuves de la maladie et de la souffrance.<\/p>\n<p><strong>Pour recevoir ce sacrement dans notre secteur pastoral<\/strong>, il est recommand\u00e9 de consulter le planning des c\u00e9l\u00e9brations ou de contacter le cur\u00e9 de la paroisse. Celui-ci pourra organiser un moment propice pour l&rsquo;administration de ce sacrement en fonction des besoins et des disponibilit\u00e9s.<\/p>\n<p>[\/et_pb_text][\/et_pb_column][\/et_pb_row][et_pb_row _builder_version=\u00a0\u00bb4.21.0&Prime; _module_preset=\u00a0\u00bbdefault\u00a0\u00bb global_colors_info=\u00a0\u00bb{}\u00a0\u00bb theme_builder_area=\u00a0\u00bbpost_content\u00a0\u00bb][et_pb_column type=\u00a0\u00bb4_4&Prime; _builder_version=\u00a0\u00bb4.21.0&Prime; _module_preset=\u00a0\u00bbdefault\u00a0\u00bb global_colors_info=\u00a0\u00bb{}\u00a0\u00bb theme_builder_area=\u00a0\u00bbpost_content\u00a0\u00bb][et_pb_divider color=\u00a0\u00bb#94C3A5&Prime; divider_weight=\u00a0\u00bb2px\u00a0\u00bb _builder_version=\u00a0\u00bb4.21.0&Prime; _module_preset=\u00a0\u00bbdefault\u00a0\u00bb global_colors_info=\u00a0\u00bb{}\u00a0\u00bb theme_builder_area=\u00a0\u00bbpost_content\u00a0\u00bb][\/et_pb_divider][\/et_pb_column][\/et_pb_row][et_pb_row _builder_version=\u00a0\u00bb4.21.0&Prime; _module_preset=\u00a0\u00bbdefault\u00a0\u00bb custom_padding=\u00a0\u00bb5px|||||\u00a0\u00bb global_colors_info=\u00a0\u00bb{}\u00a0\u00bb theme_builder_area=\u00a0\u00bbpost_content\u00a0\u00bb][et_pb_column type=\u00a0\u00bb4_4&Prime; _builder_version=\u00a0\u00bb4.21.0&Prime; _module_preset=\u00a0\u00bbdefault\u00a0\u00bb global_colors_info=\u00a0\u00bb{}\u00a0\u00bb theme_builder_area=\u00a0\u00bbpost_content\u00a0\u00bb][et_pb_text _builder_version=\u00a0\u00bb4.21.0&Prime; _module_preset=\u00a0\u00bbdefault\u00a0\u00bb global_colors_info=\u00a0\u00bb{}\u00a0\u00bb theme_builder_area=\u00a0\u00bbpost_content\u00a0\u00bb]<\/p>\n<p style=\"text-align: center\"><span>En cas d&rsquo;urgence, on appelle le cur\u00e9 pour fixer l&rsquo;heure pour recevoir le sacrement des malades.<\/span><\/p>\n<p style=\"text-align: center\"><span>Contactez- nous : <\/span>05 46 95 61 61 \u2013<span>\u00a0<\/span><a href=\"mailto:pontlabbestporchaire@gmail.com\" target=\"_blank\" rel=\"noopener\">pontlabbestporchaire@gmail.com<\/a><\/p>\n<p>[\/et_pb_text][\/et_pb_column][\/et_pb_row][\/et_pb_section]<\/p>\n","protected":false},"excerpt":{"rendered":"<p>Le Sacrement d&rsquo;onction des malades est un sacrement de gu\u00e9rison qui vise \u00e0 apporter la force spirituelle et physique aux personnes confront\u00e9es \u00e0 la maladie grave, \u00e0 la vieillesse ou [&hellip;]<\/p>\n","protected":false},"author":4,"featured_media":0,"parent":9405,"menu_order":0,"comment_status":"closed","ping_status":"closed","template":"","meta":{"_et_pb_use_builder":"on","_et_pb_old_content":"","_et_gb_content_width":"","footnotes":""},"class_list":["post-9642","page","type-page","status-publish","hentry"],"_links":{"self":[{"href":"https:\/\/catholiques17.fr\/pontlabbesaintporchaire\/wp-json\/wp\/v2\/pages\/9642","targetHints":{"allow":["GET"]}}],"collection":[{"href":"https:\/\/catholiques17.fr\/pontlabbesaintporchaire\/wp-json\/wp\/v2\/pages"}],"about":[{"href":"https:\/\/catholiques17.fr\/pontlabbesaintporchaire\/wp-json\/wp\/v2\/types\/page"}],"author":[{"embeddable":true,"href":"https:\/\/catholiques17.fr\/pontlabbesaintporchaire\/wp-json\/wp\/v2\/users\/4"}],"replies":[{"embeddable":true,"href":"https:\/\/catholiques17.fr\/pontlabbesaintporchaire\/wp-json\/wp\/v2\/comments?post=9642"}],"version-history":[{"count":8,"href":"https:\/\/catholiques17.fr\/pontlabbesaintporchaire\/wp-json\/wp\/v2\/pages\/9642\/revisions"}],"predecessor-version":[{"id":10129,"href":"https:\/\/catholiques17.fr\/pontlabbesaintporchaire\/wp-json\/wp\/v2\/pages\/9642\/revisions\/10129"}],"up":[{"embeddable":true,"href":"https:\/\/catholiques17.fr\/pontlabbesaintporchaire\/wp-json\/wp\/v2\/pages\/9405"}],"wp:attachment":[{"href":"https:\/\/catholiques17.fr\/pontlabbesaintporchaire\/wp-json\/wp\/v2\/media?parent=9642"}],"curies":[{"name":"wp","href":"https:\/\/api.w.org\/{rel}","templated":true}]}}

<p>[et_pb_section fb_built= »1&Prime; _builder_version= »4.21.0&Prime; _module_preset= »default » custom_padding= »8px||||| » global_colors_info= »{} » theme_builder_area= »post_content »][et_pb_row _builder_version= »4.21.0&Prime; _module_preset= »default » global_colors_info= »{} » theme_builder_area= »post_content »][et_pb_column type= »4_4&Prime; _builder_version= »4.21.0&Prime; _module_preset= »default » global_colors_info= »{} » theme_builder_area= »post_content »][et_pb_image src= »https://catholiques17.fr/pontlabbesaintporchaire/wp-content/uploads/sites/38/2024/02/Sacrement-des-malades.jpg » title_text= »Sacrement des malades » align= »center » _builder_version= »4.21.0&Prime; _module_preset= »default » custom_margin= »-19px||||| » border_radii= »on|20px|20px|20px|20px » global_colors_info= »{} » theme_builder_area= »post_content »][/et_pb_image][/et_pb_column][/et_pb_row][et_pb_row _builder_version= »4.21.0&Prime; _module_preset= »default » global_colors_info= »{} » theme_builder_area= »post_content »][et_pb_column type= »4_4&Prime; _builder_version= »4.21.0&Prime; _module_preset= »default » global_colors_info= »{} » theme_builder_area= »post_content »][et_pb_text _builder_version= »4.21.0&Prime; _module_preset= »default » global_colors_info= »{} » theme_builder_area= »post_content »]</p>
<p>Le Sacrement d&rsquo;onction des malades est un sacrement de guérison qui vise à apporter la force spirituelle et physique aux personnes confrontées à la maladie grave, à la vieillesse ou à d&rsquo;autres fragilités physiques ou psychologiques. Ce sacrement est également destiné aux personnes qui sont sur le point de subir une opération importante. Tout fidèle catholique confronté à une maladie sérieuse ou à une fragilité physique peut recevoir le Sacrement d&rsquo;onction des malades. Ce sacrement est décrit dans l&rsquo;Épître de saint Jacques (Jacques 5, 14-15), où il est recommandé aux malades d&rsquo;appeler les anciens de l&rsquo;Église pour recevoir l&rsquo;onction et la prière de guérison.</p>
<p><strong>Il peut être reçu à plusieurs reprises au cours de la vie</strong>, en fonction de la gravité de la maladie ou de la nécessité de renouveler la grâce reçue. Ce sacrement est un signe de la présence de Dieu aux côtés des personnes souffrantes. Il constitue une source de réconfort et de force spirituelle pour faire face aux épreuves de la maladie et de la souffrance.</p>
<p><strong>Pour recevoir ce sacrement dans notre secteur pastoral</strong>, il est recommandé de consulter le planning des célébrations ou de contacter le curé de la paroisse. Celui-ci pourra organiser un moment propice pour l&rsquo;administration de ce sacrement en fonction des besoins et des disponibilités.</p>
<p>[/et_pb_text][/et_pb_column][/et_pb_row][et_pb_row _builder_version= »4.21.0&Prime; _module_preset= »default » global_colors_info= »{} » theme_builder_area= »post_content »][et_pb_column type= »4_4&Prime; _builder_version= »4.21.0&Prime; _module_preset= »default » global_colors_info= »{} » theme_builder_area= »post_content »][et_pb_divider color= »#94C3A5&Prime; divider_weight= »2px » _builder_version= »4.21.0&Prime; _module_preset= »default » global_colors_info= »{} » theme_builder_area= »post_content »][/et_pb_divider][/et_pb_column][/et_pb_row][et_pb_row _builder_version= »4.21.0&Prime; _module_preset= »default » custom_padding= »5px||||| » global_colors_info= »{} » theme_builder_area= »post_content »][et_pb_column type= »4_4&Prime; _builder_version= »4.21.0&Prime; _module_preset= »default » global_colors_info= »{} » theme_builder_area= »post_content »][et_pb_text _builder_version= »4.21.0&Prime; _module_preset= »default » global_colors_info= »{} » theme_builder_area= »post_content »]</p>
<p style="text-align: center"><span>En cas d&rsquo;urgence, on appelle le curé pour fixer l&rsquo;heure pour recevoir le sacrement des malades.</span></p>
<p style="text-align: center"><span>Contactez- nous : </span>05 46 95 61 61 –<span> </span><a href="mailto:pontlabbestporchaire@gmail.com" target="_blank" rel="noopener">pontlabbestporchaire@gmail.com</a></p>
<p>[/et_pb_text][/et_pb_column][/et_pb_row][/et_pb_section]</p>

<p>Le Sacrement d&rsquo;onction des malades est un sacrement de guérison qui vise à apporter la force spirituelle et physique aux personnes confrontées à la maladie grave, à la vieillesse ou [&hellip;]</p>
