{"id":9420,"date":"2023-12-08T15:29:51","date_gmt":"2023-12-08T14:29:51","guid":{"rendered":"https:\/\/catholiques17.fr\/pontlabbesaintporchaire\/?page_id=9420"},"modified":"2025-12-07T20:58:47","modified_gmt":"2025-12-07T19:58:47","slug":"mug","status":"publish","type":"page","link":"https:\/\/catholiques17.fr\/pontlabbesaintporchaire\/vie-paroissiale\/mug\/","title":{"rendered":"L&rsquo;\u00e9quipe MuG"},"content":{"rendered":"<p>[et_pb_section fb_built=\u00a0\u00bb1&Prime; _builder_version=\u00a0\u00bb4.21.0&Prime; _module_preset=\u00a0\u00bbdefault\u00a0\u00bb custom_padding=\u00a0\u00bb8px|||||\u00a0\u00bb global_colors_info=\u00a0\u00bb{}\u00a0\u00bb theme_builder_area=\u00a0\u00bbpost_content\u00a0\u00bb][et_pb_row _builder_version=\u00a0\u00bb4.21.0&Prime; _module_preset=\u00a0\u00bbdefault\u00a0\u00bb global_colors_info=\u00a0\u00bb{}\u00a0\u00bb theme_builder_area=\u00a0\u00bbpost_content\u00a0\u00bb][et_pb_column type=\u00a0\u00bb4_4&Prime; _builder_version=\u00a0\u00bb4.21.0&Prime; _module_preset=\u00a0\u00bbdefault\u00a0\u00bb global_colors_info=\u00a0\u00bb{}\u00a0\u00bb theme_builder_area=\u00a0\u00bbpost_content\u00a0\u00bb][et_pb_image src=\u00a0\u00bbhttps:\/\/catholiques17.fr\/pontlabbesaintporchaire\/wp-content\/uploads\/sites\/38\/2025\/01\/Logo-MuG.png\u00a0\u00bb title_text=\u00a0\u00bbLogo MuG\u00a0\u00bb align=\u00a0\u00bbcenter\u00a0\u00bb _builder_version=\u00a0\u00bb4.27.4&Prime; _module_preset=\u00a0\u00bbdefault\u00a0\u00bb custom_margin=\u00a0\u00bb-14px|||||\u00a0\u00bb border_radii=\u00a0\u00bbon|20px|20px|20px|20px\u00a0\u00bb global_colors_info=\u00a0\u00bb{}\u00a0\u00bb theme_builder_area=\u00a0\u00bbpost_content\u00a0\u00bb][\/et_pb_image][\/et_pb_column][\/et_pb_row][et_pb_row _builder_version=\u00a0\u00bb4.21.0&Prime; _module_preset=\u00a0\u00bbdefault\u00a0\u00bb global_colors_info=\u00a0\u00bb{}\u00a0\u00bb theme_builder_area=\u00a0\u00bbpost_content\u00a0\u00bb][et_pb_column type=\u00a0\u00bb4_4&Prime; _builder_version=\u00a0\u00bb4.21.0&Prime; _module_preset=\u00a0\u00bbdefault\u00a0\u00bb global_colors_info=\u00a0\u00bb{}\u00a0\u00bb theme_builder_area=\u00a0\u00bbpost_content\u00a0\u00bb][et_pb_text _builder_version=\u00a0\u00bb4.27.4&Prime; _module_preset=\u00a0\u00bbdefault\u00a0\u00bb global_colors_info=\u00a0\u00bb{}\u00a0\u00bb theme_builder_area=\u00a0\u00bbpost_content\u00a0\u00bb]<\/p>\n<p><span>L&rsquo;\u00e9quipe MuG (Messe Und Game) de Pont l&rsquo;Abb\u00e9 &#8211; Saint Porchaire se retrouve 1 fois par mois pour t\u00e9moigner que la messe est une joie ! A ce titre, nous animons la messe du 1er samedi de chaque mois*, d&rsquo;octobre \u00e0 juin, \u00e0 18h \u00e0 l&rsquo;\u00e9glise de Saint Sulpice d&rsquo;Arnoult. A la fin de la messe, nous invitons tous les paroissiens \u00e0 se r\u00e9unir \u00e0 la cure pour une soir\u00e9e de partage autour d&rsquo;un repas soupe, cr\u00eapes et jeux anim\u00e9s par l&rsquo;\u00e9quipe.<\/span><span>..toujours dans un esprit convivial. Pensez \u00e0 apporter vos mugs, vos bols et couverts, et votre bonne humeur !\u00a0<\/span><\/p>\n<p><span>Si vous souhaitez rejoindre l&rsquo;\u00e9quipe MuG, participer \u00e0 la pr\u00e9paration des repas, ou simplement venir passer un bon moment tous ensemble, n&rsquo;h\u00e9sitez pas \u00e0 venir directement ou \u00e0 nous contacter pour plus de d\u00e9tails.<\/span><\/p>\n<p><span style=\"text-decoration: underline\">Contact<\/span> : Elsa et Teddy FILLON au 06 24 18 78 22<\/p>\n<p>&nbsp;<\/p>\n<p><em>*exception : pas de MuG en novembre 2025, le MuG de janvier 2026 est d\u00e9cal\u00e9 au 10\/01 (au lieu du 03\/01) et pas de MuG en avril 2026.<\/em><\/p>\n<p>&nbsp;<\/p>\n<p>[\/et_pb_text][\/et_pb_column][\/et_pb_row][\/et_pb_section]<\/p>\n","protected":false},"excerpt":{"rendered":"<p>L&rsquo;\u00e9quipe MuG (Messe Und Game) de Pont l&rsquo;Abb\u00e9 &#8211; Saint Porchaire se retrouve 1 fois par mois pour t\u00e9moigner que la messe est une joie ! A ce titre, nous [&hellip;]<\/p>\n","protected":false},"author":4,"featured_media":0,"parent":9402,"menu_order":0,"comment_status":"closed","ping_status":"closed","template":"","meta":{"_et_pb_use_builder":"on","_et_pb_old_content":"<!-- wp:divi\/placeholder \/-->","_et_gb_content_width":"","footnotes":""},"class_list":["post-9420","page","type-page","status-publish","hentry"],"_links":{"self":[{"href":"https:\/\/catholiques17.fr\/pontlabbesaintporchaire\/wp-json\/wp\/v2\/pages\/9420","targetHints":{"allow":["GET"]}}],"collection":[{"href":"https:\/\/catholiques17.fr\/pontlabbesaintporchaire\/wp-json\/wp\/v2\/pages"}],"about":[{"href":"https:\/\/catholiques17.fr\/pontlabbesaintporchaire\/wp-json\/wp\/v2\/types\/page"}],"author":[{"embeddable":true,"href":"https:\/\/catholiques17.fr\/pontlabbesaintporchaire\/wp-json\/wp\/v2\/users\/4"}],"replies":[{"embeddable":true,"href":"https:\/\/catholiques17.fr\/pontlabbesaintporchaire\/wp-json\/wp\/v2\/comments?post=9420"}],"version-history":[{"count":13,"href":"https:\/\/catholiques17.fr\/pontlabbesaintporchaire\/wp-json\/wp\/v2\/pages\/9420\/revisions"}],"predecessor-version":[{"id":14059,"href":"https:\/\/catholiques17.fr\/pontlabbesaintporchaire\/wp-json\/wp\/v2\/pages\/9420\/revisions\/14059"}],"up":[{"embeddable":true,"href":"https:\/\/catholiques17.fr\/pontlabbesaintporchaire\/wp-json\/wp\/v2\/pages\/9402"}],"wp:attachment":[{"href":"https:\/\/catholiques17.fr\/pontlabbesaintporchaire\/wp-json\/wp\/v2\/media?parent=9420"}],"curies":[{"name":"wp","href":"https:\/\/api.w.org\/{rel}","templated":true}]}}

L&rsquo;équipe MuG

<p>[et_pb_section fb_built= »1&Prime; _builder_version= »4.21.0&Prime; _module_preset= »default » custom_padding= »8px||||| » global_colors_info= »{} » theme_builder_area= »post_content »][et_pb_row _builder_version= »4.21.0&Prime; _module_preset= »default » global_colors_info= »{} » theme_builder_area= »post_content »][et_pb_column type= »4_4&Prime; _builder_version= »4.21.0&Prime; _module_preset= »default » global_colors_info= »{} » theme_builder_area= »post_content »][et_pb_image src= »https://catholiques17.fr/pontlabbesaintporchaire/wp-content/uploads/sites/38/2025/01/Logo-MuG.png » title_text= »Logo MuG » align= »center » _builder_version= »4.27.4&Prime; _module_preset= »default » custom_margin= »-14px||||| » border_radii= »on|20px|20px|20px|20px » global_colors_info= »{} » theme_builder_area= »post_content »][/et_pb_image][/et_pb_column][/et_pb_row][et_pb_row _builder_version= »4.21.0&Prime; _module_preset= »default » global_colors_info= »{} » theme_builder_area= »post_content »][et_pb_column type= »4_4&Prime; _builder_version= »4.21.0&Prime; _module_preset= »default » global_colors_info= »{} » theme_builder_area= »post_content »][et_pb_text _builder_version= »4.27.4&Prime; _module_preset= »default » global_colors_info= »{} » theme_builder_area= »post_content »]</p>
<p><span>L&rsquo;équipe MuG (Messe Und Game) de Pont l&rsquo;Abbé &#8211; Saint Porchaire se retrouve 1 fois par mois pour témoigner que la messe est une joie ! A ce titre, nous animons la messe du 1er samedi de chaque mois*, d&rsquo;octobre à juin, à 18h à l&rsquo;église de Saint Sulpice d&rsquo;Arnoult. A la fin de la messe, nous invitons tous les paroissiens à se réunir à la cure pour une soirée de partage autour d&rsquo;un repas soupe, crêpes et jeux animés par l&rsquo;équipe.</span><span>..toujours dans un esprit convivial. Pensez à apporter vos mugs, vos bols et couverts, et votre bonne humeur ! </span></p>
<p><span>Si vous souhaitez rejoindre l&rsquo;équipe MuG, participer à la préparation des repas, ou simplement venir passer un bon moment tous ensemble, n&rsquo;hésitez pas à venir directement ou à nous contacter pour plus de détails.</span></p>
<p><span style="text-decoration: underline">Contact</span> : Elsa et Teddy FILLON au 06 24 18 78 22</p>
<p>&nbsp;</p>
<p><em>*exception : pas de MuG en novembre 2025, le MuG de janvier 2026 est décalé au 10/01 (au lieu du 03/01) et pas de MuG en avril 2026.</em></p>
<p>&nbsp;</p>
<p>[/et_pb_text][/et_pb_column][/et_pb_row][/et_pb_section]</p>

<p>L&rsquo;équipe MuG (Messe Und Game) de Pont l&rsquo;Abbé &#8211; Saint Porchaire se retrouve 1 fois par mois pour témoigner que la messe est une joie ! A ce titre, nous [&hellip;]</p>
