{"id":9394,"date":"2023-12-08T15:09:48","date_gmt":"2023-12-08T14:09:48","guid":{"rendered":"https:\/\/catholiques17.fr\/pontlabbesaintporchaire\/?page_id=9394"},"modified":"2023-12-18T15:00:45","modified_gmt":"2023-12-18T14:00:45","slug":"sainte-radegonde","status":"publish","type":"page","link":"https:\/\/catholiques17.fr\/pontlabbesaintporchaire\/nos-clochers\/sainte-radegonde\/","title":{"rendered":"Sainte Radegonde"},"content":{"rendered":"<p>[et_pb_section fb_built=\u00a0\u00bb1&Prime; _builder_version=\u00a0\u00bb4.21.0&Prime; _module_preset=\u00a0\u00bbdefault\u00a0\u00bb custom_padding=\u00a0\u00bb1px|||||\u00a0\u00bb global_colors_info=\u00a0\u00bb{}\u00a0\u00bb theme_builder_area=\u00a0\u00bbet_body_layout\u00a0\u00bb][et_pb_row _builder_version=\u00a0\u00bb4.21.0&Prime; _module_preset=\u00a0\u00bbdefault\u00a0\u00bb custom_padding=\u00a0\u00bb8px|||||\u00a0\u00bb global_colors_info=\u00a0\u00bb{}\u00a0\u00bb theme_builder_area=\u00a0\u00bbet_body_layout\u00a0\u00bb][et_pb_column type=\u00a0\u00bb4_4&Prime; _builder_version=\u00a0\u00bb4.21.0&Prime; _module_preset=\u00a0\u00bbdefault\u00a0\u00bb global_colors_info=\u00a0\u00bb{}\u00a0\u00bb theme_builder_area=\u00a0\u00bbet_body_layout\u00a0\u00bb][et_pb_image src=\u00a0\u00bbhttps:\/\/catholiques17.fr\/pontlabbesaintporchaire\/wp-content\/uploads\/sites\/38\/2023\/12\/Ste-Radegonde.jpg\u00a0\u00bb title_text=\u00a0\u00bbSte Radegonde\u00a0\u00bb url=\u00a0\u00bbhttps:\/\/catholiques17.fr\/pontlabbesaintporchaire\/wp-content\/uploads\/sites\/38\/2023\/12\/Geay.jpeg\u00a0\u00bb align=\u00a0\u00bbcenter\u00a0\u00bb _builder_version=\u00a0\u00bb4.21.0&Prime; _module_preset=\u00a0\u00bbdefault\u00a0\u00bb hover_enabled=\u00a0\u00bb0&Prime; border_radii=\u00a0\u00bbon|20px|20px|20px|20px\u00a0\u00bb global_colors_info=\u00a0\u00bb{}\u00a0\u00bb theme_builder_area=\u00a0\u00bbet_body_layout\u00a0\u00bb sticky_enabled=\u00a0\u00bb0&Prime;][\/et_pb_image][\/et_pb_column][\/et_pb_row][et_pb_row _builder_version=\u00a0\u00bb4.21.0&Prime; _module_preset=\u00a0\u00bbdefault\u00a0\u00bb global_colors_info=\u00a0\u00bb{}\u00a0\u00bb theme_builder_area=\u00a0\u00bbet_body_layout\u00a0\u00bb][et_pb_column type=\u00a0\u00bb4_4&Prime; _builder_version=\u00a0\u00bb4.21.0&Prime; _module_preset=\u00a0\u00bbdefault\u00a0\u00bb global_colors_info=\u00a0\u00bb{}\u00a0\u00bb theme_builder_area=\u00a0\u00bbet_body_layout\u00a0\u00bb][et_pb_text _builder_version=\u00a0\u00bb4.21.0&Prime; _module_preset=\u00a0\u00bbdefault\u00a0\u00bb hover_enabled=\u00a0\u00bb0&Prime; global_colors_info=\u00a0\u00bb{}\u00a0\u00bb theme_builder_area=\u00a0\u00bbet_body_layout\u00a0\u00bb sticky_enabled=\u00a0\u00bb0&Prime;]<\/p>\n<p>Les jardins autour de l&rsquo;\u00e9glise Sainte-Radegonde, autrefois Notre-Dame de Valensay, adoucissent sa relative aust\u00e9rit\u00e9. Le vocable est li\u00e9 \u00e0 une l\u00e9gende locale, sans doute du Moyen Age, qui rapporte que la sainte poitevine aurait s\u00e9journ\u00e9 \u00e0 proximit\u00e9 du village, dans une grotte.<br \/>Cette \u00e9glise est un des t\u00e9moins de l&rsquo;architecture romane archa\u00efque m\u00eame s&rsquo;il peut dater des environs de 1100.<\/p>\n<p>Les murs de la nef, b\u00e2tis en moellons, sont rythm\u00e9s de contreforts plats et perc\u00e9s de petites fen\u00eatres plac\u00e9es tr\u00e8s haut. Celles-ci pr\u00e9sentent des encadrements en pierre de taille et des linteaux constitu\u00e9s d&rsquo;un bloc monolithe simplement \u00e9chancr\u00e9 ; l&rsquo;illusion de l&rsquo;arc est renforc\u00e9e par de faux claveaux grav\u00e9s. \u00c0 l\u2019int\u00e9rieur, les murs simplement enduits contribuent \u00e0 cr\u00e9er un espace homog\u00e8ne qui n&rsquo;a jamais connu de vo\u00fbte.<br \/>Une ancienne porte, aujourd&rsquo;hui mur\u00e9e, s&rsquo;ouvrait au nord de la premi\u00e8re trav\u00e9e de cette nef.<\/p>\n<p>La fa\u00e7ade occidentale a \u00e9t\u00e9 construite en pierre de taille selon un proc\u00e9d\u00e9 que l&rsquo;on rel\u00e8ve fr\u00e9quemment sur des \u00e9difices plus anciens.<\/p>\n<p>Le portail s&rsquo;inscrivant dans un l\u00e9ger avant-corps entre deux contreforts se r\u00e9f\u00e8re \u00e0 une tradition archa\u00efque. Son encadrement int\u00e9rieur a \u00e9t\u00e9 remani\u00e9 au XVe si\u00e8cle. Le d\u00e9cor roman des voussures avec ses dents de scies et sa frise en motif de corde se retrouve \u00e0 Geay et \u00e0 Annepont.<\/p>\n<p>Le chevet actuel, de plan quadrangulaire et vo\u00fbt\u00e9 d&rsquo;ogives, est une reconstruction gothique du XIVe si\u00e8cle. La sculpture gothique est repr\u00e9sent\u00e9e par deux personnages formant cul-de-lampe et par les t\u00eates sculpt\u00e9es de la cl\u00e9 de vo\u00fbte et du chapiteau sud-est.<br \/>Les glacis des contreforts d\u2019angles sont orn\u00e9s de petits masques semblables \u00e0 ceux de l\u2019\u00e9glise des Gonds.<\/p>\n<p>Le clocher-mur \u00e0 deux arcades donne un aspect pittoresque \u00e0 l\u2019\u00e9glise. Il a peut-\u00eatre remplac\u00e9, \u00e0 l\u2019\u00e9conomie, un clocher roman disparu avec l\u2019ancien clocher.<\/p>\n<p>[\/et_pb_text][\/et_pb_column][\/et_pb_row][et_pb_row column_structure=\u00a0\u00bb1_3,1_3,1_3&Prime; _builder_version=\u00a0\u00bb4.21.0&Prime; _module_preset=\u00a0\u00bbdefault\u00a0\u00bb global_colors_info=\u00a0\u00bb{}\u00a0\u00bb theme_builder_area=\u00a0\u00bbet_body_layout\u00a0\u00bb][et_pb_column type=\u00a0\u00bb1_3&Prime; _builder_version=\u00a0\u00bb4.21.0&Prime; _module_preset=\u00a0\u00bbdefault\u00a0\u00bb global_colors_info=\u00a0\u00bb{}\u00a0\u00bb theme_builder_area=\u00a0\u00bbet_body_layout\u00a0\u00bb][et_pb_image src=\u00a0\u00bbhttps:\/\/catholiques17.fr\/pontlabbesaintporchaire\/wp-content\/uploads\/sites\/38\/2023\/12\/Ste-Radegonde2.jpg\u00a0\u00bb title_text=\u00a0\u00bbSte Radegonde2&Prime; url=\u00a0\u00bbhttps:\/\/catholiques17.fr\/pontlabbesaintporchaire\/wp-content\/uploads\/sites\/38\/2023\/12\/Ste-Radegonde2.jpg\u00a0\u00bb url_new_window=\u00a0\u00bbon\u00a0\u00bb align=\u00a0\u00bbcenter\u00a0\u00bb _builder_version=\u00a0\u00bb4.21.0&Prime; _module_preset=\u00a0\u00bbdefault\u00a0\u00bb animation_style=\u00a0\u00bbslide\u00a0\u00bb hover_enabled=\u00a0\u00bb0&Prime; border_radii=\u00a0\u00bboff|20px||20px|\u00a0\u00bb global_colors_info=\u00a0\u00bb{}\u00a0\u00bb theme_builder_area=\u00a0\u00bbet_body_layout\u00a0\u00bb sticky_enabled=\u00a0\u00bb0&Prime;][\/et_pb_image][\/et_pb_column][et_pb_column type=\u00a0\u00bb1_3&Prime; _builder_version=\u00a0\u00bb4.21.0&Prime; _module_preset=\u00a0\u00bbdefault\u00a0\u00bb global_colors_info=\u00a0\u00bb{}\u00a0\u00bb theme_builder_area=\u00a0\u00bbet_body_layout\u00a0\u00bb][et_pb_image src=\u00a0\u00bbhttps:\/\/catholiques17.fr\/pontlabbesaintporchaire\/wp-content\/uploads\/sites\/38\/2023\/12\/Ste-Radegonde3.jpg\u00a0\u00bb title_text=\u00a0\u00bbSte Radegonde3&Prime; url=\u00a0\u00bbhttps:\/\/catholiques17.fr\/pontlabbesaintporchaire\/wp-content\/uploads\/sites\/38\/2023\/12\/Ste-Radegonde3.jpg\u00a0\u00bb url_new_window=\u00a0\u00bbon\u00a0\u00bb align=\u00a0\u00bbcenter\u00a0\u00bb _builder_version=\u00a0\u00bb4.21.0&Prime; _module_preset=\u00a0\u00bbdefault\u00a0\u00bb animation_style=\u00a0\u00bbslide\u00a0\u00bb hover_enabled=\u00a0\u00bb0&Prime; border_radii=\u00a0\u00bboff|20px||20px|\u00a0\u00bb global_colors_info=\u00a0\u00bb{}\u00a0\u00bb theme_builder_area=\u00a0\u00bbet_body_layout\u00a0\u00bb sticky_enabled=\u00a0\u00bb0&Prime;][\/et_pb_image][\/et_pb_column][et_pb_column type=\u00a0\u00bb1_3&Prime; _builder_version=\u00a0\u00bb4.21.0&Prime; _module_preset=\u00a0\u00bbdefault\u00a0\u00bb global_colors_info=\u00a0\u00bb{}\u00a0\u00bb theme_builder_area=\u00a0\u00bbet_body_layout\u00a0\u00bb][et_pb_image src=\u00a0\u00bbhttps:\/\/catholiques17.fr\/pontlabbesaintporchaire\/wp-content\/uploads\/sites\/38\/2023\/12\/Ste-Radegonde4.jpg\u00a0\u00bb title_text=\u00a0\u00bbSte Radegonde4&Prime; url=\u00a0\u00bbhttps:\/\/catholiques17.fr\/pontlabbesaintporchaire\/wp-content\/uploads\/sites\/38\/2023\/12\/Ste-Radegonde4.jpg\u00a0\u00bb url_new_window=\u00a0\u00bbon\u00a0\u00bb align=\u00a0\u00bbcenter\u00a0\u00bb _builder_version=\u00a0\u00bb4.21.0&Prime; _module_preset=\u00a0\u00bbdefault\u00a0\u00bb animation_style=\u00a0\u00bbslide\u00a0\u00bb hover_enabled=\u00a0\u00bb0&Prime; border_radii=\u00a0\u00bboff|20px||20px|\u00a0\u00bb global_colors_info=\u00a0\u00bb{}\u00a0\u00bb theme_builder_area=\u00a0\u00bbet_body_layout\u00a0\u00bb sticky_enabled=\u00a0\u00bb0&Prime;][\/et_pb_image][\/et_pb_column][\/et_pb_row][\/et_pb_section]<\/p>\n","protected":false},"excerpt":{"rendered":"<p>Les jardins autour de l&rsquo;\u00e9glise Sainte-Radegonde, autrefois Notre-Dame de Valensay, adoucissent sa relative aust\u00e9rit\u00e9. Le vocable est li\u00e9 \u00e0 une l\u00e9gende locale, sans doute du Moyen Age, qui rapporte que [&hellip;]<\/p>\n","protected":false},"author":4,"featured_media":0,"parent":9400,"menu_order":0,"comment_status":"closed","ping_status":"closed","template":"","meta":{"_et_pb_use_builder":"on","_et_pb_old_content":"<!-- wp:divi\/placeholder \/-->","_et_gb_content_width":"","footnotes":""},"class_list":["post-9394","page","type-page","status-publish","hentry"],"_links":{"self":[{"href":"https:\/\/catholiques17.fr\/pontlabbesaintporchaire\/wp-json\/wp\/v2\/pages\/9394","targetHints":{"allow":["GET"]}}],"collection":[{"href":"https:\/\/catholiques17.fr\/pontlabbesaintporchaire\/wp-json\/wp\/v2\/pages"}],"about":[{"href":"https:\/\/catholiques17.fr\/pontlabbesaintporchaire\/wp-json\/wp\/v2\/types\/page"}],"author":[{"embeddable":true,"href":"https:\/\/catholiques17.fr\/pontlabbesaintporchaire\/wp-json\/wp\/v2\/users\/4"}],"replies":[{"embeddable":true,"href":"https:\/\/catholiques17.fr\/pontlabbesaintporchaire\/wp-json\/wp\/v2\/comments?post=9394"}],"version-history":[{"count":3,"href":"https:\/\/catholiques17.fr\/pontlabbesaintporchaire\/wp-json\/wp\/v2\/pages\/9394\/revisions"}],"predecessor-version":[{"id":9783,"href":"https:\/\/catholiques17.fr\/pontlabbesaintporchaire\/wp-json\/wp\/v2\/pages\/9394\/revisions\/9783"}],"up":[{"embeddable":true,"href":"https:\/\/catholiques17.fr\/pontlabbesaintporchaire\/wp-json\/wp\/v2\/pages\/9400"}],"wp:attachment":[{"href":"https:\/\/catholiques17.fr\/pontlabbesaintporchaire\/wp-json\/wp\/v2\/media?parent=9394"}],"curies":[{"name":"wp","href":"https:\/\/api.w.org\/{rel}","templated":true}]}}

<p>[et_pb_section fb_built= »1&Prime; _builder_version= »4.21.0&Prime; _module_preset= »default » custom_padding= »1px||||| » global_colors_info= »{} » theme_builder_area= »et_body_layout »][et_pb_row _builder_version= »4.21.0&Prime; _module_preset= »default » custom_padding= »8px||||| » global_colors_info= »{} » theme_builder_area= »et_body_layout »][et_pb_column type= »4_4&Prime; _builder_version= »4.21.0&Prime; _module_preset= »default » global_colors_info= »{} » theme_builder_area= »et_body_layout »][et_pb_image src= »https://catholiques17.fr/pontlabbesaintporchaire/wp-content/uploads/sites/38/2023/12/Ste-Radegonde.jpg » title_text= »Ste Radegonde » url= »https://catholiques17.fr/pontlabbesaintporchaire/wp-content/uploads/sites/38/2023/12/Geay.jpeg » align= »center » _builder_version= »4.21.0&Prime; _module_preset= »default » hover_enabled= »0&Prime; border_radii= »on|20px|20px|20px|20px » global_colors_info= »{} » theme_builder_area= »et_body_layout » sticky_enabled= »0&Prime;][/et_pb_image][/et_pb_column][/et_pb_row][et_pb_row _builder_version= »4.21.0&Prime; _module_preset= »default » global_colors_info= »{} » theme_builder_area= »et_body_layout »][et_pb_column type= »4_4&Prime; _builder_version= »4.21.0&Prime; _module_preset= »default » global_colors_info= »{} » theme_builder_area= »et_body_layout »][et_pb_text _builder_version= »4.21.0&Prime; _module_preset= »default » hover_enabled= »0&Prime; global_colors_info= »{} » theme_builder_area= »et_body_layout » sticky_enabled= »0&Prime;]</p>
<p>Les jardins autour de l&rsquo;église Sainte-Radegonde, autrefois Notre-Dame de Valensay, adoucissent sa relative austérité. Le vocable est lié à une légende locale, sans doute du Moyen Age, qui rapporte que la sainte poitevine aurait séjourné à proximité du village, dans une grotte.<br />Cette église est un des témoins de l&rsquo;architecture romane archaïque même s&rsquo;il peut dater des environs de 1100.</p>
<p>Les murs de la nef, bâtis en moellons, sont rythmés de contreforts plats et percés de petites fenêtres placées très haut. Celles-ci présentent des encadrements en pierre de taille et des linteaux constitués d&rsquo;un bloc monolithe simplement échancré ; l&rsquo;illusion de l&rsquo;arc est renforcée par de faux claveaux gravés. À l’intérieur, les murs simplement enduits contribuent à créer un espace homogène qui n&rsquo;a jamais connu de voûte.<br />Une ancienne porte, aujourd&rsquo;hui murée, s&rsquo;ouvrait au nord de la première travée de cette nef.</p>
<p>La façade occidentale a été construite en pierre de taille selon un procédé que l&rsquo;on relève fréquemment sur des édifices plus anciens.</p>
<p>Le portail s&rsquo;inscrivant dans un léger avant-corps entre deux contreforts se réfère à une tradition archaïque. Son encadrement intérieur a été remanié au XVe siècle. Le décor roman des voussures avec ses dents de scies et sa frise en motif de corde se retrouve à Geay et à Annepont.</p>
<p>Le chevet actuel, de plan quadrangulaire et voûté d&rsquo;ogives, est une reconstruction gothique du XIVe siècle. La sculpture gothique est représentée par deux personnages formant cul-de-lampe et par les têtes sculptées de la clé de voûte et du chapiteau sud-est.<br />Les glacis des contreforts d’angles sont ornés de petits masques semblables à ceux de l’église des Gonds.</p>
<p>Le clocher-mur à deux arcades donne un aspect pittoresque à l’église. Il a peut-être remplacé, à l’économie, un clocher roman disparu avec l’ancien clocher.</p>
<p>[/et_pb_text][/et_pb_column][/et_pb_row][et_pb_row column_structure= »1_3,1_3,1_3&Prime; _builder_version= »4.21.0&Prime; _module_preset= »default » global_colors_info= »{} » theme_builder_area= »et_body_layout »][et_pb_column type= »1_3&Prime; _builder_version= »4.21.0&Prime; _module_preset= »default » global_colors_info= »{} » theme_builder_area= »et_body_layout »][et_pb_image src= »https://catholiques17.fr/pontlabbesaintporchaire/wp-content/uploads/sites/38/2023/12/Ste-Radegonde2.jpg » title_text= »Ste Radegonde2&Prime; url= »https://catholiques17.fr/pontlabbesaintporchaire/wp-content/uploads/sites/38/2023/12/Ste-Radegonde2.jpg » url_new_window= »on » align= »center » _builder_version= »4.21.0&Prime; _module_preset= »default » animation_style= »slide » hover_enabled= »0&Prime; border_radii= »off|20px||20px| » global_colors_info= »{} » theme_builder_area= »et_body_layout » sticky_enabled= »0&Prime;][/et_pb_image][/et_pb_column][et_pb_column type= »1_3&Prime; _builder_version= »4.21.0&Prime; _module_preset= »default » global_colors_info= »{} » theme_builder_area= »et_body_layout »][et_pb_image src= »https://catholiques17.fr/pontlabbesaintporchaire/wp-content/uploads/sites/38/2023/12/Ste-Radegonde3.jpg » title_text= »Ste Radegonde3&Prime; url= »https://catholiques17.fr/pontlabbesaintporchaire/wp-content/uploads/sites/38/2023/12/Ste-Radegonde3.jpg » url_new_window= »on » align= »center » _builder_version= »4.21.0&Prime; _module_preset= »default » animation_style= »slide » hover_enabled= »0&Prime; border_radii= »off|20px||20px| » global_colors_info= »{} » theme_builder_area= »et_body_layout » sticky_enabled= »0&Prime;][/et_pb_image][/et_pb_column][et_pb_column type= »1_3&Prime; _builder_version= »4.21.0&Prime; _module_preset= »default » global_colors_info= »{} » theme_builder_area= »et_body_layout »][et_pb_image src= »https://catholiques17.fr/pontlabbesaintporchaire/wp-content/uploads/sites/38/2023/12/Ste-Radegonde4.jpg » title_text= »Ste Radegonde4&Prime; url= »https://catholiques17.fr/pontlabbesaintporchaire/wp-content/uploads/sites/38/2023/12/Ste-Radegonde4.jpg » url_new_window= »on » align= »center » _builder_version= »4.21.0&Prime; _module_preset= »default » animation_style= »slide » hover_enabled= »0&Prime; border_radii= »off|20px||20px| » global_colors_info= »{} » theme_builder_area= »et_body_layout » sticky_enabled= »0&Prime;][/et_pb_image][/et_pb_column][/et_pb_row][/et_pb_section]</p>

<p>Les jardins autour de l&rsquo;église Sainte-Radegonde, autrefois Notre-Dame de Valensay, adoucissent sa relative austérité. Le vocable est lié à une légende locale, sans doute du Moyen Age, qui rapporte que [&hellip;]</p>
