{"id":9376,"date":"2023-12-08T15:05:55","date_gmt":"2023-12-08T14:05:55","guid":{"rendered":"https:\/\/catholiques17.fr\/pontlabbesaintporchaire\/?page_id=9376"},"modified":"2023-12-19T09:54:02","modified_gmt":"2023-12-19T08:54:02","slug":"beurlay","status":"publish","type":"page","link":"https:\/\/catholiques17.fr\/pontlabbesaintporchaire\/nos-clochers\/beurlay\/","title":{"rendered":"Beurlay"},"content":{"rendered":"<p>[et_pb_section fb_built=\u00a0\u00bb1&Prime; _builder_version=\u00a0\u00bb4.21.0&Prime; _module_preset=\u00a0\u00bbdefault\u00a0\u00bb custom_padding=\u00a0\u00bb1px|||||\u00a0\u00bb global_colors_info=\u00a0\u00bb{}\u00a0\u00bb theme_builder_area=\u00a0\u00bbpost_content\u00a0\u00bb][et_pb_row _builder_version=\u00a0\u00bb4.21.0&Prime; _module_preset=\u00a0\u00bbdefault\u00a0\u00bb custom_padding=\u00a0\u00bb8px|||||\u00a0\u00bb global_colors_info=\u00a0\u00bb{}\u00a0\u00bb theme_builder_area=\u00a0\u00bbpost_content\u00a0\u00bb][et_pb_column type=\u00a0\u00bb4_4&Prime; _builder_version=\u00a0\u00bb4.21.0&Prime; _module_preset=\u00a0\u00bbdefault\u00a0\u00bb global_colors_info=\u00a0\u00bb{}\u00a0\u00bb theme_builder_area=\u00a0\u00bbpost_content\u00a0\u00bb][et_pb_image src=\u00a0\u00bbhttps:\/\/catholiques17.fr\/pontlabbesaintporchaire\/wp-content\/uploads\/sites\/38\/2023\/12\/Beurlay.jpeg\u00a0\u00bb title_text=\u00a0\u00bbBeurlay\u00a0\u00bb align=\u00a0\u00bbcenter\u00a0\u00bb _builder_version=\u00a0\u00bb4.21.0&Prime; _module_preset=\u00a0\u00bbdefault\u00a0\u00bb border_radii=\u00a0\u00bbon|20px|20px|20px|20px\u00a0\u00bb global_colors_info=\u00a0\u00bb{}\u00a0\u00bb theme_builder_area=\u00a0\u00bbpost_content\u00a0\u00bb][\/et_pb_image][\/et_pb_column][\/et_pb_row][et_pb_row _builder_version=\u00a0\u00bb4.21.0&Prime; _module_preset=\u00a0\u00bbdefault\u00a0\u00bb global_colors_info=\u00a0\u00bb{}\u00a0\u00bb theme_builder_area=\u00a0\u00bbpost_content\u00a0\u00bb][et_pb_column type=\u00a0\u00bb4_4&Prime; _builder_version=\u00a0\u00bb4.21.0&Prime; _module_preset=\u00a0\u00bbdefault\u00a0\u00bb global_colors_info=\u00a0\u00bb{}\u00a0\u00bb theme_builder_area=\u00a0\u00bbpost_content\u00a0\u00bb][et_pb_text _builder_version=\u00a0\u00bb4.21.0&Prime; _module_preset=\u00a0\u00bbdefault\u00a0\u00bb global_colors_info=\u00a0\u00bb{}\u00a0\u00bb theme_builder_area=\u00a0\u00bbpost_content\u00a0\u00bb]<\/p>\n<p><span>L\u2019\u00e9glise Sainte-Madeleine est un \u00e9difice du XIIe si\u00e8cle dominant un agr\u00e9able site ou coule la source du \u00abFreussin\u00bb.<\/span><br \/><span>Son chevet roman est caract\u00e9ristique de la Saintonge, \u00e0 trois registres superpos\u00e9s. Le chevet est quelque peu ant\u00e9rieur \u00e0 la nef et au clocher: sa largeur et sa hauteur sont nettement moindres que ceux de la nef.<\/span><br \/><span>La position lat\u00e9rale du clocher est peu fr\u00e9quente, d\u2019autant plus qu\u2019une chapelle est am\u00e9nag\u00e9e au rez-de-chauss\u00e9e.<\/span><br \/><span>Le vo\u00fbtement en berceau bris\u00e9 de la nef a n\u00e9cessit\u00e9 d\u2019importantes consolidations, comme l\u2019indiquent l\u2019arc doubleau interm\u00e9diaire port\u00e9 par des culs-de-lampe sur la trav\u00e9e occidentale et les lourds contreforts du XVe si\u00e8cle sur le flan nord.<\/span><br \/><span>A l\u2019int\u00e9rieur, la sobri\u00e9t\u00e9 de l\u2019architecture met en valeur les quatre chapiteaux de la trav\u00e9e droite du ch\u0153ur. Deux sont sculpt\u00e9s de corbeilles v\u00e9g\u00e9tales.<\/span><br \/><span>Sur un autre, la curieuse superposition de f\u00e9lins \u00e9voque lointainement les chapiteaux de la crois\u00e9e du transept de Saint-Eutrope de Saintes.<\/span><br \/><span>Le th\u00e8me du quatri\u00e8me chapiteau, par contre, s\u2019inspire directement de Saint-Eutrope avec ses oiseaux perch\u00e9s sur la coupe de lions.<\/span><br \/><span>Les masques de f\u00e9lin aux angles du chapiteau et le style proche de celui d\u2019Aulnay, apportent un accent nouveau et conduisent vers le milieu du XIIe si\u00e8cle.<\/span><br \/><span>Les vitraux ont \u00e9t\u00e9 r\u00e9alis\u00e9s en et pos\u00e9s en 1996 apr\u00e8s les travaux de restauration int\u00e9rieur de l\u2019\u00e9glise.<\/span><\/p>\n<p>[\/et_pb_text][\/et_pb_column][\/et_pb_row][et_pb_row column_structure=\u00a0\u00bb1_3,1_3,1_3&Prime; _builder_version=\u00a0\u00bb4.21.0&Prime; _module_preset=\u00a0\u00bbdefault\u00a0\u00bb global_colors_info=\u00a0\u00bb{}\u00a0\u00bb theme_builder_area=\u00a0\u00bbpost_content\u00a0\u00bb][et_pb_column type=\u00a0\u00bb1_3&Prime; _builder_version=\u00a0\u00bb4.21.0&Prime; _module_preset=\u00a0\u00bbdefault\u00a0\u00bb global_colors_info=\u00a0\u00bb{}\u00a0\u00bb theme_builder_area=\u00a0\u00bbpost_content\u00a0\u00bb][et_pb_image src=\u00a0\u00bbhttps:\/\/catholiques17.fr\/pontlabbesaintporchaire\/wp-content\/uploads\/sites\/38\/2023\/12\/Beurlay2.jpeg\u00a0\u00bb title_text=\u00a0\u00bbBeurlay2&Prime; url=\u00a0\u00bbhttps:\/\/catholiques17.fr\/pontlabbesaintporchaire\/wp-content\/uploads\/sites\/38\/2023\/12\/Beurlay-3.jpeg\u00a0\u00bb align=\u00a0\u00bbcenter\u00a0\u00bb _builder_version=\u00a0\u00bb4.21.0&Prime; _module_preset=\u00a0\u00bbdefault\u00a0\u00bb animation_style=\u00a0\u00bbslide\u00a0\u00bb hover_enabled=\u00a0\u00bb0&Prime; border_radii=\u00a0\u00bboff|20px||20px|\u00a0\u00bb global_colors_info=\u00a0\u00bb{}\u00a0\u00bb theme_builder_area=\u00a0\u00bbpost_content\u00a0\u00bb url_new_window=\u00a0\u00bbon\u00a0\u00bb sticky_enabled=\u00a0\u00bb0&Prime;][\/et_pb_image][\/et_pb_column][et_pb_column type=\u00a0\u00bb1_3&Prime; _builder_version=\u00a0\u00bb4.21.0&Prime; _module_preset=\u00a0\u00bbdefault\u00a0\u00bb global_colors_info=\u00a0\u00bb{}\u00a0\u00bb theme_builder_area=\u00a0\u00bbpost_content\u00a0\u00bb][et_pb_image src=\u00a0\u00bbhttps:\/\/catholiques17.fr\/pontlabbesaintporchaire\/wp-content\/uploads\/sites\/38\/2023\/12\/Beurlay-3.jpeg\u00a0\u00bb title_text=\u00a0\u00bbBeurlay 3&Prime; url=\u00a0\u00bbhttps:\/\/catholiques17.fr\/pontlabbesaintporchaire\/wp-content\/uploads\/sites\/38\/2023\/12\/Beurlay-3.jpeg\u00a0\u00bb align=\u00a0\u00bbcenter\u00a0\u00bb _builder_version=\u00a0\u00bb4.21.0&Prime; _module_preset=\u00a0\u00bbdefault\u00a0\u00bb animation_style=\u00a0\u00bbslide\u00a0\u00bb hover_enabled=\u00a0\u00bb0&Prime; border_radii=\u00a0\u00bboff|20px||20px|\u00a0\u00bb global_colors_info=\u00a0\u00bb{}\u00a0\u00bb theme_builder_area=\u00a0\u00bbpost_content\u00a0\u00bb url_new_window=\u00a0\u00bbon\u00a0\u00bb sticky_enabled=\u00a0\u00bb0&Prime;][\/et_pb_image][\/et_pb_column][et_pb_column type=\u00a0\u00bb1_3&Prime; _builder_version=\u00a0\u00bb4.21.0&Prime; _module_preset=\u00a0\u00bbdefault\u00a0\u00bb global_colors_info=\u00a0\u00bb{}\u00a0\u00bb theme_builder_area=\u00a0\u00bbpost_content\u00a0\u00bb][et_pb_image src=\u00a0\u00bbhttps:\/\/catholiques17.fr\/pontlabbesaintporchaire\/wp-content\/uploads\/sites\/38\/2023\/12\/Beurlay-4.jpeg\u00a0\u00bb title_text=\u00a0\u00bbBeurlay 4&Prime; url=\u00a0\u00bbhttps:\/\/catholiques17.fr\/pontlabbesaintporchaire\/wp-content\/uploads\/sites\/38\/2023\/12\/Beurlay-4.jpeg\u00a0\u00bb align=\u00a0\u00bbcenter\u00a0\u00bb _builder_version=\u00a0\u00bb4.21.0&Prime; _module_preset=\u00a0\u00bbdefault\u00a0\u00bb animation_style=\u00a0\u00bbslide\u00a0\u00bb hover_enabled=\u00a0\u00bb0&Prime; border_radii=\u00a0\u00bboff|20px||20px|\u00a0\u00bb global_colors_info=\u00a0\u00bb{}\u00a0\u00bb theme_builder_area=\u00a0\u00bbpost_content\u00a0\u00bb url_new_window=\u00a0\u00bbon\u00a0\u00bb sticky_enabled=\u00a0\u00bb0&Prime;][\/et_pb_image][\/et_pb_column][\/et_pb_row][\/et_pb_section]<\/p>\n","protected":false},"excerpt":{"rendered":"<p>L\u2019\u00e9glise Sainte-Madeleine est un \u00e9difice du XIIe si\u00e8cle dominant un agr\u00e9able site ou coule la source du \u00abFreussin\u00bb.Son chevet roman est caract\u00e9ristique de la Saintonge, \u00e0 trois registres superpos\u00e9s. Le [&hellip;]<\/p>\n","protected":false},"author":4,"featured_media":0,"parent":9400,"menu_order":0,"comment_status":"closed","ping_status":"closed","template":"","meta":{"_et_pb_use_builder":"on","_et_pb_old_content":"<!-- wp:divi\/placeholder \/-->","_et_gb_content_width":"","footnotes":""},"class_list":["post-9376","page","type-page","status-publish","hentry"],"_links":{"self":[{"href":"https:\/\/catholiques17.fr\/pontlabbesaintporchaire\/wp-json\/wp\/v2\/pages\/9376","targetHints":{"allow":["GET"]}}],"collection":[{"href":"https:\/\/catholiques17.fr\/pontlabbesaintporchaire\/wp-json\/wp\/v2\/pages"}],"about":[{"href":"https:\/\/catholiques17.fr\/pontlabbesaintporchaire\/wp-json\/wp\/v2\/types\/page"}],"author":[{"embeddable":true,"href":"https:\/\/catholiques17.fr\/pontlabbesaintporchaire\/wp-json\/wp\/v2\/users\/4"}],"replies":[{"embeddable":true,"href":"https:\/\/catholiques17.fr\/pontlabbesaintporchaire\/wp-json\/wp\/v2\/comments?post=9376"}],"version-history":[{"count":6,"href":"https:\/\/catholiques17.fr\/pontlabbesaintporchaire\/wp-json\/wp\/v2\/pages\/9376\/revisions"}],"predecessor-version":[{"id":9801,"href":"https:\/\/catholiques17.fr\/pontlabbesaintporchaire\/wp-json\/wp\/v2\/pages\/9376\/revisions\/9801"}],"up":[{"embeddable":true,"href":"https:\/\/catholiques17.fr\/pontlabbesaintporchaire\/wp-json\/wp\/v2\/pages\/9400"}],"wp:attachment":[{"href":"https:\/\/catholiques17.fr\/pontlabbesaintporchaire\/wp-json\/wp\/v2\/media?parent=9376"}],"curies":[{"name":"wp","href":"https:\/\/api.w.org\/{rel}","templated":true}]}}

<p>[et_pb_section fb_built= »1&Prime; _builder_version= »4.21.0&Prime; _module_preset= »default » custom_padding= »1px||||| » global_colors_info= »{} » theme_builder_area= »post_content »][et_pb_row _builder_version= »4.21.0&Prime; _module_preset= »default » custom_padding= »8px||||| » global_colors_info= »{} » theme_builder_area= »post_content »][et_pb_column type= »4_4&Prime; _builder_version= »4.21.0&Prime; _module_preset= »default » global_colors_info= »{} » theme_builder_area= »post_content »][et_pb_image src= »https://catholiques17.fr/pontlabbesaintporchaire/wp-content/uploads/sites/38/2023/12/Beurlay.jpeg » title_text= »Beurlay » align= »center » _builder_version= »4.21.0&Prime; _module_preset= »default » border_radii= »on|20px|20px|20px|20px » global_colors_info= »{} » theme_builder_area= »post_content »][/et_pb_image][/et_pb_column][/et_pb_row][et_pb_row _builder_version= »4.21.0&Prime; _module_preset= »default » global_colors_info= »{} » theme_builder_area= »post_content »][et_pb_column type= »4_4&Prime; _builder_version= »4.21.0&Prime; _module_preset= »default » global_colors_info= »{} » theme_builder_area= »post_content »][et_pb_text _builder_version= »4.21.0&Prime; _module_preset= »default » global_colors_info= »{} » theme_builder_area= »post_content »]</p>
<p><span>L’église Sainte-Madeleine est un édifice du XIIe siècle dominant un agréable site ou coule la source du «Freussin».</span><br /><span>Son chevet roman est caractéristique de la Saintonge, à trois registres superposés. Le chevet est quelque peu antérieur à la nef et au clocher: sa largeur et sa hauteur sont nettement moindres que ceux de la nef.</span><br /><span>La position latérale du clocher est peu fréquente, d’autant plus qu’une chapelle est aménagée au rez-de-chaussée.</span><br /><span>Le voûtement en berceau brisé de la nef a nécessité d’importantes consolidations, comme l’indiquent l’arc doubleau intermédiaire porté par des culs-de-lampe sur la travée occidentale et les lourds contreforts du XVe siècle sur le flan nord.</span><br /><span>A l’intérieur, la sobriété de l’architecture met en valeur les quatre chapiteaux de la travée droite du chœur. Deux sont sculptés de corbeilles végétales.</span><br /><span>Sur un autre, la curieuse superposition de félins évoque lointainement les chapiteaux de la croisée du transept de Saint-Eutrope de Saintes.</span><br /><span>Le thème du quatrième chapiteau, par contre, s’inspire directement de Saint-Eutrope avec ses oiseaux perchés sur la coupe de lions.</span><br /><span>Les masques de félin aux angles du chapiteau et le style proche de celui d’Aulnay, apportent un accent nouveau et conduisent vers le milieu du XIIe siècle.</span><br /><span>Les vitraux ont été réalisés en et posés en 1996 après les travaux de restauration intérieur de l’église.</span></p>
<p>[/et_pb_text][/et_pb_column][/et_pb_row][et_pb_row column_structure= »1_3,1_3,1_3&Prime; _builder_version= »4.21.0&Prime; _module_preset= »default » global_colors_info= »{} » theme_builder_area= »post_content »][et_pb_column type= »1_3&Prime; _builder_version= »4.21.0&Prime; _module_preset= »default » global_colors_info= »{} » theme_builder_area= »post_content »][et_pb_image src= »https://catholiques17.fr/pontlabbesaintporchaire/wp-content/uploads/sites/38/2023/12/Beurlay2.jpeg » title_text= »Beurlay2&Prime; url= »https://catholiques17.fr/pontlabbesaintporchaire/wp-content/uploads/sites/38/2023/12/Beurlay-3.jpeg » align= »center » _builder_version= »4.21.0&Prime; _module_preset= »default » animation_style= »slide » hover_enabled= »0&Prime; border_radii= »off|20px||20px| » global_colors_info= »{} » theme_builder_area= »post_content » url_new_window= »on » sticky_enabled= »0&Prime;][/et_pb_image][/et_pb_column][et_pb_column type= »1_3&Prime; _builder_version= »4.21.0&Prime; _module_preset= »default » global_colors_info= »{} » theme_builder_area= »post_content »][et_pb_image src= »https://catholiques17.fr/pontlabbesaintporchaire/wp-content/uploads/sites/38/2023/12/Beurlay-3.jpeg » title_text= »Beurlay 3&Prime; url= »https://catholiques17.fr/pontlabbesaintporchaire/wp-content/uploads/sites/38/2023/12/Beurlay-3.jpeg » align= »center » _builder_version= »4.21.0&Prime; _module_preset= »default » animation_style= »slide » hover_enabled= »0&Prime; border_radii= »off|20px||20px| » global_colors_info= »{} » theme_builder_area= »post_content » url_new_window= »on » sticky_enabled= »0&Prime;][/et_pb_image][/et_pb_column][et_pb_column type= »1_3&Prime; _builder_version= »4.21.0&Prime; _module_preset= »default » global_colors_info= »{} » theme_builder_area= »post_content »][et_pb_image src= »https://catholiques17.fr/pontlabbesaintporchaire/wp-content/uploads/sites/38/2023/12/Beurlay-4.jpeg » title_text= »Beurlay 4&Prime; url= »https://catholiques17.fr/pontlabbesaintporchaire/wp-content/uploads/sites/38/2023/12/Beurlay-4.jpeg » align= »center » _builder_version= »4.21.0&Prime; _module_preset= »default » animation_style= »slide » hover_enabled= »0&Prime; border_radii= »off|20px||20px| » global_colors_info= »{} » theme_builder_area= »post_content » url_new_window= »on » sticky_enabled= »0&Prime;][/et_pb_image][/et_pb_column][/et_pb_row][/et_pb_section]</p>

<p>L’église Sainte-Madeleine est un édifice du XIIe siècle dominant un agréable site ou coule la source du «Freussin».Son chevet roman est caractéristique de la Saintonge, à trois registres superposés. Le [&hellip;]</p>
