{"id":9372,"date":"2023-12-08T15:05:13","date_gmt":"2023-12-08T14:05:13","guid":{"rendered":"https:\/\/catholiques17.fr\/pontlabbesaintporchaire\/?page_id=9372"},"modified":"2023-12-19T09:57:33","modified_gmt":"2023-12-19T08:57:33","slug":"geay","status":"publish","type":"page","link":"https:\/\/catholiques17.fr\/pontlabbesaintporchaire\/nos-clochers\/geay\/","title":{"rendered":"Geay"},"content":{"rendered":"<p>[et_pb_section fb_built=\u00a0\u00bb1&Prime; _builder_version=\u00a0\u00bb4.21.0&Prime; _module_preset=\u00a0\u00bbdefault\u00a0\u00bb custom_padding=\u00a0\u00bb1px|||||\u00a0\u00bb global_colors_info=\u00a0\u00bb{}\u00a0\u00bb theme_builder_area=\u00a0\u00bbpost_content\u00a0\u00bb][et_pb_row _builder_version=\u00a0\u00bb4.21.0&Prime; _module_preset=\u00a0\u00bbdefault\u00a0\u00bb custom_padding=\u00a0\u00bb8px|||||\u00a0\u00bb global_colors_info=\u00a0\u00bb{}\u00a0\u00bb theme_builder_area=\u00a0\u00bbpost_content\u00a0\u00bb][et_pb_column type=\u00a0\u00bb4_4&Prime; _builder_version=\u00a0\u00bb4.21.0&Prime; _module_preset=\u00a0\u00bbdefault\u00a0\u00bb global_colors_info=\u00a0\u00bb{}\u00a0\u00bb theme_builder_area=\u00a0\u00bbpost_content\u00a0\u00bb][et_pb_image src=\u00a0\u00bbhttps:\/\/catholiques17.fr\/pontlabbesaintporchaire\/wp-content\/uploads\/sites\/38\/2023\/12\/Geay.jpeg\u00a0\u00bb title_text=\u00a0\u00bbGeay\u00a0\u00bb url=\u00a0\u00bbhttps:\/\/catholiques17.fr\/pontlabbesaintporchaire\/wp-content\/uploads\/sites\/38\/2023\/12\/Geay.jpeg\u00a0\u00bb align=\u00a0\u00bbcenter\u00a0\u00bb _builder_version=\u00a0\u00bb4.21.0&Prime; _module_preset=\u00a0\u00bbdefault\u00a0\u00bb border_radii=\u00a0\u00bbon|20px|20px|20px|20px\u00a0\u00bb global_colors_info=\u00a0\u00bb{}\u00a0\u00bb theme_builder_area=\u00a0\u00bbpost_content\u00a0\u00bb][\/et_pb_image][\/et_pb_column][\/et_pb_row][et_pb_row _builder_version=\u00a0\u00bb4.21.0&Prime; _module_preset=\u00a0\u00bbdefault\u00a0\u00bb global_colors_info=\u00a0\u00bb{}\u00a0\u00bb theme_builder_area=\u00a0\u00bbpost_content\u00a0\u00bb][et_pb_column type=\u00a0\u00bb4_4&Prime; _builder_version=\u00a0\u00bb4.21.0&Prime; _module_preset=\u00a0\u00bbdefault\u00a0\u00bb global_colors_info=\u00a0\u00bb{}\u00a0\u00bb theme_builder_area=\u00a0\u00bbpost_content\u00a0\u00bb][et_pb_text _builder_version=\u00a0\u00bb4.21.0&Prime; _module_preset=\u00a0\u00bbdefault\u00a0\u00bb global_colors_info=\u00a0\u00bb{}\u00a0\u00bb theme_builder_area=\u00a0\u00bbpost_content\u00a0\u00bb]<\/p>\n<p><span>Geay, \u00e9glise Notre-Dame de l\u2019Assomption.<\/span><\/p>\n<p><span>Geay \u00e9tait une cure d\u00e9pendant de l\u2019abbaye auvergnate de La Chaise-Dieu, d\u2019ob\u00e9dience\u00a0 b\u00e9n\u00e9dictine, mais marqu\u00e9e par une application tr\u00e8s aust\u00e8re de la r\u00e8gle. Cette sobri\u00e9t\u00e9 a marqu\u00e9 l\u2019architecture de l\u2019\u00e9glise, dont le plan simple est cependant conforme aux mod\u00e8les saintongeais. On peut comparer son profond chevet polygonal \u00e0 trois registres d\u2019arcatures superpos\u00e9es \u00e0 ceux de R\u00e9taud et Rioux dont il diff\u00e8re cependant par une grande retenue et le raffinement de l\u2019ornementation.<\/span><br \/><span>La fa\u00e7ade occidentale est, elle, d\u2019une grande aust\u00e9rit\u00e9, rythm\u00e9e seulement par quatre hauts contreforts.<\/span><br \/><span>C\u2019est donc essentiellement pour la puret\u00e9 de ses volumes et sa remarquable homog\u00e9n\u00e9it\u00e9 stylistique, \u00e0 l\u2019exception du sommet du clocher reconstruit \u00e0 la fin du Moyen-\u00e2ge, que l\u2019on peut consid\u00e9rer cette \u00e9glise comme un des plus beaux exemples du roman saintongeais.<\/span><\/p>\n<p>[\/et_pb_text][\/et_pb_column][\/et_pb_row][et_pb_row column_structure=\u00a0\u00bb1_3,1_3,1_3&Prime; _builder_version=\u00a0\u00bb4.21.0&Prime; _module_preset=\u00a0\u00bbdefault\u00a0\u00bb global_colors_info=\u00a0\u00bb{}\u00a0\u00bb theme_builder_area=\u00a0\u00bbpost_content\u00a0\u00bb][et_pb_column type=\u00a0\u00bb1_3&Prime; _builder_version=\u00a0\u00bb4.21.0&Prime; _module_preset=\u00a0\u00bbdefault\u00a0\u00bb global_colors_info=\u00a0\u00bb{}\u00a0\u00bb theme_builder_area=\u00a0\u00bbpost_content\u00a0\u00bb][et_pb_image src=\u00a0\u00bbhttps:\/\/catholiques17.fr\/pontlabbesaintporchaire\/wp-content\/uploads\/sites\/38\/2023\/12\/Geay-2.jpeg\u00a0\u00bb title_text=\u00a0\u00bbGeay 2&Prime; url=\u00a0\u00bbhttps:\/\/catholiques17.fr\/pontlabbesaintporchaire\/wp-content\/uploads\/sites\/38\/2023\/12\/Geay-2.jpeg\u00a0\u00bb align=\u00a0\u00bbcenter\u00a0\u00bb _builder_version=\u00a0\u00bb4.21.0&Prime; _module_preset=\u00a0\u00bbdefault\u00a0\u00bb animation_style=\u00a0\u00bbslide\u00a0\u00bb hover_enabled=\u00a0\u00bb0&Prime; border_radii=\u00a0\u00bboff|20px||20px|\u00a0\u00bb global_colors_info=\u00a0\u00bb{}\u00a0\u00bb theme_builder_area=\u00a0\u00bbpost_content\u00a0\u00bb url_new_window=\u00a0\u00bbon\u00a0\u00bb sticky_enabled=\u00a0\u00bb0&Prime;][\/et_pb_image][\/et_pb_column][et_pb_column type=\u00a0\u00bb1_3&Prime; _builder_version=\u00a0\u00bb4.21.0&Prime; _module_preset=\u00a0\u00bbdefault\u00a0\u00bb global_colors_info=\u00a0\u00bb{}\u00a0\u00bb theme_builder_area=\u00a0\u00bbpost_content\u00a0\u00bb][et_pb_image src=\u00a0\u00bbhttps:\/\/catholiques17.fr\/pontlabbesaintporchaire\/wp-content\/uploads\/sites\/38\/2023\/12\/Geay-3.jpeg\u00a0\u00bb title_text=\u00a0\u00bbGeay 3&Prime; url=\u00a0\u00bbhttps:\/\/catholiques17.fr\/pontlabbesaintporchaire\/wp-content\/uploads\/sites\/38\/2023\/12\/Geay-3.jpeg\u00a0\u00bb align=\u00a0\u00bbcenter\u00a0\u00bb _builder_version=\u00a0\u00bb4.21.0&Prime; _module_preset=\u00a0\u00bbdefault\u00a0\u00bb animation_style=\u00a0\u00bbslide\u00a0\u00bb hover_enabled=\u00a0\u00bb0&Prime; border_radii=\u00a0\u00bboff|20px||20px|\u00a0\u00bb global_colors_info=\u00a0\u00bb{}\u00a0\u00bb theme_builder_area=\u00a0\u00bbpost_content\u00a0\u00bb url_new_window=\u00a0\u00bbon\u00a0\u00bb sticky_enabled=\u00a0\u00bb0&Prime;][\/et_pb_image][\/et_pb_column][et_pb_column type=\u00a0\u00bb1_3&Prime; _builder_version=\u00a0\u00bb4.21.0&Prime; _module_preset=\u00a0\u00bbdefault\u00a0\u00bb global_colors_info=\u00a0\u00bb{}\u00a0\u00bb theme_builder_area=\u00a0\u00bbpost_content\u00a0\u00bb][et_pb_image src=\u00a0\u00bbhttps:\/\/catholiques17.fr\/pontlabbesaintporchaire\/wp-content\/uploads\/sites\/38\/2023\/12\/Geay-4.jpeg\u00a0\u00bb title_text=\u00a0\u00bbGeay 4&Prime; url=\u00a0\u00bbhttps:\/\/catholiques17.fr\/pontlabbesaintporchaire\/wp-content\/uploads\/sites\/38\/2023\/12\/Geay-4.jpeg\u00a0\u00bb align=\u00a0\u00bbcenter\u00a0\u00bb _builder_version=\u00a0\u00bb4.21.0&Prime; _module_preset=\u00a0\u00bbdefault\u00a0\u00bb animation_style=\u00a0\u00bbslide\u00a0\u00bb hover_enabled=\u00a0\u00bb0&Prime; border_radii=\u00a0\u00bboff|20px||20px|\u00a0\u00bb global_colors_info=\u00a0\u00bb{}\u00a0\u00bb theme_builder_area=\u00a0\u00bbpost_content\u00a0\u00bb url_new_window=\u00a0\u00bbon\u00a0\u00bb sticky_enabled=\u00a0\u00bb0&Prime;][\/et_pb_image][\/et_pb_column][\/et_pb_row][\/et_pb_section]<\/p>\n","protected":false},"excerpt":{"rendered":"<p>Geay, \u00e9glise Notre-Dame de l\u2019Assomption. Geay \u00e9tait une cure d\u00e9pendant de l\u2019abbaye auvergnate de La Chaise-Dieu, d\u2019ob\u00e9dience\u00a0 b\u00e9n\u00e9dictine, mais marqu\u00e9e par une application tr\u00e8s aust\u00e8re de la r\u00e8gle. Cette sobri\u00e9t\u00e9 [&hellip;]<\/p>\n","protected":false},"author":4,"featured_media":0,"parent":9400,"menu_order":0,"comment_status":"closed","ping_status":"closed","template":"","meta":{"_et_pb_use_builder":"on","_et_pb_old_content":"<!-- wp:divi\/placeholder \/-->","_et_gb_content_width":"","footnotes":""},"class_list":["post-9372","page","type-page","status-publish","hentry"],"_links":{"self":[{"href":"https:\/\/catholiques17.fr\/pontlabbesaintporchaire\/wp-json\/wp\/v2\/pages\/9372","targetHints":{"allow":["GET"]}}],"collection":[{"href":"https:\/\/catholiques17.fr\/pontlabbesaintporchaire\/wp-json\/wp\/v2\/pages"}],"about":[{"href":"https:\/\/catholiques17.fr\/pontlabbesaintporchaire\/wp-json\/wp\/v2\/types\/page"}],"author":[{"embeddable":true,"href":"https:\/\/catholiques17.fr\/pontlabbesaintporchaire\/wp-json\/wp\/v2\/users\/4"}],"replies":[{"embeddable":true,"href":"https:\/\/catholiques17.fr\/pontlabbesaintporchaire\/wp-json\/wp\/v2\/comments?post=9372"}],"version-history":[{"count":4,"href":"https:\/\/catholiques17.fr\/pontlabbesaintporchaire\/wp-json\/wp\/v2\/pages\/9372\/revisions"}],"predecessor-version":[{"id":9803,"href":"https:\/\/catholiques17.fr\/pontlabbesaintporchaire\/wp-json\/wp\/v2\/pages\/9372\/revisions\/9803"}],"up":[{"embeddable":true,"href":"https:\/\/catholiques17.fr\/pontlabbesaintporchaire\/wp-json\/wp\/v2\/pages\/9400"}],"wp:attachment":[{"href":"https:\/\/catholiques17.fr\/pontlabbesaintporchaire\/wp-json\/wp\/v2\/media?parent=9372"}],"curies":[{"name":"wp","href":"https:\/\/api.w.org\/{rel}","templated":true}]}}

<p>[et_pb_section fb_built= »1&Prime; _builder_version= »4.21.0&Prime; _module_preset= »default » custom_padding= »1px||||| » global_colors_info= »{} » theme_builder_area= »post_content »][et_pb_row _builder_version= »4.21.0&Prime; _module_preset= »default » custom_padding= »8px||||| » global_colors_info= »{} » theme_builder_area= »post_content »][et_pb_column type= »4_4&Prime; _builder_version= »4.21.0&Prime; _module_preset= »default » global_colors_info= »{} » theme_builder_area= »post_content »][et_pb_image src= »https://catholiques17.fr/pontlabbesaintporchaire/wp-content/uploads/sites/38/2023/12/Geay.jpeg » title_text= »Geay » url= »https://catholiques17.fr/pontlabbesaintporchaire/wp-content/uploads/sites/38/2023/12/Geay.jpeg » align= »center » _builder_version= »4.21.0&Prime; _module_preset= »default » border_radii= »on|20px|20px|20px|20px » global_colors_info= »{} » theme_builder_area= »post_content »][/et_pb_image][/et_pb_column][/et_pb_row][et_pb_row _builder_version= »4.21.0&Prime; _module_preset= »default » global_colors_info= »{} » theme_builder_area= »post_content »][et_pb_column type= »4_4&Prime; _builder_version= »4.21.0&Prime; _module_preset= »default » global_colors_info= »{} » theme_builder_area= »post_content »][et_pb_text _builder_version= »4.21.0&Prime; _module_preset= »default » global_colors_info= »{} » theme_builder_area= »post_content »]</p>
<p><span>Geay, église Notre-Dame de l’Assomption.</span></p>
<p><span>Geay était une cure dépendant de l’abbaye auvergnate de La Chaise-Dieu, d’obédience  bénédictine, mais marquée par une application très austère de la règle. Cette sobriété a marqué l’architecture de l’église, dont le plan simple est cependant conforme aux modèles saintongeais. On peut comparer son profond chevet polygonal à trois registres d’arcatures superposées à ceux de Rétaud et Rioux dont il diffère cependant par une grande retenue et le raffinement de l’ornementation.</span><br /><span>La façade occidentale est, elle, d’une grande austérité, rythmée seulement par quatre hauts contreforts.</span><br /><span>C’est donc essentiellement pour la pureté de ses volumes et sa remarquable homogénéité stylistique, à l’exception du sommet du clocher reconstruit à la fin du Moyen-âge, que l’on peut considérer cette église comme un des plus beaux exemples du roman saintongeais.</span></p>
<p>[/et_pb_text][/et_pb_column][/et_pb_row][et_pb_row column_structure= »1_3,1_3,1_3&Prime; _builder_version= »4.21.0&Prime; _module_preset= »default » global_colors_info= »{} » theme_builder_area= »post_content »][et_pb_column type= »1_3&Prime; _builder_version= »4.21.0&Prime; _module_preset= »default » global_colors_info= »{} » theme_builder_area= »post_content »][et_pb_image src= »https://catholiques17.fr/pontlabbesaintporchaire/wp-content/uploads/sites/38/2023/12/Geay-2.jpeg » title_text= »Geay 2&Prime; url= »https://catholiques17.fr/pontlabbesaintporchaire/wp-content/uploads/sites/38/2023/12/Geay-2.jpeg » align= »center » _builder_version= »4.21.0&Prime; _module_preset= »default » animation_style= »slide » hover_enabled= »0&Prime; border_radii= »off|20px||20px| » global_colors_info= »{} » theme_builder_area= »post_content » url_new_window= »on » sticky_enabled= »0&Prime;][/et_pb_image][/et_pb_column][et_pb_column type= »1_3&Prime; _builder_version= »4.21.0&Prime; _module_preset= »default » global_colors_info= »{} » theme_builder_area= »post_content »][et_pb_image src= »https://catholiques17.fr/pontlabbesaintporchaire/wp-content/uploads/sites/38/2023/12/Geay-3.jpeg » title_text= »Geay 3&Prime; url= »https://catholiques17.fr/pontlabbesaintporchaire/wp-content/uploads/sites/38/2023/12/Geay-3.jpeg » align= »center » _builder_version= »4.21.0&Prime; _module_preset= »default » animation_style= »slide » hover_enabled= »0&Prime; border_radii= »off|20px||20px| » global_colors_info= »{} » theme_builder_area= »post_content » url_new_window= »on » sticky_enabled= »0&Prime;][/et_pb_image][/et_pb_column][et_pb_column type= »1_3&Prime; _builder_version= »4.21.0&Prime; _module_preset= »default » global_colors_info= »{} » theme_builder_area= »post_content »][et_pb_image src= »https://catholiques17.fr/pontlabbesaintporchaire/wp-content/uploads/sites/38/2023/12/Geay-4.jpeg » title_text= »Geay 4&Prime; url= »https://catholiques17.fr/pontlabbesaintporchaire/wp-content/uploads/sites/38/2023/12/Geay-4.jpeg » align= »center » _builder_version= »4.21.0&Prime; _module_preset= »default » animation_style= »slide » hover_enabled= »0&Prime; border_radii= »off|20px||20px| » global_colors_info= »{} » theme_builder_area= »post_content » url_new_window= »on » sticky_enabled= »0&Prime;][/et_pb_image][/et_pb_column][/et_pb_row][/et_pb_section]</p>

<p>Geay, église Notre-Dame de l’Assomption. Geay était une cure dépendant de l’abbaye auvergnate de La Chaise-Dieu, d’obédience  bénédictine, mais marquée par une application très austère de la règle. Cette sobriété [&hellip;]</p>
