{"id":9368,"date":"2023-12-08T15:04:33","date_gmt":"2023-12-08T14:04:33","guid":{"rendered":"https:\/\/catholiques17.fr\/pontlabbesaintporchaire\/?page_id=9368"},"modified":"2023-12-18T10:02:27","modified_gmt":"2023-12-18T09:02:27","slug":"port-denvaux","status":"publish","type":"page","link":"https:\/\/catholiques17.fr\/pontlabbesaintporchaire\/nos-clochers\/port-denvaux\/","title":{"rendered":"Port d&rsquo;Envaux"},"content":{"rendered":"<p>[et_pb_section fb_built=\u00a0\u00bb1&Prime; _builder_version=\u00a0\u00bb4.21.0&Prime; _module_preset=\u00a0\u00bbdefault\u00a0\u00bb custom_padding=\u00a0\u00bb1px|||||\u00a0\u00bb global_colors_info=\u00a0\u00bb{}\u00a0\u00bb theme_builder_area=\u00a0\u00bbpost_content\u00a0\u00bb][et_pb_row _builder_version=\u00a0\u00bb4.21.0&Prime; _module_preset=\u00a0\u00bbdefault\u00a0\u00bb custom_padding=\u00a0\u00bb8px|||||\u00a0\u00bb global_colors_info=\u00a0\u00bb{}\u00a0\u00bb theme_builder_area=\u00a0\u00bbpost_content\u00a0\u00bb][et_pb_column type=\u00a0\u00bb4_4&Prime; _builder_version=\u00a0\u00bb4.21.0&Prime; _module_preset=\u00a0\u00bbdefault\u00a0\u00bb global_colors_info=\u00a0\u00bb{}\u00a0\u00bb theme_builder_area=\u00a0\u00bbpost_content\u00a0\u00bb][et_pb_image src=\u00a0\u00bbhttps:\/\/catholiques17.fr\/pontlabbesaintporchaire\/wp-content\/uploads\/sites\/38\/2023\/12\/Port-dE.jpg\u00a0\u00bb title_text=\u00a0\u00bbPort d&rsquo;E\u00a0\u00bb url=\u00a0\u00bbhttps:\/\/catholiques17.fr\/pontlabbesaintporchaire\/wp-content\/uploads\/sites\/38\/2023\/12\/Geay.jpeg\u00a0\u00bb align=\u00a0\u00bbcenter\u00a0\u00bb _builder_version=\u00a0\u00bb4.21.0&Prime; _module_preset=\u00a0\u00bbdefault\u00a0\u00bb border_radii=\u00a0\u00bbon|20px|20px|20px|20px\u00a0\u00bb global_colors_info=\u00a0\u00bb{}\u00a0\u00bb theme_builder_area=\u00a0\u00bbpost_content\u00a0\u00bb][\/et_pb_image][\/et_pb_column][\/et_pb_row][et_pb_row _builder_version=\u00a0\u00bb4.21.0&Prime; _module_preset=\u00a0\u00bbdefault\u00a0\u00bb global_colors_info=\u00a0\u00bb{}\u00a0\u00bb theme_builder_area=\u00a0\u00bbpost_content\u00a0\u00bb][et_pb_column type=\u00a0\u00bb4_4&Prime; _builder_version=\u00a0\u00bb4.21.0&Prime; _module_preset=\u00a0\u00bbdefault\u00a0\u00bb global_colors_info=\u00a0\u00bb{}\u00a0\u00bb theme_builder_area=\u00a0\u00bbpost_content\u00a0\u00bb][et_pb_text _builder_version=\u00a0\u00bb4.21.0&Prime; _module_preset=\u00a0\u00bbdefault\u00a0\u00bb hover_enabled=\u00a0\u00bb0&Prime; global_colors_info=\u00a0\u00bb{}\u00a0\u00bb theme_builder_area=\u00a0\u00bbpost_content\u00a0\u00bb sticky_enabled=\u00a0\u00bb0&Prime;]<\/p>\n<p>Port d\u2019Envaux, \u00e9glise Saint-Saturnin-de-S\u00e9chaud.<\/p>\n<p>Un \u00abmus\u00e9e\u00bb d\u2019art religieux du XIXe si\u00e8cle dans un \u00e9crin m\u00e9di\u00e9val.<\/p>\n<p>&nbsp;<\/p>\n<p><span class=\"cyan gras\">L\u2019\u00e9difice<\/span> forme aujourd\u2019hui une croix latine dont les bras se trouvent dilat\u00e9s en largeur par l\u2019adjonction sur leur flanc oriental de chapelles rectangulaires, qui ont peut-\u00eatre remplac\u00e9 des <span class=\"bordure-pointillee\">absidioles<\/span>. Le ch\u0153ur est constitu\u00e9 d\u2019une longue trac\u00e9e droite que termine une <span class=\"bordure-pointillee\">abside<\/span>. Ce plan est peu de choses comparativement \u00e0 l\u2019\u00e9glise romane initiale, dont il subsiste en \u00e9l\u00e9vation la partie orientale du transept, ch\u0153ur et <span class=\"bordure-pointillee\">abside<\/span>, tr\u00e8s remani\u00e9e.<\/p>\n<p><span class=\"cyan gras\">Les piliers<\/span> romans de la crois\u00e9e pourraient \u00eatre des t\u00e9moins, \u00a0par leur implantation et par le d\u00e9cor de leurs chapiteaux, d\u2019un premier \u00e9tat de l&rsquo;\u00e9glise, datable de la fin du XIe ou du d\u00e9but du XIIe si\u00e8cle. En effet, le r\u00e9tr\u00e9cissement qui s&rsquo;op\u00e8re \u00e0 la crois\u00e9e, en raison du calibrage de la trav\u00e9e sous clocher, laisse penser que l\u2019on a affaire \u00e0 la prudente implantation d\u2019un clocher, dans la phase encore h\u00e9sitante de l\u2019architecture romane, peut-\u00eatre \u00e0 partir d\u2019un \u00e9difice plus ancien qui ne poss\u00e9dait pas de clocher, mais dont il ne subsistait rien. Un tel ph\u00e9nom\u00e8ne s&rsquo;observe en d\u2019autres lieux, comme par exemple \u00e0 Blanzac, en Charente, o\u00f9 l&rsquo;on a conserv\u00e9 un clocher du d\u00e9but du XIIe si\u00e8cle \u00e0 la crois\u00e9e du transept, tandis que tout le reste de l\u2019\u00e9difice a \u00e9t\u00e9 reconstruit autour en plusieurs campagnes.<\/p>\n<p><span class=\"cyan gras\">Les chapiteaux<\/span> de cette crois\u00e9e, qui ont sans doute \u00e9t\u00e9 refaits lors des travaux de la fin du XIXe si\u00e8cle, pr\u00e9sentent toutefois un caract\u00e8re trop sp\u00e9cifique pour que l\u2019on ne songe pas \u00e0 de v\u00e9ritables (copies) sur des mod\u00e8les anciens.<br \/><span class=\"cyan gras\">On retiendra<\/span> que sous les trompes de l\u2019ancienne coupole qui, elle, a \u00e9t\u00e9 remani\u00e9e au XVe si\u00e8cle, on observe de petit d\u00e9cors en dents de scies.<\/p>\n<p>La trav\u00e9e droite du ch\u0153ur a \u00e9t\u00e9 mutil\u00e9e lors de l&rsquo;ouverture des chapelles quadrangulaires plac\u00e9es \u00e0 l&rsquo;est du transept, et qui ont \u00e9t\u00e9 reli\u00e9es au ch\u0153ur par des grands arcs ; au-dessus du passage de la chapelle sud, on voit encore une ancienne fen\u00eatre romane qui \u00e9clairait le ch\u0153ur. Elle est partiellement amput\u00e9e mais le haut en a \u00e9t\u00e9 pr\u00e9serv\u00e9, ce qui permet d&rsquo;identifier un type de baie de petite dimension, couronn\u00e9e d&rsquo;un linteau monolithe en forme d&rsquo;arc portant un d\u00e9cor g\u00e9om\u00e9trique, selon une formule qui \u00e9tait en vigueur au XIe et au d\u00e9but du XIIe si\u00e8cle. C&rsquo;est sur ce petit linteau que l&rsquo;on retrouve un d\u00e9cor de dents de scie comparable \u00e0 celui des trompes de la crois\u00e9e du transept.<\/p>\n<p><span class=\"cyan gras\">La partie<\/span> la plus orientale de l\u2019ancien chevet, plus lisible \u00e0 l\u2019ext\u00e9rieur qu&rsquo;\u00e0 l\u2019int\u00e9rieur, ne reprend pas les caract\u00e9ristiques de cette premi\u00e8re trav\u00e9e. La fen\u00eatre de la deuxi\u00e8me trav\u00e9e a \u00e9t\u00e9 remani\u00e9e \u00e0 l&rsquo;\u00e9poque moderne et ne se pr\u00eate donc plus \u00e0 la comparaison. Par contre les cinq baies de l&rsquo; <span class=\"bordure-pointillee\">abside<\/span>, dont trois ont \u00e9t\u00e9 bouch\u00e9es, se r\u00e9v\u00e8lent d&rsquo;une autre facture. On y retrouve certes, les motifs en dents de scie, mais sur de grands arcs englobant des ouvertures plus larges et retombant sur des colonnettes.<br \/><span class=\"cyan gras\">On peut<\/span> donc estimer que l&rsquo;ensemble des vestiges romans actuellement visibles, dont les bras du transept font \u00e9galement partie, m\u00eame s&rsquo;ils ont \u00e9t\u00e9 eux aussi tr\u00e8s remani\u00e9s, remonte aux premi\u00e8res d\u00e9cennies du XIIe si\u00e8cle. Si une \u00e9glise ant\u00e9rieure a exist\u00e9, il n\u2019en reste rien.<\/p>\n<p>Le clocher, qui contribue de fa\u00e7on notable \u00e0 la silhouette de l&rsquo;\u00e9difice, a conserv\u00e9 de la construction romane le registre inf\u00e9rieur de son \u00e9l\u00e9vation, rythm\u00e9 de simples arcades aveugles. Par contre, sa partie sup\u00e9rieure, avec ses baies trilob\u00e9es, a \u00e9t\u00e9 reprise \u00e0 la fin du Moyen Age, ou peut-\u00eatre m\u00eame au XVIIe si\u00e8cle, mais dans un style gothique.<\/p>\n<p>[\/et_pb_text][\/et_pb_column][\/et_pb_row][et_pb_row column_structure=\u00a0\u00bb1_3,1_3,1_3&Prime; _builder_version=\u00a0\u00bb4.21.0&Prime; _module_preset=\u00a0\u00bbdefault\u00a0\u00bb global_colors_info=\u00a0\u00bb{}\u00a0\u00bb theme_builder_area=\u00a0\u00bbpost_content\u00a0\u00bb][et_pb_column type=\u00a0\u00bb1_3&Prime; _builder_version=\u00a0\u00bb4.21.0&Prime; _module_preset=\u00a0\u00bbdefault\u00a0\u00bb global_colors_info=\u00a0\u00bb{}\u00a0\u00bb theme_builder_area=\u00a0\u00bbpost_content\u00a0\u00bb][et_pb_image src=\u00a0\u00bbhttps:\/\/catholiques17.fr\/pontlabbesaintporchaire\/wp-content\/uploads\/sites\/38\/2023\/12\/Port-dE2.jpg\u00a0\u00bb title_text=\u00a0\u00bbPort d&rsquo;E2&Prime; url=\u00a0\u00bbhttps:\/\/catholiques17.fr\/pontlabbesaintporchaire\/wp-content\/uploads\/sites\/38\/2023\/12\/Port-dE2.jpg\u00a0\u00bb align=\u00a0\u00bbcenter\u00a0\u00bb _builder_version=\u00a0\u00bb4.21.0&Prime; _module_preset=\u00a0\u00bbdefault\u00a0\u00bb animation_style=\u00a0\u00bbslide\u00a0\u00bb border_radii=\u00a0\u00bboff|20px||20px|\u00a0\u00bb global_colors_info=\u00a0\u00bb{}\u00a0\u00bb theme_builder_area=\u00a0\u00bbpost_content\u00a0\u00bb][\/et_pb_image][\/et_pb_column][et_pb_column type=\u00a0\u00bb1_3&Prime; _builder_version=\u00a0\u00bb4.21.0&Prime; _module_preset=\u00a0\u00bbdefault\u00a0\u00bb global_colors_info=\u00a0\u00bb{}\u00a0\u00bb theme_builder_area=\u00a0\u00bbpost_content\u00a0\u00bb][et_pb_image src=\u00a0\u00bbhttps:\/\/catholiques17.fr\/pontlabbesaintporchaire\/wp-content\/uploads\/sites\/38\/2023\/12\/Port-dE4.jpg\u00a0\u00bb title_text=\u00a0\u00bbPort d&rsquo;E4&Prime; url=\u00a0\u00bbhttps:\/\/catholiques17.fr\/pontlabbesaintporchaire\/wp-content\/uploads\/sites\/38\/2023\/12\/Port-dE4.jpg\u00a0\u00bb align=\u00a0\u00bbcenter\u00a0\u00bb _builder_version=\u00a0\u00bb4.21.0&Prime; _module_preset=\u00a0\u00bbdefault\u00a0\u00bb animation_style=\u00a0\u00bbslide\u00a0\u00bb border_radii=\u00a0\u00bboff|20px||20px|\u00a0\u00bb global_colors_info=\u00a0\u00bb{}\u00a0\u00bb theme_builder_area=\u00a0\u00bbpost_content\u00a0\u00bb][\/et_pb_image][\/et_pb_column][et_pb_column type=\u00a0\u00bb1_3&Prime; _builder_version=\u00a0\u00bb4.21.0&Prime; _module_preset=\u00a0\u00bbdefault\u00a0\u00bb global_colors_info=\u00a0\u00bb{}\u00a0\u00bb theme_builder_area=\u00a0\u00bbpost_content\u00a0\u00bb][et_pb_image src=\u00a0\u00bbhttps:\/\/catholiques17.fr\/pontlabbesaintporchaire\/wp-content\/uploads\/sites\/38\/2023\/12\/Port-dE3.jpg\u00a0\u00bb title_text=\u00a0\u00bbPort d&rsquo;E3&Prime; url=\u00a0\u00bbhttps:\/\/catholiques17.fr\/pontlabbesaintporchaire\/wp-content\/uploads\/sites\/38\/2023\/12\/Port-dE3.jpg\u00a0\u00bb align=\u00a0\u00bbcenter\u00a0\u00bb _builder_version=\u00a0\u00bb4.21.0&Prime; _module_preset=\u00a0\u00bbdefault\u00a0\u00bb animation_style=\u00a0\u00bbslide\u00a0\u00bb border_radii=\u00a0\u00bboff|20px||20px|\u00a0\u00bb global_colors_info=\u00a0\u00bb{}\u00a0\u00bb theme_builder_area=\u00a0\u00bbpost_content\u00a0\u00bb][\/et_pb_image][\/et_pb_column][\/et_pb_row][\/et_pb_section]<\/p>\n","protected":false},"excerpt":{"rendered":"<p>Port d\u2019Envaux, \u00e9glise Saint-Saturnin-de-S\u00e9chaud. Un \u00abmus\u00e9e\u00bb d\u2019art religieux du XIXe si\u00e8cle dans un \u00e9crin m\u00e9di\u00e9val. &nbsp; L\u2019\u00e9difice forme aujourd\u2019hui une croix latine dont les bras se trouvent dilat\u00e9s en largeur [&hellip;]<\/p>\n","protected":false},"author":4,"featured_media":0,"parent":9400,"menu_order":0,"comment_status":"closed","ping_status":"closed","template":"","meta":{"_et_pb_use_builder":"on","_et_pb_old_content":"<!-- wp:divi\/placeholder \/-->","_et_gb_content_width":"","footnotes":""},"class_list":["post-9368","page","type-page","status-publish","hentry"],"_links":{"self":[{"href":"https:\/\/catholiques17.fr\/pontlabbesaintporchaire\/wp-json\/wp\/v2\/pages\/9368","targetHints":{"allow":["GET"]}}],"collection":[{"href":"https:\/\/catholiques17.fr\/pontlabbesaintporchaire\/wp-json\/wp\/v2\/pages"}],"about":[{"href":"https:\/\/catholiques17.fr\/pontlabbesaintporchaire\/wp-json\/wp\/v2\/types\/page"}],"author":[{"embeddable":true,"href":"https:\/\/catholiques17.fr\/pontlabbesaintporchaire\/wp-json\/wp\/v2\/users\/4"}],"replies":[{"embeddable":true,"href":"https:\/\/catholiques17.fr\/pontlabbesaintporchaire\/wp-json\/wp\/v2\/comments?post=9368"}],"version-history":[{"count":4,"href":"https:\/\/catholiques17.fr\/pontlabbesaintporchaire\/wp-json\/wp\/v2\/pages\/9368\/revisions"}],"predecessor-version":[{"id":9737,"href":"https:\/\/catholiques17.fr\/pontlabbesaintporchaire\/wp-json\/wp\/v2\/pages\/9368\/revisions\/9737"}],"up":[{"embeddable":true,"href":"https:\/\/catholiques17.fr\/pontlabbesaintporchaire\/wp-json\/wp\/v2\/pages\/9400"}],"wp:attachment":[{"href":"https:\/\/catholiques17.fr\/pontlabbesaintporchaire\/wp-json\/wp\/v2\/media?parent=9368"}],"curies":[{"name":"wp","href":"https:\/\/api.w.org\/{rel}","templated":true}]}}

<p>[et_pb_section fb_built= »1&Prime; _builder_version= »4.21.0&Prime; _module_preset= »default » custom_padding= »1px||||| » global_colors_info= »{} » theme_builder_area= »post_content »][et_pb_row _builder_version= »4.21.0&Prime; _module_preset= »default » custom_padding= »8px||||| » global_colors_info= »{} » theme_builder_area= »post_content »][et_pb_column type= »4_4&Prime; _builder_version= »4.21.0&Prime; _module_preset= »default » global_colors_info= »{} » theme_builder_area= »post_content »][et_pb_image src= »https://catholiques17.fr/pontlabbesaintporchaire/wp-content/uploads/sites/38/2023/12/Port-dE.jpg » title_text= »Port d&rsquo;E » url= »https://catholiques17.fr/pontlabbesaintporchaire/wp-content/uploads/sites/38/2023/12/Geay.jpeg » align= »center » _builder_version= »4.21.0&Prime; _module_preset= »default » border_radii= »on|20px|20px|20px|20px » global_colors_info= »{} » theme_builder_area= »post_content »][/et_pb_image][/et_pb_column][/et_pb_row][et_pb_row _builder_version= »4.21.0&Prime; _module_preset= »default » global_colors_info= »{} » theme_builder_area= »post_content »][et_pb_column type= »4_4&Prime; _builder_version= »4.21.0&Prime; _module_preset= »default » global_colors_info= »{} » theme_builder_area= »post_content »][et_pb_text _builder_version= »4.21.0&Prime; _module_preset= »default » hover_enabled= »0&Prime; global_colors_info= »{} » theme_builder_area= »post_content » sticky_enabled= »0&Prime;]</p>
<p>Port d’Envaux, église Saint-Saturnin-de-Séchaud.</p>
<p>Un «musée» d’art religieux du XIXe siècle dans un écrin médiéval.</p>
<p>&nbsp;</p>
<p><span class="cyan gras">L’édifice</span> forme aujourd’hui une croix latine dont les bras se trouvent dilatés en largeur par l’adjonction sur leur flanc oriental de chapelles rectangulaires, qui ont peut-être remplacé des <span class="bordure-pointillee">absidioles</span>. Le chœur est constitué d’une longue tracée droite que termine une <span class="bordure-pointillee">abside</span>. Ce plan est peu de choses comparativement à l’église romane initiale, dont il subsiste en élévation la partie orientale du transept, chœur et <span class="bordure-pointillee">abside</span>, très remaniée.</p>
<p><span class="cyan gras">Les piliers</span> romans de la croisée pourraient être des témoins,  par leur implantation et par le décor de leurs chapiteaux, d’un premier état de l&rsquo;église, datable de la fin du XIe ou du début du XIIe siècle. En effet, le rétrécissement qui s&rsquo;opère à la croisée, en raison du calibrage de la travée sous clocher, laisse penser que l’on a affaire à la prudente implantation d’un clocher, dans la phase encore hésitante de l’architecture romane, peut-être à partir d’un édifice plus ancien qui ne possédait pas de clocher, mais dont il ne subsistait rien. Un tel phénomène s&rsquo;observe en d’autres lieux, comme par exemple à Blanzac, en Charente, où l&rsquo;on a conservé un clocher du début du XIIe siècle à la croisée du transept, tandis que tout le reste de l’édifice a été reconstruit autour en plusieurs campagnes.</p>
<p><span class="cyan gras">Les chapiteaux</span> de cette croisée, qui ont sans doute été refaits lors des travaux de la fin du XIXe siècle, présentent toutefois un caractère trop spécifique pour que l’on ne songe pas à de véritables (copies) sur des modèles anciens.<br /><span class="cyan gras">On retiendra</span> que sous les trompes de l’ancienne coupole qui, elle, a été remaniée au XVe siècle, on observe de petit décors en dents de scies.</p>
<p>La travée droite du chœur a été mutilée lors de l&rsquo;ouverture des chapelles quadrangulaires placées à l&rsquo;est du transept, et qui ont été reliées au chœur par des grands arcs ; au-dessus du passage de la chapelle sud, on voit encore une ancienne fenêtre romane qui éclairait le chœur. Elle est partiellement amputée mais le haut en a été préservé, ce qui permet d&rsquo;identifier un type de baie de petite dimension, couronnée d&rsquo;un linteau monolithe en forme d&rsquo;arc portant un décor géométrique, selon une formule qui était en vigueur au XIe et au début du XIIe siècle. C&rsquo;est sur ce petit linteau que l&rsquo;on retrouve un décor de dents de scie comparable à celui des trompes de la croisée du transept.</p>
<p><span class="cyan gras">La partie</span> la plus orientale de l’ancien chevet, plus lisible à l’extérieur qu&rsquo;à l’intérieur, ne reprend pas les caractéristiques de cette première travée. La fenêtre de la deuxième travée a été remaniée à l&rsquo;époque moderne et ne se prête donc plus à la comparaison. Par contre les cinq baies de l&rsquo; <span class="bordure-pointillee">abside</span>, dont trois ont été bouchées, se révèlent d&rsquo;une autre facture. On y retrouve certes, les motifs en dents de scie, mais sur de grands arcs englobant des ouvertures plus larges et retombant sur des colonnettes.<br /><span class="cyan gras">On peut</span> donc estimer que l&rsquo;ensemble des vestiges romans actuellement visibles, dont les bras du transept font également partie, même s&rsquo;ils ont été eux aussi très remaniés, remonte aux premières décennies du XIIe siècle. Si une église antérieure a existé, il n’en reste rien.</p>
<p>Le clocher, qui contribue de façon notable à la silhouette de l&rsquo;édifice, a conservé de la construction romane le registre inférieur de son élévation, rythmé de simples arcades aveugles. Par contre, sa partie supérieure, avec ses baies trilobées, a été reprise à la fin du Moyen Age, ou peut-être même au XVIIe siècle, mais dans un style gothique.</p>
<p>[/et_pb_text][/et_pb_column][/et_pb_row][et_pb_row column_structure= »1_3,1_3,1_3&Prime; _builder_version= »4.21.0&Prime; _module_preset= »default » global_colors_info= »{} » theme_builder_area= »post_content »][et_pb_column type= »1_3&Prime; _builder_version= »4.21.0&Prime; _module_preset= »default » global_colors_info= »{} » theme_builder_area= »post_content »][et_pb_image src= »https://catholiques17.fr/pontlabbesaintporchaire/wp-content/uploads/sites/38/2023/12/Port-dE2.jpg » title_text= »Port d&rsquo;E2&Prime; url= »https://catholiques17.fr/pontlabbesaintporchaire/wp-content/uploads/sites/38/2023/12/Port-dE2.jpg » align= »center » _builder_version= »4.21.0&Prime; _module_preset= »default » animation_style= »slide » border_radii= »off|20px||20px| » global_colors_info= »{} » theme_builder_area= »post_content »][/et_pb_image][/et_pb_column][et_pb_column type= »1_3&Prime; _builder_version= »4.21.0&Prime; _module_preset= »default » global_colors_info= »{} » theme_builder_area= »post_content »][et_pb_image src= »https://catholiques17.fr/pontlabbesaintporchaire/wp-content/uploads/sites/38/2023/12/Port-dE4.jpg » title_text= »Port d&rsquo;E4&Prime; url= »https://catholiques17.fr/pontlabbesaintporchaire/wp-content/uploads/sites/38/2023/12/Port-dE4.jpg » align= »center » _builder_version= »4.21.0&Prime; _module_preset= »default » animation_style= »slide » border_radii= »off|20px||20px| » global_colors_info= »{} » theme_builder_area= »post_content »][/et_pb_image][/et_pb_column][et_pb_column type= »1_3&Prime; _builder_version= »4.21.0&Prime; _module_preset= »default » global_colors_info= »{} » theme_builder_area= »post_content »][et_pb_image src= »https://catholiques17.fr/pontlabbesaintporchaire/wp-content/uploads/sites/38/2023/12/Port-dE3.jpg » title_text= »Port d&rsquo;E3&Prime; url= »https://catholiques17.fr/pontlabbesaintporchaire/wp-content/uploads/sites/38/2023/12/Port-dE3.jpg » align= »center » _builder_version= »4.21.0&Prime; _module_preset= »default » animation_style= »slide » border_radii= »off|20px||20px| » global_colors_info= »{} » theme_builder_area= »post_content »][/et_pb_image][/et_pb_column][/et_pb_row][/et_pb_section]</p>

<p>Port d’Envaux, église Saint-Saturnin-de-Séchaud. Un «musée» d’art religieux du XIXe siècle dans un écrin médiéval. &nbsp; L’édifice forme aujourd’hui une croix latine dont les bras se trouvent dilatés en largeur [&hellip;]</p>
