{"id":9366,"date":"2023-12-08T15:04:08","date_gmt":"2023-12-08T14:04:08","guid":{"rendered":"https:\/\/catholiques17.fr\/pontlabbesaintporchaire\/?page_id=9366"},"modified":"2023-12-19T11:25:36","modified_gmt":"2023-12-19T10:25:36","slug":"plassay","status":"publish","type":"page","link":"https:\/\/catholiques17.fr\/pontlabbesaintporchaire\/nos-clochers\/plassay\/","title":{"rendered":"Plassay"},"content":{"rendered":"<p>[et_pb_section fb_built=\u00a0\u00bb1&Prime; _builder_version=\u00a0\u00bb4.21.0&Prime; _module_preset=\u00a0\u00bbdefault\u00a0\u00bb custom_padding=\u00a0\u00bb1px|||||\u00a0\u00bb global_colors_info=\u00a0\u00bb{}\u00a0\u00bb theme_builder_area=\u00a0\u00bbpost_content\u00a0\u00bb][et_pb_row _builder_version=\u00a0\u00bb4.21.0&Prime; _module_preset=\u00a0\u00bbdefault\u00a0\u00bb custom_padding=\u00a0\u00bb8px|||||\u00a0\u00bb global_colors_info=\u00a0\u00bb{}\u00a0\u00bb theme_builder_area=\u00a0\u00bbpost_content\u00a0\u00bb][et_pb_column type=\u00a0\u00bb4_4&Prime; _builder_version=\u00a0\u00bb4.21.0&Prime; _module_preset=\u00a0\u00bbdefault\u00a0\u00bb global_colors_info=\u00a0\u00bb{}\u00a0\u00bb theme_builder_area=\u00a0\u00bbpost_content\u00a0\u00bb][et_pb_image src=\u00a0\u00bbhttps:\/\/catholiques17.fr\/pontlabbesaintporchaire\/wp-content\/uploads\/sites\/38\/2023\/12\/Plassay.jpg\u00a0\u00bb title_text=\u00a0\u00bbPlassay\u00a0\u00bb url=\u00a0\u00bbhttps:\/\/catholiques17.fr\/pontlabbesaintporchaire\/wp-content\/uploads\/sites\/38\/2023\/12\/Geay.jpeg\u00a0\u00bb align=\u00a0\u00bbcenter\u00a0\u00bb _builder_version=\u00a0\u00bb4.21.0&Prime; _module_preset=\u00a0\u00bbdefault\u00a0\u00bb border_radii=\u00a0\u00bbon|20px|20px|20px|20px\u00a0\u00bb global_colors_info=\u00a0\u00bb{}\u00a0\u00bb theme_builder_area=\u00a0\u00bbpost_content\u00a0\u00bb][\/et_pb_image][\/et_pb_column][\/et_pb_row][et_pb_row _builder_version=\u00a0\u00bb4.21.0&Prime; _module_preset=\u00a0\u00bbdefault\u00a0\u00bb global_colors_info=\u00a0\u00bb{}\u00a0\u00bb theme_builder_area=\u00a0\u00bbpost_content\u00a0\u00bb][et_pb_column type=\u00a0\u00bb4_4&Prime; _builder_version=\u00a0\u00bb4.21.0&Prime; _module_preset=\u00a0\u00bbdefault\u00a0\u00bb global_colors_info=\u00a0\u00bb{}\u00a0\u00bb theme_builder_area=\u00a0\u00bbpost_content\u00a0\u00bb][et_pb_text _builder_version=\u00a0\u00bb4.21.0&Prime; _module_preset=\u00a0\u00bbdefault\u00a0\u00bb global_colors_info=\u00a0\u00bb{}\u00a0\u00bb theme_builder_area=\u00a0\u00bbpost_content\u00a0\u00bb]<\/p>\n<p><span>Plassay, \u00e9glise Saint-Blaise et Notre-Dame.<\/span><\/p>\n<p><span>L\u2019\u00e9glise Saint-Blaise et Notre-Dame (XIIe, XVe et XIXe si\u00e8cles).<\/span><br \/><span>La construction de cet \u00e9difice remonte au XIIe si\u00e8cle.<\/span><br \/><span>A l\u2019int\u00e9rieur, l\u2019\u00a0<\/span><span class=\"bordure-pointillee\"><a target=\"_blank\" href=\"http:\/\/ch.lerolle.free.fr\/eglises17\/lexique.php#:~:text=abside\" rel=\"noopener\">abside<\/a><\/span><span>\u00a0romane est orn\u00e9e de beaux chapiteaux sculpt\u00e9s. Le clocher est une belle fl\u00e8che de pierre du XVe si\u00e8cle avec au sommet un aigle en pierre. Les douze vitraux de l\u2019\u00e9glise, dont certains \u00e9voquent les deux Guerres mondiales, constituent un ensemble original.<\/span><br \/><span>L&rsquo;activit\u00e9 dominante de Plassay fut longtemps l&rsquo;extraction de la pierre dite de \u00a0\u00bb Crazannes\u00a0\u00bb : C&rsquo;est \u00e0 Crazannes, port sur la Charente, que les blocs de pierre \u00e9taient embarqu\u00e9s sur des gabares et des sloops, \u00e0 destination des ports d&rsquo;Europe et d&rsquo;Am\u00e9rique. L&rsquo;exploitation des carri\u00e8res remonte \u00e0 l&rsquo;occupation romaine: A Saintes, l&rsquo;Arc de Germanicus est b\u00e2ti en pierre de Crazannes. Appr\u00e9ci\u00e9e pour sa finesse et sa solidit\u00e9, elle servit \u00e0 l&rsquo;\u00e9dification de c\u00e9l\u00e8bres monuments: les quais de Londres, le socle de la statue de la Libert\u00e9 \u00e0 New- York, l&rsquo;Op\u00e9ra de Gand en Belgique, la fl\u00e8che de la cath\u00e9drale de Cologne en Allemagne. Dans notre r\u00e9gion ce sont notamment \u00a0Fort Boyard, le port de La Rochelle, le ch\u00e2teau de la Roche-Courbon, la fl\u00e8che de l&rsquo;\u00e9glise Saint-Eutrope \u00e0 Saintes. Le plein essor de la pierre de Crazannes se situe aux XVIIIe et XIXe si\u00e8cles.<\/span><br \/><span>Elle occupe alors une population nombreuse. L&rsquo;exploitation cessa apr\u00e8s la premi\u00e8re Guerre mondiale avec l&rsquo;apparition de nouveaux mat\u00e9riaux. Le paysage des carri\u00e8res abandonn\u00e9es est insolite: les gorges profondes tr\u00e8s d\u00e9coup\u00e9es, dont certaines atteignent vingt m\u00e8tres de haut, semblent des temples silencieux recouverts par les lierres, les mousses et les foug\u00e8res.<\/span><\/p>\n<p>[\/et_pb_text][\/et_pb_column][\/et_pb_row][et_pb_row column_structure=\u00a0\u00bb1_3,1_3,1_3&Prime; _builder_version=\u00a0\u00bb4.21.0&Prime; _module_preset=\u00a0\u00bbdefault\u00a0\u00bb global_colors_info=\u00a0\u00bb{}\u00a0\u00bb theme_builder_area=\u00a0\u00bbpost_content\u00a0\u00bb][et_pb_column type=\u00a0\u00bb1_3&Prime; _builder_version=\u00a0\u00bb4.21.0&Prime; _module_preset=\u00a0\u00bbdefault\u00a0\u00bb global_colors_info=\u00a0\u00bb{}\u00a0\u00bb theme_builder_area=\u00a0\u00bbpost_content\u00a0\u00bb][et_pb_image src=\u00a0\u00bbhttps:\/\/catholiques17.fr\/pontlabbesaintporchaire\/wp-content\/uploads\/sites\/38\/2023\/12\/Plassay2.jpg\u00a0\u00bb title_text=\u00a0\u00bbPlassay2&Prime; url=\u00a0\u00bbhttps:\/\/catholiques17.fr\/pontlabbesaintporchaire\/wp-content\/uploads\/sites\/38\/2023\/12\/Plassay2.jpg\u00a0\u00bb align=\u00a0\u00bbcenter\u00a0\u00bb _builder_version=\u00a0\u00bb4.21.0&Prime; _module_preset=\u00a0\u00bbdefault\u00a0\u00bb animation_style=\u00a0\u00bbslide\u00a0\u00bb hover_enabled=\u00a0\u00bb0&Prime; border_radii=\u00a0\u00bboff|20px||20px|\u00a0\u00bb global_colors_info=\u00a0\u00bb{}\u00a0\u00bb theme_builder_area=\u00a0\u00bbpost_content\u00a0\u00bb url_new_window=\u00a0\u00bbon\u00a0\u00bb sticky_enabled=\u00a0\u00bb0&Prime;][\/et_pb_image][\/et_pb_column][et_pb_column type=\u00a0\u00bb1_3&Prime; _builder_version=\u00a0\u00bb4.21.0&Prime; _module_preset=\u00a0\u00bbdefault\u00a0\u00bb global_colors_info=\u00a0\u00bb{}\u00a0\u00bb theme_builder_area=\u00a0\u00bbpost_content\u00a0\u00bb][et_pb_image src=\u00a0\u00bbhttps:\/\/catholiques17.fr\/pontlabbesaintporchaire\/wp-content\/uploads\/sites\/38\/2023\/12\/Plassay3.jpg\u00a0\u00bb title_text=\u00a0\u00bbPlassay3&Prime; url=\u00a0\u00bbhttps:\/\/catholiques17.fr\/pontlabbesaintporchaire\/wp-content\/uploads\/sites\/38\/2023\/12\/Plassay3.jpg\u00a0\u00bb align=\u00a0\u00bbcenter\u00a0\u00bb _builder_version=\u00a0\u00bb4.21.0&Prime; _module_preset=\u00a0\u00bbdefault\u00a0\u00bb animation_style=\u00a0\u00bbslide\u00a0\u00bb hover_enabled=\u00a0\u00bb0&Prime; border_radii=\u00a0\u00bboff|20px||20px|\u00a0\u00bb global_colors_info=\u00a0\u00bb{}\u00a0\u00bb theme_builder_area=\u00a0\u00bbpost_content\u00a0\u00bb url_new_window=\u00a0\u00bbon\u00a0\u00bb sticky_enabled=\u00a0\u00bb0&Prime;][\/et_pb_image][\/et_pb_column][et_pb_column type=\u00a0\u00bb1_3&Prime; _builder_version=\u00a0\u00bb4.21.0&Prime; _module_preset=\u00a0\u00bbdefault\u00a0\u00bb global_colors_info=\u00a0\u00bb{}\u00a0\u00bb theme_builder_area=\u00a0\u00bbpost_content\u00a0\u00bb][et_pb_image src=\u00a0\u00bbhttps:\/\/catholiques17.fr\/pontlabbesaintporchaire\/wp-content\/uploads\/sites\/38\/2023\/12\/Plassay4.jpg\u00a0\u00bb title_text=\u00a0\u00bbPlassay4&Prime; url=\u00a0\u00bbhttps:\/\/catholiques17.fr\/pontlabbesaintporchaire\/wp-content\/uploads\/sites\/38\/2023\/12\/Plassay4.jpg\u00a0\u00bb align=\u00a0\u00bbcenter\u00a0\u00bb _builder_version=\u00a0\u00bb4.21.0&Prime; _module_preset=\u00a0\u00bbdefault\u00a0\u00bb animation_style=\u00a0\u00bbslide\u00a0\u00bb hover_enabled=\u00a0\u00bb0&Prime; border_radii=\u00a0\u00bboff|20px||20px|\u00a0\u00bb global_colors_info=\u00a0\u00bb{}\u00a0\u00bb theme_builder_area=\u00a0\u00bbpost_content\u00a0\u00bb url_new_window=\u00a0\u00bbon\u00a0\u00bb sticky_enabled=\u00a0\u00bb0&Prime;][\/et_pb_image][\/et_pb_column][\/et_pb_row][\/et_pb_section]<\/p>\n","protected":false},"excerpt":{"rendered":"<p>Plassay, \u00e9glise Saint-Blaise et Notre-Dame. L\u2019\u00e9glise Saint-Blaise et Notre-Dame (XIIe, XVe et XIXe si\u00e8cles).La construction de cet \u00e9difice remonte au XIIe si\u00e8cle.A l\u2019int\u00e9rieur, l\u2019\u00a0abside\u00a0romane est orn\u00e9e de beaux chapiteaux sculpt\u00e9s. [&hellip;]<\/p>\n","protected":false},"author":4,"featured_media":0,"parent":9400,"menu_order":0,"comment_status":"closed","ping_status":"closed","template":"","meta":{"_et_pb_use_builder":"on","_et_pb_old_content":"<!-- wp:divi\/placeholder \/-->","_et_gb_content_width":"","footnotes":""},"class_list":["post-9366","page","type-page","status-publish","hentry"],"_links":{"self":[{"href":"https:\/\/catholiques17.fr\/pontlabbesaintporchaire\/wp-json\/wp\/v2\/pages\/9366","targetHints":{"allow":["GET"]}}],"collection":[{"href":"https:\/\/catholiques17.fr\/pontlabbesaintporchaire\/wp-json\/wp\/v2\/pages"}],"about":[{"href":"https:\/\/catholiques17.fr\/pontlabbesaintporchaire\/wp-json\/wp\/v2\/types\/page"}],"author":[{"embeddable":true,"href":"https:\/\/catholiques17.fr\/pontlabbesaintporchaire\/wp-json\/wp\/v2\/users\/4"}],"replies":[{"embeddable":true,"href":"https:\/\/catholiques17.fr\/pontlabbesaintporchaire\/wp-json\/wp\/v2\/comments?post=9366"}],"version-history":[{"count":4,"href":"https:\/\/catholiques17.fr\/pontlabbesaintporchaire\/wp-json\/wp\/v2\/pages\/9366\/revisions"}],"predecessor-version":[{"id":9806,"href":"https:\/\/catholiques17.fr\/pontlabbesaintporchaire\/wp-json\/wp\/v2\/pages\/9366\/revisions\/9806"}],"up":[{"embeddable":true,"href":"https:\/\/catholiques17.fr\/pontlabbesaintporchaire\/wp-json\/wp\/v2\/pages\/9400"}],"wp:attachment":[{"href":"https:\/\/catholiques17.fr\/pontlabbesaintporchaire\/wp-json\/wp\/v2\/media?parent=9366"}],"curies":[{"name":"wp","href":"https:\/\/api.w.org\/{rel}","templated":true}]}}

<p>[et_pb_section fb_built= »1&Prime; _builder_version= »4.21.0&Prime; _module_preset= »default » custom_padding= »1px||||| » global_colors_info= »{} » theme_builder_area= »post_content »][et_pb_row _builder_version= »4.21.0&Prime; _module_preset= »default » custom_padding= »8px||||| » global_colors_info= »{} » theme_builder_area= »post_content »][et_pb_column type= »4_4&Prime; _builder_version= »4.21.0&Prime; _module_preset= »default » global_colors_info= »{} » theme_builder_area= »post_content »][et_pb_image src= »https://catholiques17.fr/pontlabbesaintporchaire/wp-content/uploads/sites/38/2023/12/Plassay.jpg » title_text= »Plassay » url= »https://catholiques17.fr/pontlabbesaintporchaire/wp-content/uploads/sites/38/2023/12/Geay.jpeg » align= »center » _builder_version= »4.21.0&Prime; _module_preset= »default » border_radii= »on|20px|20px|20px|20px » global_colors_info= »{} » theme_builder_area= »post_content »][/et_pb_image][/et_pb_column][/et_pb_row][et_pb_row _builder_version= »4.21.0&Prime; _module_preset= »default » global_colors_info= »{} » theme_builder_area= »post_content »][et_pb_column type= »4_4&Prime; _builder_version= »4.21.0&Prime; _module_preset= »default » global_colors_info= »{} » theme_builder_area= »post_content »][et_pb_text _builder_version= »4.21.0&Prime; _module_preset= »default » global_colors_info= »{} » theme_builder_area= »post_content »]</p>
<p><span>Plassay, église Saint-Blaise et Notre-Dame.</span></p>
<p><span>L’église Saint-Blaise et Notre-Dame (XIIe, XVe et XIXe siècles).</span><br /><span>La construction de cet édifice remonte au XIIe siècle.</span><br /><span>A l’intérieur, l’ </span><span class="bordure-pointillee"><a target="_blank" href="http://ch.lerolle.free.fr/eglises17/lexique.php#:~:text=abside" rel="noopener">abside</a></span><span> romane est ornée de beaux chapiteaux sculptés. Le clocher est une belle flèche de pierre du XVe siècle avec au sommet un aigle en pierre. Les douze vitraux de l’église, dont certains évoquent les deux Guerres mondiales, constituent un ensemble original.</span><br /><span>L&rsquo;activité dominante de Plassay fut longtemps l&rsquo;extraction de la pierre dite de  » Crazannes » : C&rsquo;est à Crazannes, port sur la Charente, que les blocs de pierre étaient embarqués sur des gabares et des sloops, à destination des ports d&rsquo;Europe et d&rsquo;Amérique. L&rsquo;exploitation des carrières remonte à l&rsquo;occupation romaine: A Saintes, l&rsquo;Arc de Germanicus est bâti en pierre de Crazannes. Appréciée pour sa finesse et sa solidité, elle servit à l&rsquo;édification de célèbres monuments: les quais de Londres, le socle de la statue de la Liberté à New- York, l&rsquo;Opéra de Gand en Belgique, la flèche de la cathédrale de Cologne en Allemagne. Dans notre région ce sont notamment  Fort Boyard, le port de La Rochelle, le château de la Roche-Courbon, la flèche de l&rsquo;église Saint-Eutrope à Saintes. Le plein essor de la pierre de Crazannes se situe aux XVIIIe et XIXe siècles.</span><br /><span>Elle occupe alors une population nombreuse. L&rsquo;exploitation cessa après la première Guerre mondiale avec l&rsquo;apparition de nouveaux matériaux. Le paysage des carrières abandonnées est insolite: les gorges profondes très découpées, dont certaines atteignent vingt mètres de haut, semblent des temples silencieux recouverts par les lierres, les mousses et les fougères.</span></p>
<p>[/et_pb_text][/et_pb_column][/et_pb_row][et_pb_row column_structure= »1_3,1_3,1_3&Prime; _builder_version= »4.21.0&Prime; _module_preset= »default » global_colors_info= »{} » theme_builder_area= »post_content »][et_pb_column type= »1_3&Prime; _builder_version= »4.21.0&Prime; _module_preset= »default » global_colors_info= »{} » theme_builder_area= »post_content »][et_pb_image src= »https://catholiques17.fr/pontlabbesaintporchaire/wp-content/uploads/sites/38/2023/12/Plassay2.jpg » title_text= »Plassay2&Prime; url= »https://catholiques17.fr/pontlabbesaintporchaire/wp-content/uploads/sites/38/2023/12/Plassay2.jpg » align= »center » _builder_version= »4.21.0&Prime; _module_preset= »default » animation_style= »slide » hover_enabled= »0&Prime; border_radii= »off|20px||20px| » global_colors_info= »{} » theme_builder_area= »post_content » url_new_window= »on » sticky_enabled= »0&Prime;][/et_pb_image][/et_pb_column][et_pb_column type= »1_3&Prime; _builder_version= »4.21.0&Prime; _module_preset= »default » global_colors_info= »{} » theme_builder_area= »post_content »][et_pb_image src= »https://catholiques17.fr/pontlabbesaintporchaire/wp-content/uploads/sites/38/2023/12/Plassay3.jpg » title_text= »Plassay3&Prime; url= »https://catholiques17.fr/pontlabbesaintporchaire/wp-content/uploads/sites/38/2023/12/Plassay3.jpg » align= »center » _builder_version= »4.21.0&Prime; _module_preset= »default » animation_style= »slide » hover_enabled= »0&Prime; border_radii= »off|20px||20px| » global_colors_info= »{} » theme_builder_area= »post_content » url_new_window= »on » sticky_enabled= »0&Prime;][/et_pb_image][/et_pb_column][et_pb_column type= »1_3&Prime; _builder_version= »4.21.0&Prime; _module_preset= »default » global_colors_info= »{} » theme_builder_area= »post_content »][et_pb_image src= »https://catholiques17.fr/pontlabbesaintporchaire/wp-content/uploads/sites/38/2023/12/Plassay4.jpg » title_text= »Plassay4&Prime; url= »https://catholiques17.fr/pontlabbesaintporchaire/wp-content/uploads/sites/38/2023/12/Plassay4.jpg » align= »center » _builder_version= »4.21.0&Prime; _module_preset= »default » animation_style= »slide » hover_enabled= »0&Prime; border_radii= »off|20px||20px| » global_colors_info= »{} » theme_builder_area= »post_content » url_new_window= »on » sticky_enabled= »0&Prime;][/et_pb_image][/et_pb_column][/et_pb_row][/et_pb_section]</p>

<p>Plassay, église Saint-Blaise et Notre-Dame. L’église Saint-Blaise et Notre-Dame (XIIe, XVe et XIXe siècles).La construction de cet édifice remonte au XIIe siècle.A l’intérieur, l’ abside romane est ornée de beaux chapiteaux sculptés. [&hellip;]</p>
