{"id":6625,"date":"2021-12-27T09:28:16","date_gmt":"2021-12-27T08:28:16","guid":{"rendered":"https:\/\/catholiques17.fr\/pontlabbesaintporchaire\/?page_id=6625"},"modified":"2024-01-30T10:40:16","modified_gmt":"2024-01-30T09:40:16","slug":"equipes-liturgiques","status":"publish","type":"page","link":"https:\/\/catholiques17.fr\/pontlabbesaintporchaire\/vie-paroissiale\/equipes-liturgiques\/","title":{"rendered":"Equipes liturgiques"},"content":{"rendered":"<p>[et_pb_section fb_built=\u00a0\u00bb1&Prime; _builder_version=\u00a0\u00bb4.17.6&Prime; _module_preset=\u00a0\u00bbdefault\u00a0\u00bb custom_padding=\u00a0\u00bb15px|||||\u00a0\u00bb global_colors_info=\u00a0\u00bb{}\u00a0\u00bb theme_builder_area=\u00a0\u00bbpost_content\u00a0\u00bb][et_pb_row _builder_version=\u00a0\u00bb4.21.0&Prime; _module_preset=\u00a0\u00bbdefault\u00a0\u00bb custom_padding=\u00a0\u00bb4px|||||\u00a0\u00bb global_colors_info=\u00a0\u00bb{}\u00a0\u00bb theme_builder_area=\u00a0\u00bbpost_content\u00a0\u00bb][et_pb_column type=\u00a0\u00bb4_4&Prime; _builder_version=\u00a0\u00bb4.21.0&Prime; _module_preset=\u00a0\u00bbdefault\u00a0\u00bb global_colors_info=\u00a0\u00bb{}\u00a0\u00bb theme_builder_area=\u00a0\u00bbpost_content\u00a0\u00bb][et_pb_image src=\u00a0\u00bbhttps:\/\/catholiques17.fr\/pontlabbesaintporchaire\/wp-content\/uploads\/sites\/38\/2023\/12\/Liturgie.jpg\u00a0\u00bb title_text=\u00a0\u00bbLiturgie\u00a0\u00bb align=\u00a0\u00bbcenter\u00a0\u00bb _builder_version=\u00a0\u00bb4.21.0&Prime; _module_preset=\u00a0\u00bbdefault\u00a0\u00bb border_radii=\u00a0\u00bbon|20px|20px|20px|20px\u00a0\u00bb global_colors_info=\u00a0\u00bb{}\u00a0\u00bb theme_builder_area=\u00a0\u00bbpost_content\u00a0\u00bb][\/et_pb_image][\/et_pb_column][\/et_pb_row][et_pb_row _builder_version=\u00a0\u00bb4.17.6&Prime; _module_preset=\u00a0\u00bbdefault\u00a0\u00bb global_colors_info=\u00a0\u00bb{}\u00a0\u00bb theme_builder_area=\u00a0\u00bbpost_content\u00a0\u00bb][et_pb_column type=\u00a0\u00bb4_4&Prime; _builder_version=\u00a0\u00bb4.17.6&Prime; _module_preset=\u00a0\u00bbdefault\u00a0\u00bb global_colors_info=\u00a0\u00bb{}\u00a0\u00bb theme_builder_area=\u00a0\u00bbpost_content\u00a0\u00bb][et_pb_text _builder_version=\u00a0\u00bb4.21.0&Prime; _module_preset=\u00a0\u00bbdefault\u00a0\u00bb global_colors_info=\u00a0\u00bb{}\u00a0\u00bb theme_builder_area=\u00a0\u00bbpost_content\u00a0\u00bb]<\/p>\n<p><span><strong>Les \u00e9quipes liturgiques ont pour r\u00f4le de pr\u00e9parer la messe d\u2019un dimanche.<\/strong><\/span><\/p>\n<p>C\u2019est l\u2019occasion de se retrouver en \u00e9quipe pour m\u00e9diter la Parole de DIEU et grandir spirituellement, tout en se mettant au service de la communaut\u00e9 paroissiale.<\/p>\n<p>L\u2019\u00e9quipe liturgique est compos\u00e9e de quelques personnes qui pr\u00e9parent une \u00e0 fois par mois la messe du dimanche dont elles lisent et m\u00e9ditent ensemble les lectures propos\u00e9es.<\/p>\n<p>En lien avec les animateurs de chant, elles pr\u00e9voient l\u2019animation de la liturgie : en particulier la Pri\u00e8re Universelle, les chants qui seront retenus, ainsi que les gestes qui seront \u00e9ventuellement mis en valeur en accord avec le pr\u00eatre.<\/p>\n<p>[\/et_pb_text][\/et_pb_column][\/et_pb_row][et_pb_row _builder_version=\u00a0\u00bb4.17.6&Prime; _module_preset=\u00a0\u00bbdefault\u00a0\u00bb global_colors_info=\u00a0\u00bb{}\u00a0\u00bb theme_builder_area=\u00a0\u00bbpost_content\u00a0\u00bb][et_pb_column type=\u00a0\u00bb4_4&Prime; _builder_version=\u00a0\u00bb4.17.6&Prime; _module_preset=\u00a0\u00bbdefault\u00a0\u00bb global_colors_info=\u00a0\u00bb{}\u00a0\u00bb theme_builder_area=\u00a0\u00bbpost_content\u00a0\u00bb][et_pb_text _builder_version=\u00a0\u00bb4.21.0&Prime; _module_preset=\u00a0\u00bbdefault\u00a0\u00bb hover_enabled=\u00a0\u00bb0&Prime; global_colors_info=\u00a0\u00bb{}\u00a0\u00bb theme_builder_area=\u00a0\u00bbpost_content\u00a0\u00bb sticky_enabled=\u00a0\u00bb0&Prime;]<\/p>\n<p>Si vous souhaitez compl\u00e9ter une \u00e9quipe, accompagner d&rsquo;un instrument, faire chanter&#8230;<\/p>\n<p>Faites-vous conna\u00eetre aupr\u00e8s du P\u00e8re Valens !<\/p>\n<p>[\/et_pb_text][\/et_pb_column][\/et_pb_row][\/et_pb_section]<\/p>\n","protected":false},"excerpt":{"rendered":"<p>Les \u00e9quipes liturgiques ont pour r\u00f4le de pr\u00e9parer la messe d\u2019un dimanche. C\u2019est l\u2019occasion de se retrouver en \u00e9quipe pour m\u00e9diter la Parole de DIEU et grandir spirituellement, tout en [&hellip;]<\/p>\n","protected":false},"author":4,"featured_media":0,"parent":9402,"menu_order":0,"comment_status":"closed","ping_status":"closed","template":"","meta":{"_et_pb_use_builder":"on","_et_pb_old_content":"","_et_gb_content_width":"","footnotes":""},"class_list":["post-6625","page","type-page","status-publish","hentry"],"_links":{"self":[{"href":"https:\/\/catholiques17.fr\/pontlabbesaintporchaire\/wp-json\/wp\/v2\/pages\/6625","targetHints":{"allow":["GET"]}}],"collection":[{"href":"https:\/\/catholiques17.fr\/pontlabbesaintporchaire\/wp-json\/wp\/v2\/pages"}],"about":[{"href":"https:\/\/catholiques17.fr\/pontlabbesaintporchaire\/wp-json\/wp\/v2\/types\/page"}],"author":[{"embeddable":true,"href":"https:\/\/catholiques17.fr\/pontlabbesaintporchaire\/wp-json\/wp\/v2\/users\/4"}],"replies":[{"embeddable":true,"href":"https:\/\/catholiques17.fr\/pontlabbesaintporchaire\/wp-json\/wp\/v2\/comments?post=6625"}],"version-history":[{"count":19,"href":"https:\/\/catholiques17.fr\/pontlabbesaintporchaire\/wp-json\/wp\/v2\/pages\/6625\/revisions"}],"predecessor-version":[{"id":9985,"href":"https:\/\/catholiques17.fr\/pontlabbesaintporchaire\/wp-json\/wp\/v2\/pages\/6625\/revisions\/9985"}],"up":[{"embeddable":true,"href":"https:\/\/catholiques17.fr\/pontlabbesaintporchaire\/wp-json\/wp\/v2\/pages\/9402"}],"wp:attachment":[{"href":"https:\/\/catholiques17.fr\/pontlabbesaintporchaire\/wp-json\/wp\/v2\/media?parent=6625"}],"curies":[{"name":"wp","href":"https:\/\/api.w.org\/{rel}","templated":true}]}}

<p>[et_pb_section fb_built= »1&Prime; _builder_version= »4.17.6&Prime; _module_preset= »default » custom_padding= »15px||||| » global_colors_info= »{} » theme_builder_area= »post_content »][et_pb_row _builder_version= »4.21.0&Prime; _module_preset= »default » custom_padding= »4px||||| » global_colors_info= »{} » theme_builder_area= »post_content »][et_pb_column type= »4_4&Prime; _builder_version= »4.21.0&Prime; _module_preset= »default » global_colors_info= »{} » theme_builder_area= »post_content »][et_pb_image src= »https://catholiques17.fr/pontlabbesaintporchaire/wp-content/uploads/sites/38/2023/12/Liturgie.jpg » title_text= »Liturgie » align= »center » _builder_version= »4.21.0&Prime; _module_preset= »default » border_radii= »on|20px|20px|20px|20px » global_colors_info= »{} » theme_builder_area= »post_content »][/et_pb_image][/et_pb_column][/et_pb_row][et_pb_row _builder_version= »4.17.6&Prime; _module_preset= »default » global_colors_info= »{} » theme_builder_area= »post_content »][et_pb_column type= »4_4&Prime; _builder_version= »4.17.6&Prime; _module_preset= »default » global_colors_info= »{} » theme_builder_area= »post_content »][et_pb_text _builder_version= »4.21.0&Prime; _module_preset= »default » global_colors_info= »{} » theme_builder_area= »post_content »]</p>
<p><span><strong>Les équipes liturgiques ont pour rôle de préparer la messe d’un dimanche.</strong></span></p>
<p>C’est l’occasion de se retrouver en équipe pour méditer la Parole de DIEU et grandir spirituellement, tout en se mettant au service de la communauté paroissiale.</p>
<p>L’équipe liturgique est composée de quelques personnes qui préparent une à fois par mois la messe du dimanche dont elles lisent et méditent ensemble les lectures proposées.</p>
<p>En lien avec les animateurs de chant, elles prévoient l’animation de la liturgie : en particulier la Prière Universelle, les chants qui seront retenus, ainsi que les gestes qui seront éventuellement mis en valeur en accord avec le prêtre.</p>
<p>[/et_pb_text][/et_pb_column][/et_pb_row][et_pb_row _builder_version= »4.17.6&Prime; _module_preset= »default » global_colors_info= »{} » theme_builder_area= »post_content »][et_pb_column type= »4_4&Prime; _builder_version= »4.17.6&Prime; _module_preset= »default » global_colors_info= »{} » theme_builder_area= »post_content »][et_pb_text _builder_version= »4.21.0&Prime; _module_preset= »default » hover_enabled= »0&Prime; global_colors_info= »{} » theme_builder_area= »post_content » sticky_enabled= »0&Prime;]</p>
<p>Si vous souhaitez compléter une équipe, accompagner d&rsquo;un instrument, faire chanter&#8230;</p>
<p>Faites-vous connaître auprès du Père Valens !</p>
<p>[/et_pb_text][/et_pb_column][/et_pb_row][/et_pb_section]</p>

<p>Les équipes liturgiques ont pour rôle de préparer la messe d’un dimanche. C’est l’occasion de se retrouver en équipe pour méditer la Parole de DIEU et grandir spirituellement, tout en [&hellip;]</p>
