{"id":12302,"date":"2025-01-13T15:34:07","date_gmt":"2025-01-13T14:34:07","guid":{"rendered":"https:\/\/catholiques17.fr\/pontlabbesaintporchaire\/?page_id=12302"},"modified":"2026-04-24T15:38:22","modified_gmt":"2026-04-24T13:38:22","slug":"carnet-paroissial","status":"publish","type":"page","link":"https:\/\/catholiques17.fr\/pontlabbesaintporchaire\/carnet-paroissial\/","title":{"rendered":"Carnet paroissial"},"content":{"rendered":"<p>[et_pb_section fb_built=\u00a0\u00bb1&Prime; _builder_version=\u00a0\u00bb4.27.4&Prime; _module_preset=\u00a0\u00bbdefault\u00a0\u00bb custom_padding=\u00a0\u00bb3px|||||\u00a0\u00bb global_colors_info=\u00a0\u00bb{}\u00a0\u00bb theme_builder_area=\u00a0\u00bbpost_content\u00a0\u00bb][et_pb_row _builder_version=\u00a0\u00bb4.27.4&Prime; _module_preset=\u00a0\u00bbdefault\u00a0\u00bb custom_padding=\u00a0\u00bb9px|||||\u00a0\u00bb global_colors_info=\u00a0\u00bb{}\u00a0\u00bb theme_builder_area=\u00a0\u00bbpost_content\u00a0\u00bb][et_pb_column type=\u00a0\u00bb4_4&Prime; _builder_version=\u00a0\u00bb4.27.4&Prime; _module_preset=\u00a0\u00bbdefault\u00a0\u00bb global_colors_info=\u00a0\u00bb{}\u00a0\u00bb theme_builder_area=\u00a0\u00bbpost_content\u00a0\u00bb][et_pb_cta title=\u00a0\u00bbLes prochaines obs\u00e8ques\u00a0\u00bb button_text=\u00a0\u00bbClics\u00a0\u00bb _builder_version=\u00a0\u00bb4.27.5&Prime; _module_preset=\u00a0\u00bbdefault\u00a0\u00bb body_font_size=\u00a0\u00bb16px\u00a0\u00bb body_line_height=\u00a0\u00bb1.8em\u00a0\u00bb global_colors_info=\u00a0\u00bb{}\u00a0\u00bb theme_builder_area=\u00a0\u00bbpost_content\u00a0\u00bb]<\/p>\n<p style=\"text-align: left\"><span style=\"font-size: medium\"><\/span><\/p>\n<p style=\"text-align: left\"><span style=\"font-size: medium\">La paroisse de Pont-l&rsquo;Abb\u00e9 &#8211; Saint-Porchaire vous invite \u00e0 prier pour les d\u00e9funts de nos villages<\/span><\/p>\n<p style=\"text-align: left\"><strong>&#8211; Paulette BITEAU<\/strong>, c\u00e9l\u00e9bration des obs\u00e8ques samedi 25 avril \u00e0 10h \u00e0 Trizay<\/p>\n<p style=\"text-align: left\"><strong>&#8211; Georges KLEIN<\/strong>, c\u00e9l\u00e9bration des obs\u00e8ques lundi 27 avril \u00e0 15h \u00e0 Port d&rsquo;Envaux<\/p>\n<p style=\"text-align: left\"><strong>&#8211; Mauricette POUSSARD<\/strong>, c\u00e9l\u00e9bration des obs\u00e8ques mardi 28 avril \u00e0 10h30 \u00e0 Port d&rsquo;Envaux<\/p>\n<p style=\"text-align: left\">\n<p style=\"text-align: left\"><span style=\"font-size: 16px\"><\/span><\/p>\n<p>[\/et_pb_cta][et_pb_cta title=\u00a0\u00bbPrions pour les d\u00e9funts de notre paroisse ces derni\u00e8res semaines, pour leurs familles et pour leurs proches.\u00a0\u00bb button_text=\u00a0\u00bbClics\u00a0\u00bb _builder_version=\u00a0\u00bb4.27.5&Prime; _module_preset=\u00a0\u00bbdefault\u00a0\u00bb background_color=\u00a0\u00bb#3BB2BF\u00a0\u00bb global_colors_info=\u00a0\u00bb{}\u00a0\u00bb theme_builder_area=\u00a0\u00bbpost_content\u00a0\u00bb]<\/p>\n<p style=\"text-align: left\"><strong style=\"font-size: 17px\"><\/strong><\/p>\n<p style=\"text-align: left\"><strong style=\"font-size: 17px\"><span><strong>&#8211; Fran\u00e7ois RICHAUDEAU<\/strong><\/span><\/strong><\/p>\n<p style=\"text-align: left\"><strong style=\"font-size: 17px\"><span><strong>&#8211; Ginette CAILLET<\/strong><\/span><\/strong><\/p>\n<p style=\"text-align: left\"><strong style=\"font-size: 17px\"><span><strong>&#8211; Ren\u00e9e PAPIN<\/strong><\/span><\/strong><\/p>\n<p style=\"text-align: left\"><strong style=\"font-size: 17px\"><span><strong>&#8211; Odette AUBERT<\/strong><\/span><\/strong><\/p>\n<p style=\"text-align: left\"><strong style=\"font-size: 17px\"><span><strong>&#8211; Monique LEONARD<br \/><\/strong><\/span><\/strong><\/p>\n<p style=\"text-align: left\"><strong style=\"font-size: 17px\"><span><strong>&#8211; Jean-Louis PAPIN<\/strong><\/span><\/strong><\/p>\n<p style=\"text-align: left\"><strong style=\"font-size: 17px\"><span><strong>&#8211; Pierre BRAT<\/strong><\/span><\/strong><strong style=\"font-size: 17px\"><span><strong><\/strong><\/span><\/strong><br \/><strong style=\"font-size: 17px\"><span><strong><\/strong><\/span><\/strong><\/p>\n<p style=\"text-align: left\"><strong style=\"font-size: 17px\"><span><strong>&#8211; Christiane SIMONET<\/strong><\/span><\/strong><\/p>\n<p style=\"text-align: left\"><strong style=\"font-size: 17px\"><span><strong>&#8211; Annette SARAZIN<br \/><\/strong><\/span><\/strong><\/p>\n<p style=\"text-align: left\"><strong style=\"font-size: 17px\"><span><strong>&#8211; Lucette GACHET<\/strong><\/span><\/strong><\/p>\n<p style=\"text-align: left\"><span><strong><\/strong><\/span><\/p>\n<p style=\"text-align: left\">\n<p>[\/et_pb_cta][\/et_pb_column][\/et_pb_row][\/et_pb_section]<\/p>\n","protected":false},"excerpt":{"rendered":"<p>La paroisse de Pont-l&rsquo;Abb\u00e9 &#8211; Saint-Porchaire vous invite \u00e0 prier pour les d\u00e9funts de nos villages &#8211; Paulette BITEAU, c\u00e9l\u00e9bration des obs\u00e8ques samedi 25 avril \u00e0 10h \u00e0 Trizay &#8211; [&hellip;]<\/p>\n","protected":false},"author":41,"featured_media":0,"parent":0,"menu_order":0,"comment_status":"closed","ping_status":"closed","template":"","meta":{"_et_pb_use_builder":"on","_et_pb_old_content":"","_et_gb_content_width":"","footnotes":""},"class_list":["post-12302","page","type-page","status-publish","hentry"],"_links":{"self":[{"href":"https:\/\/catholiques17.fr\/pontlabbesaintporchaire\/wp-json\/wp\/v2\/pages\/12302","targetHints":{"allow":["GET"]}}],"collection":[{"href":"https:\/\/catholiques17.fr\/pontlabbesaintporchaire\/wp-json\/wp\/v2\/pages"}],"about":[{"href":"https:\/\/catholiques17.fr\/pontlabbesaintporchaire\/wp-json\/wp\/v2\/types\/page"}],"author":[{"embeddable":true,"href":"https:\/\/catholiques17.fr\/pontlabbesaintporchaire\/wp-json\/wp\/v2\/users\/41"}],"replies":[{"embeddable":true,"href":"https:\/\/catholiques17.fr\/pontlabbesaintporchaire\/wp-json\/wp\/v2\/comments?post=12302"}],"version-history":[{"count":147,"href":"https:\/\/catholiques17.fr\/pontlabbesaintporchaire\/wp-json\/wp\/v2\/pages\/12302\/revisions"}],"predecessor-version":[{"id":14510,"href":"https:\/\/catholiques17.fr\/pontlabbesaintporchaire\/wp-json\/wp\/v2\/pages\/12302\/revisions\/14510"}],"wp:attachment":[{"href":"https:\/\/catholiques17.fr\/pontlabbesaintporchaire\/wp-json\/wp\/v2\/media?parent=12302"}],"curies":[{"name":"wp","href":"https:\/\/api.w.org\/{rel}","templated":true}]}}

<p>[et_pb_section fb_built= »1&Prime; _builder_version= »4.27.4&Prime; _module_preset= »default » custom_padding= »3px||||| » global_colors_info= »{} » theme_builder_area= »post_content »][et_pb_row _builder_version= »4.27.4&Prime; _module_preset= »default » custom_padding= »9px||||| » global_colors_info= »{} » theme_builder_area= »post_content »][et_pb_column type= »4_4&Prime; _builder_version= »4.27.4&Prime; _module_preset= »default » global_colors_info= »{} » theme_builder_area= »post_content »][et_pb_cta title= »Les prochaines obsèques » button_text= »Clics » _builder_version= »4.27.5&Prime; _module_preset= »default » body_font_size= »16px » body_line_height= »1.8em » global_colors_info= »{} » theme_builder_area= »post_content »]</p>
<p style="text-align: left"><span style="font-size: medium"></span></p>
<p style="text-align: left"><span style="font-size: medium">La paroisse de Pont-l&rsquo;Abbé &#8211; Saint-Porchaire vous invite à prier pour les défunts de nos villages</span></p>
<p style="text-align: left"><strong>&#8211; Paulette BITEAU</strong>, célébration des obsèques samedi 25 avril à 10h à Trizay</p>
<p style="text-align: left"><strong>&#8211; Georges KLEIN</strong>, célébration des obsèques lundi 27 avril à 15h à Port d&rsquo;Envaux</p>
<p style="text-align: left"><strong>&#8211; Mauricette POUSSARD</strong>, célébration des obsèques mardi 28 avril à 10h30 à Port d&rsquo;Envaux</p>
<p style="text-align: left">
<p style="text-align: left"><span style="font-size: 16px"></span></p>
<p>[/et_pb_cta][et_pb_cta title= »Prions pour les défunts de notre paroisse ces dernières semaines, pour leurs familles et pour leurs proches. » button_text= »Clics » _builder_version= »4.27.5&Prime; _module_preset= »default » background_color= »#3BB2BF » global_colors_info= »{} » theme_builder_area= »post_content »]</p>
<p style="text-align: left"><strong style="font-size: 17px"></strong></p>
<p style="text-align: left"><strong style="font-size: 17px"><span><strong>&#8211; François RICHAUDEAU</strong></span></strong></p>
<p style="text-align: left"><strong style="font-size: 17px"><span><strong>&#8211; Ginette CAILLET</strong></span></strong></p>
<p style="text-align: left"><strong style="font-size: 17px"><span><strong>&#8211; Renée PAPIN</strong></span></strong></p>
<p style="text-align: left"><strong style="font-size: 17px"><span><strong>&#8211; Odette AUBERT</strong></span></strong></p>
<p style="text-align: left"><strong style="font-size: 17px"><span><strong>&#8211; Monique LEONARD<br /></strong></span></strong></p>
<p style="text-align: left"><strong style="font-size: 17px"><span><strong>&#8211; Jean-Louis PAPIN</strong></span></strong></p>
<p style="text-align: left"><strong style="font-size: 17px"><span><strong>&#8211; Pierre BRAT</strong></span></strong><strong style="font-size: 17px"><span><strong></strong></span></strong><br /><strong style="font-size: 17px"><span><strong></strong></span></strong></p>
<p style="text-align: left"><strong style="font-size: 17px"><span><strong>&#8211; Christiane SIMONET</strong></span></strong></p>
<p style="text-align: left"><strong style="font-size: 17px"><span><strong>&#8211; Annette SARAZIN<br /></strong></span></strong></p>
<p style="text-align: left"><strong style="font-size: 17px"><span><strong>&#8211; Lucette GACHET</strong></span></strong></p>
<p style="text-align: left"><span><strong></strong></span></p>
<p style="text-align: left">
<p>[/et_pb_cta][/et_pb_column][/et_pb_row][/et_pb_section]</p>

<p>La paroisse de Pont-l&rsquo;Abbé &#8211; Saint-Porchaire vous invite à prier pour les défunts de nos villages &#8211; Paulette BITEAU, célébration des obsèques samedi 25 avril à 10h à Trizay &#8211; [&hellip;]</p>
