{"id":12301,"date":"2025-01-15T08:09:19","date_gmt":"2025-01-15T07:09:19","guid":{"rendered":"https:\/\/catholiques17.fr\/pontlabbesaintporchaire\/?page_id=12301"},"modified":"2025-05-01T10:30:55","modified_gmt":"2025-05-01T08:30:55","slug":"intentions-de-priere","status":"publish","type":"page","link":"https:\/\/catholiques17.fr\/pontlabbesaintporchaire\/intentions-de-priere\/","title":{"rendered":"Intentions de pri\u00e8re"},"content":{"rendered":"<p>[et_pb_section fb_built=\u00a0\u00bb1&Prime; _builder_version=\u00a0\u00bb4.27.4&Prime; _module_preset=\u00a0\u00bbdefault\u00a0\u00bb global_colors_info=\u00a0\u00bb{}\u00a0\u00bb theme_builder_area=\u00a0\u00bbpost_content\u00a0\u00bb][et_pb_row _builder_version=\u00a0\u00bb4.27.4&Prime; _module_preset=\u00a0\u00bbdefault\u00a0\u00bb global_colors_info=\u00a0\u00bb{}\u00a0\u00bb theme_builder_area=\u00a0\u00bbpost_content\u00a0\u00bb][et_pb_column type=\u00a0\u00bb4_4&Prime; _builder_version=\u00a0\u00bb4.27.4&Prime; _module_preset=\u00a0\u00bbdefault\u00a0\u00bb global_colors_info=\u00a0\u00bb{}\u00a0\u00bb theme_builder_area=\u00a0\u00bbpost_content\u00a0\u00bb][et_pb_image src=\u00a0\u00bbhttps:\/\/catholiques17.fr\/pontlabbesaintporchaire\/wp-content\/uploads\/sites\/38\/2025\/01\/Bougie-Image-par-NoName_13-de-Pixabay.jpg\u00a0\u00bb title_text=\u00a0\u00bbBougie &#8211; Image par NoName_13 de Pixabay\u00a0\u00bb align=\u00a0\u00bbcenter\u00a0\u00bb _builder_version=\u00a0\u00bb4.27.4&Prime; _module_preset=\u00a0\u00bbdefault\u00a0\u00bb global_colors_info=\u00a0\u00bb{}\u00a0\u00bb theme_builder_area=\u00a0\u00bbpost_content\u00a0\u00bb][\/et_pb_image][et_pb_cta title=\u00a0\u00bbIntention de pri\u00e8re du pape Fran\u00e7ois &#8211; Mai 2025&Prime; button_text=\u00a0\u00bbClics\u00a0\u00bb _builder_version=\u00a0\u00bb4.27.4&Prime; _module_preset=\u00a0\u00bbdefault\u00a0\u00bb body_text_align=\u00a0\u00bbcenter\u00a0\u00bb body_text_color=\u00a0\u00bb#FFFFFF\u00a0\u00bb body_font_size=\u00a0\u00bb15px\u00a0\u00bb body_letter_spacing=\u00a0\u00bb1px\u00a0\u00bb body_line_height=\u00a0\u00bb2em\u00a0\u00bb hover_enabled=\u00a0\u00bb0&Prime; global_colors_info=\u00a0\u00bb{}\u00a0\u00bb theme_builder_area=\u00a0\u00bbpost_content\u00a0\u00bb sticky_enabled=\u00a0\u00bb0&Prime;]<\/p>\n<h4><\/h4>\n<h4><strong><\/strong><\/h4>\n<h4><span>Pour les conditions de travail, prions pour que le travail permette \u00e0 chacun de s\u2019\u00e9panouir, aux familles de vivre dans la dignit\u00e9 et \u00e0 la soci\u00e9t\u00e9 de devenir plus humaine.<\/span><\/h4>\n<p>[\/et_pb_cta][\/et_pb_column][\/et_pb_row][et_pb_row _builder_version=\u00a0\u00bb4.27.4&Prime; _module_preset=\u00a0\u00bbdefault\u00a0\u00bb global_colors_info=\u00a0\u00bb{}\u00a0\u00bb theme_builder_area=\u00a0\u00bbpost_content\u00a0\u00bb][et_pb_column type=\u00a0\u00bb4_4&Prime; _builder_version=\u00a0\u00bb4.27.4&Prime; _module_preset=\u00a0\u00bbdefault\u00a0\u00bb global_colors_info=\u00a0\u00bb{}\u00a0\u00bb theme_builder_area=\u00a0\u00bbpost_content\u00a0\u00bb][et_pb_accordion _builder_version=\u00a0\u00bb4.27.4&Prime; _module_preset=\u00a0\u00bbdefault\u00a0\u00bb hover_enabled=\u00a0\u00bb0&Prime; global_colors_info=\u00a0\u00bb{}\u00a0\u00bb theme_builder_area=\u00a0\u00bbpost_content\u00a0\u00bb sticky_enabled=\u00a0\u00bb0&Prime;][et_pb_accordion_item open=\u00a0\u00bbon\u00a0\u00bb _builder_version=\u00a0\u00bb4.27.4&Prime; _module_preset=\u00a0\u00bbdefault\u00a0\u00bb hover_enabled=\u00a0\u00bb0&Prime; global_colors_info=\u00a0\u00bb{}\u00a0\u00bb theme_builder_area=\u00a0\u00bbpost_content\u00a0\u00bb sticky_enabled=\u00a0\u00bb0&Prime;]<\/p>\n<p style=\"text-align: justify\">Le travail humain est fondamentalement une b\u00e9n\u00e9diction effective pour l\u2019Homme et la Cr\u00e9ation. Cette scansion de l\u2019offrande eucharistique l\u2019atteste\u00a0:<span>\u00a0<\/span><em>\u00ab\u00a0Tu es b\u00e9ni, Dieu de l\u2019univers, toi qui nous donnes ce pain, fruit de la terre et du travail des hommes ; nous te le pr\u00e9sentons, il deviendra le pain de la vie. Tu es b\u00e9ni, Dieu de l\u2019univers, toi qui nous donnes ce vin, fruit de la vigne et du travail des hommes, nous te le pr\u00e9sentons, il deviendra le vin du Royaume \u00e9ternel.\u00a0\u00bb<\/em><span>\u00a0<\/span><strong>Par le travail, nous pouvons accomplir notre vocation d\u2019\u00eatre humain, appel\u00e9 \u00e0 devenir enfant de Dieu.<\/strong><span>\u00a0<\/span>Notre travail n\u2019est certes pas tout mais<span>\u00a0<\/span><strong>il est requis pour que cette transformation \u00e0 laquelle l\u2019humanit\u00e9, la Cr\u00e9ation sont appel\u00e9es, puisse advenir.<\/strong><span>\u00a0<\/span>Le corps du Seigneur<span>\u00a0<\/span><em>pain de vie<span>\u00a0<\/span><\/em>et<em><span>\u00a0<\/span>vin du Royaume \u00e9ternel<\/em><span>\u00a0<\/span>requiert le travail de l\u2019Homme pour que la vigne et le bl\u00e9 deviennent vin et pain\u2026<\/p>\n<p style=\"text-align: justify\">Mais les conditions pour que cela se fasse importent et notamment les conditions du travail. Pour notre pays, il est bon de prendre la mesure du charivari qui se vit actuellement et qui nous demande de reconsid\u00e9rer les modes de travail actuels et, peut-\u00eatre, de red\u00e9couvrir l\u2019enjeu du m\u00e9tier. Il semblerait qu\u2019il y ait eu, ces quatre derni\u00e8res ann\u00e9es, un tiers des Fran\u00e7ais qui ont chang\u00e9 de voie professionnelle. Et de la m\u00eame mani\u00e8re, ces grands changements conduisent \u00e0 une profonde \u00e9valuation de la valeur du m\u00e9tier.<span>\u00a0<\/span><strong>Le travail doit d\u2019abord permettre l\u2019\u00e9panouissement de celui qui travaille. De cet \u00e9panouissement d\u00e9couleront aussi la vie heureuse de la famille dans la dignit\u00e9 et le d\u00e9veloppement d\u2019une soci\u00e9t\u00e9 plus humaine.<\/strong><\/p>\n<p style=\"text-align: justify\">Une piste pour que le travail permette un v\u00e9ritable \u00e9panouissement de chacun consiste \u00e0<span>\u00a0<\/span><strong>red\u00e9couvrir les m\u00e9tiers<\/strong>. Alors que dire du m\u00e9tier\u00a0? Et en quoi il s\u2019oppose aux mani\u00e8res actuelles d\u2019organiser le travail. Le m\u00e9tier implique toujours un certain rapport direct et situ\u00e9 \u00e0 la nature, dans un v\u00e9ritable dialogue avec elle. Prendre ce chemin demande de renoncer aux normes qui mod\u00e9lisent a priori la mani\u00e8re de travailler pour tous et \u00e9loignent le travailleur de l\u2019interaction directe avec la nature, \u00e0 partir de laquelle il devrait poser des choix. Il s\u2019agit, pour le travailleur, d\u2019uniquement respecter les normes d\u2019une solution pos\u00e9e a priori.<\/p>\n<p style=\"text-align: justify\">Ce chemin d\u2019\u00e9panouissement par le travail demande \u00e9galement de<span>\u00a0<\/span><strong>renoncer \u00e0 la fragmentation de la production<\/strong><span>\u00a0<\/span>avec des bouts de travail pr\u00e9paratoire ou de production faits aux quatre coins du monde par des personnes ne voyant pas les tenants et aboutissants. La fragmentation peut r\u00e9duire les co\u00fbts certes mais<span>\u00a0<\/span><strong>d\u00e9poss\u00e8de chacun du sens global de l\u2019\u0153uvre<\/strong>, ramenant le travail \u00e0 un apport sans v\u00e9ritable finalit\u00e9 de son \u00e9nergie pour une certaine dur\u00e9e, vide de tout ach\u00e8vement.<\/p>\n<p style=\"text-align: justify\">Saisissons-nous de toute occasion de laisser advenir ce mode de travail port\u00e9 par un m\u00e9tier. Alors, m\u00eame dans la p\u00e9nibilit\u00e9, la pr\u00e9carit\u00e9, il deviendra source d\u2019\u00e9panouissement personnel, de dignit\u00e9 des proches et d\u2019humanit\u00e9 pour tous.<\/p>\n<p style=\"text-align: right\"><em>Jean Luc Fabre sj., directeur du R\u00e9seau Mondial de Pri\u00e8re du Pape France<\/em><\/p>\n<p>[\/et_pb_accordion_item][\/et_pb_accordion][\/et_pb_column][\/et_pb_row][\/et_pb_section]<\/p>\n","protected":false},"excerpt":{"rendered":"<p>Pour les conditions de travail, prions pour que le travail permette \u00e0 chacun de s\u2019\u00e9panouir, aux familles de vivre dans la dignit\u00e9 et \u00e0 la soci\u00e9t\u00e9 de devenir plus humaine.Le [&hellip;]<\/p>\n","protected":false},"author":41,"featured_media":0,"parent":0,"menu_order":0,"comment_status":"closed","ping_status":"closed","template":"","meta":{"_et_pb_use_builder":"on","_et_pb_old_content":"","_et_gb_content_width":"","footnotes":""},"class_list":["post-12301","page","type-page","status-publish","hentry"],"_links":{"self":[{"href":"https:\/\/catholiques17.fr\/pontlabbesaintporchaire\/wp-json\/wp\/v2\/pages\/12301","targetHints":{"allow":["GET"]}}],"collection":[{"href":"https:\/\/catholiques17.fr\/pontlabbesaintporchaire\/wp-json\/wp\/v2\/pages"}],"about":[{"href":"https:\/\/catholiques17.fr\/pontlabbesaintporchaire\/wp-json\/wp\/v2\/types\/page"}],"author":[{"embeddable":true,"href":"https:\/\/catholiques17.fr\/pontlabbesaintporchaire\/wp-json\/wp\/v2\/users\/41"}],"replies":[{"embeddable":true,"href":"https:\/\/catholiques17.fr\/pontlabbesaintporchaire\/wp-json\/wp\/v2\/comments?post=12301"}],"version-history":[{"count":12,"href":"https:\/\/catholiques17.fr\/pontlabbesaintporchaire\/wp-json\/wp\/v2\/pages\/12301\/revisions"}],"predecessor-version":[{"id":13029,"href":"https:\/\/catholiques17.fr\/pontlabbesaintporchaire\/wp-json\/wp\/v2\/pages\/12301\/revisions\/13029"}],"wp:attachment":[{"href":"https:\/\/catholiques17.fr\/pontlabbesaintporchaire\/wp-json\/wp\/v2\/media?parent=12301"}],"curies":[{"name":"wp","href":"https:\/\/api.w.org\/{rel}","templated":true}]}}

Intentions de prière

<p>[et_pb_section fb_built= »1&Prime; _builder_version= »4.27.4&Prime; _module_preset= »default » global_colors_info= »{} » theme_builder_area= »post_content »][et_pb_row _builder_version= »4.27.4&Prime; _module_preset= »default » global_colors_info= »{} » theme_builder_area= »post_content »][et_pb_column type= »4_4&Prime; _builder_version= »4.27.4&Prime; _module_preset= »default » global_colors_info= »{} » theme_builder_area= »post_content »][et_pb_image src= »https://catholiques17.fr/pontlabbesaintporchaire/wp-content/uploads/sites/38/2025/01/Bougie-Image-par-NoName_13-de-Pixabay.jpg » title_text= »Bougie &#8211; Image par NoName_13 de Pixabay » align= »center » _builder_version= »4.27.4&Prime; _module_preset= »default » global_colors_info= »{} » theme_builder_area= »post_content »][/et_pb_image][et_pb_cta title= »Intention de prière du pape François &#8211; Mai 2025&Prime; button_text= »Clics » _builder_version= »4.27.4&Prime; _module_preset= »default » body_text_align= »center » body_text_color= »#FFFFFF » body_font_size= »15px » body_letter_spacing= »1px » body_line_height= »2em » hover_enabled= »0&Prime; global_colors_info= »{} » theme_builder_area= »post_content » sticky_enabled= »0&Prime;]</p>
<h4></h4>
<h4><strong></strong></h4>
<h4><span>Pour les conditions de travail, prions pour que le travail permette à chacun de s’épanouir, aux familles de vivre dans la dignité et à la société de devenir plus humaine.</span></h4>
<p>[/et_pb_cta][/et_pb_column][/et_pb_row][et_pb_row _builder_version= »4.27.4&Prime; _module_preset= »default » global_colors_info= »{} » theme_builder_area= »post_content »][et_pb_column type= »4_4&Prime; _builder_version= »4.27.4&Prime; _module_preset= »default » global_colors_info= »{} » theme_builder_area= »post_content »][et_pb_accordion _builder_version= »4.27.4&Prime; _module_preset= »default » hover_enabled= »0&Prime; global_colors_info= »{} » theme_builder_area= »post_content » sticky_enabled= »0&Prime;][et_pb_accordion_item open= »on » _builder_version= »4.27.4&Prime; _module_preset= »default » hover_enabled= »0&Prime; global_colors_info= »{} » theme_builder_area= »post_content » sticky_enabled= »0&Prime;]</p>
<p style="text-align: justify">Le travail humain est fondamentalement une bénédiction effective pour l’Homme et la Création. Cette scansion de l’offrande eucharistique l’atteste :<span> </span><em>« Tu es béni, Dieu de l’univers, toi qui nous donnes ce pain, fruit de la terre et du travail des hommes ; nous te le présentons, il deviendra le pain de la vie. Tu es béni, Dieu de l’univers, toi qui nous donnes ce vin, fruit de la vigne et du travail des hommes, nous te le présentons, il deviendra le vin du Royaume éternel. »</em><span> </span><strong>Par le travail, nous pouvons accomplir notre vocation d’être humain, appelé à devenir enfant de Dieu.</strong><span> </span>Notre travail n’est certes pas tout mais<span> </span><strong>il est requis pour que cette transformation à laquelle l’humanité, la Création sont appelées, puisse advenir.</strong><span> </span>Le corps du Seigneur<span> </span><em>pain de vie<span> </span></em>et<em><span> </span>vin du Royaume éternel</em><span> </span>requiert le travail de l’Homme pour que la vigne et le blé deviennent vin et pain…</p>
<p style="text-align: justify">Mais les conditions pour que cela se fasse importent et notamment les conditions du travail. Pour notre pays, il est bon de prendre la mesure du charivari qui se vit actuellement et qui nous demande de reconsidérer les modes de travail actuels et, peut-être, de redécouvrir l’enjeu du métier. Il semblerait qu’il y ait eu, ces quatre dernières années, un tiers des Français qui ont changé de voie professionnelle. Et de la même manière, ces grands changements conduisent à une profonde évaluation de la valeur du métier.<span> </span><strong>Le travail doit d’abord permettre l’épanouissement de celui qui travaille. De cet épanouissement découleront aussi la vie heureuse de la famille dans la dignité et le développement d’une société plus humaine.</strong></p>
<p style="text-align: justify">Une piste pour que le travail permette un véritable épanouissement de chacun consiste à<span> </span><strong>redécouvrir les métiers</strong>. Alors que dire du métier ? Et en quoi il s’oppose aux manières actuelles d’organiser le travail. Le métier implique toujours un certain rapport direct et situé à la nature, dans un véritable dialogue avec elle. Prendre ce chemin demande de renoncer aux normes qui modélisent a priori la manière de travailler pour tous et éloignent le travailleur de l’interaction directe avec la nature, à partir de laquelle il devrait poser des choix. Il s’agit, pour le travailleur, d’uniquement respecter les normes d’une solution posée a priori.</p>
<p style="text-align: justify">Ce chemin d’épanouissement par le travail demande également de<span> </span><strong>renoncer à la fragmentation de la production</strong><span> </span>avec des bouts de travail préparatoire ou de production faits aux quatre coins du monde par des personnes ne voyant pas les tenants et aboutissants. La fragmentation peut réduire les coûts certes mais<span> </span><strong>dépossède chacun du sens global de l’œuvre</strong>, ramenant le travail à un apport sans véritable finalité de son énergie pour une certaine durée, vide de tout achèvement.</p>
<p style="text-align: justify">Saisissons-nous de toute occasion de laisser advenir ce mode de travail porté par un métier. Alors, même dans la pénibilité, la précarité, il deviendra source d’épanouissement personnel, de dignité des proches et d’humanité pour tous.</p>
<p style="text-align: right"><em>Jean Luc Fabre sj., directeur du Réseau Mondial de Prière du Pape France</em></p>
<p>[/et_pb_accordion_item][/et_pb_accordion][/et_pb_column][/et_pb_row][/et_pb_section]</p>

<p>Pour les conditions de travail, prions pour que le travail permette à chacun de s’épanouir, aux familles de vivre dans la dignité et à la société de devenir plus humaine.Le [&hellip;]</p>
