{"id":9927,"date":"2024-07-19T16:12:42","date_gmt":"2024-07-19T14:12:42","guid":{"rendered":"https:\/\/catholiques17.fr\/oleron\/?post_type=tribe_events&#038;p=9927"},"modified":"2024-07-19T16:22:39","modified_gmt":"2024-07-19T14:22:39","slug":"9927","status":"publish","type":"tribe_events","link":"https:\/\/catholiques17.fr\/oleron\/event\/9927\/","title":{"rendered":"Journ\u00e9e mondiale du migrant et du r\u00e9fugi\u00e9"},"content":{"rendered":"<p>Journ\u00e9e mondiale du migrant et du r\u00e9fugi\u00e9 relay\u00e9e par le dioc\u00e8se de Saintes et La Rochelle<\/p>\n","protected":false},"excerpt":{"rendered":"<p>Journ\u00e9e mondiale du migrant et du r\u00e9fugi\u00e9 relay\u00e9e par le dioc\u00e8se de Saintes et La Rochelle<\/p>\n","protected":false},"author":40,"featured_media":9921,"template":"","meta":{"_et_pb_use_builder":"","_et_pb_old_content":"","_et_gb_content_width":"","_tribe_events_status":"","_tribe_events_status_reason":"","footnotes":""},"tags":[],"tribe_events_cat":[32,41],"class_list":["post-9927","tribe_events","type-tribe_events","status-publish","has-post-thumbnail","hentry","tribe_events_cat-celebrations","tribe_events_cat-devotions-particulieres","cat_celebrations","cat_devotions-particulieres"],"_links":{"self":[{"href":"https:\/\/catholiques17.fr\/oleron\/wp-json\/wp\/v2\/tribe_events\/9927","targetHints":{"allow":["GET"]}}],"collection":[{"href":"https:\/\/catholiques17.fr\/oleron\/wp-json\/wp\/v2\/tribe_events"}],"about":[{"href":"https:\/\/catholiques17.fr\/oleron\/wp-json\/wp\/v2\/types\/tribe_events"}],"author":[{"embeddable":true,"href":"https:\/\/catholiques17.fr\/oleron\/wp-json\/wp\/v2\/users\/40"}],"version-history":[{"count":3,"href":"https:\/\/catholiques17.fr\/oleron\/wp-json\/wp\/v2\/tribe_events\/9927\/revisions"}],"predecessor-version":[{"id":9935,"href":"https:\/\/catholiques17.fr\/oleron\/wp-json\/wp\/v2\/tribe_events\/9927\/revisions\/9935"}],"wp:featuredmedia":[{"embeddable":true,"href":"https:\/\/catholiques17.fr\/oleron\/wp-json\/wp\/v2\/media\/9921"}],"wp:attachment":[{"href":"https:\/\/catholiques17.fr\/oleron\/wp-json\/wp\/v2\/media?parent=9927"}],"wp:term":[{"taxonomy":"post_tag","embeddable":true,"href":"https:\/\/catholiques17.fr\/oleron\/wp-json\/wp\/v2\/tags?post=9927"},{"taxonomy":"tribe_events_cat","embeddable":true,"href":"https:\/\/catholiques17.fr\/oleron\/wp-json\/wp\/v2\/tribe_events_cat?post=9927"}],"curies":[{"name":"wp","href":"https:\/\/api.w.org\/{rel}","templated":true}]}}

Journée mondiale du migrant et du réfugié

<p>Journée mondiale du migrant et du réfugié relayée par le diocèse de Saintes et La Rochelle</p>
