{"id":9312,"date":"2023-08-12T16:51:06","date_gmt":"2023-08-12T14:51:06","guid":{"rendered":"https:\/\/catholiques17.fr\/oleron\/?post_type=tribe_events&#038;p=9312"},"modified":"2023-08-12T16:51:06","modified_gmt":"2023-08-12T14:51:06","slug":"messe-chapelle-de-la-perroche","status":"publish","type":"tribe_events","link":"https:\/\/catholiques17.fr\/oleron\/event\/messe-chapelle-de-la-perroche\/","title":{"rendered":"Messe chapelle de la Perroche"},"content":{"rendered":"<p>Cette chapelle de style roman (d\u00e9but du XIIe si\u00e8cle),est exceptionnellement ouverte pour la messe du 15 ao\u00fbt.<\/p>\n","protected":false},"excerpt":{"rendered":"<p>Cette chapelle de style roman (d\u00e9but du XIIe si\u00e8cle),est exceptionnellement ouverte pour la messe du 15 ao\u00fbt.<\/p>\n","protected":false},"author":40,"featured_media":0,"template":"","meta":{"_et_pb_use_builder":"","_et_pb_old_content":"","_et_gb_content_width":"","_tribe_events_status":"","_tribe_events_status_reason":"","footnotes":""},"tags":[],"tribe_events_cat":[32],"class_list":["post-9312","tribe_events","type-tribe_events","status-publish","hentry","tribe_events_cat-celebrations","cat_celebrations"],"_links":{"self":[{"href":"https:\/\/catholiques17.fr\/oleron\/wp-json\/wp\/v2\/tribe_events\/9312","targetHints":{"allow":["GET"]}}],"collection":[{"href":"https:\/\/catholiques17.fr\/oleron\/wp-json\/wp\/v2\/tribe_events"}],"about":[{"href":"https:\/\/catholiques17.fr\/oleron\/wp-json\/wp\/v2\/types\/tribe_events"}],"author":[{"embeddable":true,"href":"https:\/\/catholiques17.fr\/oleron\/wp-json\/wp\/v2\/users\/40"}],"version-history":[{"count":2,"href":"https:\/\/catholiques17.fr\/oleron\/wp-json\/wp\/v2\/tribe_events\/9312\/revisions"}],"predecessor-version":[{"id":9316,"href":"https:\/\/catholiques17.fr\/oleron\/wp-json\/wp\/v2\/tribe_events\/9312\/revisions\/9316"}],"wp:attachment":[{"href":"https:\/\/catholiques17.fr\/oleron\/wp-json\/wp\/v2\/media?parent=9312"}],"wp:term":[{"taxonomy":"post_tag","embeddable":true,"href":"https:\/\/catholiques17.fr\/oleron\/wp-json\/wp\/v2\/tags?post=9312"},{"taxonomy":"tribe_events_cat","embeddable":true,"href":"https:\/\/catholiques17.fr\/oleron\/wp-json\/wp\/v2\/tribe_events_cat?post=9312"}],"curies":[{"name":"wp","href":"https:\/\/api.w.org\/{rel}","templated":true}]}}

<p>Cette chapelle de style roman (début du XIIe siècle),est exceptionnellement ouverte pour la messe du 15 août.</p>
