{"id":9279,"date":"2023-07-28T17:37:39","date_gmt":"2023-07-28T15:37:39","guid":{"rendered":"https:\/\/catholiques17.fr\/oleron\/?post_type=tribe_events&#038;p=9279"},"modified":"2023-07-28T17:37:39","modified_gmt":"2023-07-28T15:37:39","slug":"brocante-paroissiale-a-dolus","status":"publish","type":"tribe_events","link":"https:\/\/catholiques17.fr\/oleron\/event\/brocante-paroissiale-a-dolus\/","title":{"rendered":"BROCANTE paroissiale \u00e0 Dolus"},"content":{"rendered":"<p>Brocante annuelle organis\u00e9e par la paroisse d&rsquo;Ol\u00e9ron sur le parking de la salle paroissiale, situ\u00e9e derri\u00e8re l&rsquo;\u00e9glise.<br \/>\nMobilier, bibelots, vaisselle, livres, luminaires, stand buvette et gourmandises,<\/p>\n<p>&nbsp;<\/p>\n","protected":false},"excerpt":{"rendered":"<p>Brocante annuelle organis\u00e9e par la paroisse d&rsquo;Ol\u00e9ron sur le parking de la salle paroissiale, situ\u00e9e derri\u00e8re l&rsquo;\u00e9glise. Mobilier, bibelots, vaisselle, livres, luminaires, stand buvette et gourmandises, &nbsp;<\/p>\n","protected":false},"author":40,"featured_media":8254,"template":"","meta":{"_et_pb_use_builder":"","_et_pb_old_content":"","_et_gb_content_width":"","_tribe_events_status":"","_tribe_events_status_reason":"","footnotes":""},"tags":[],"tribe_events_cat":[44,43],"class_list":["post-9279","tribe_events","type-tribe_events","status-publish","has-post-thumbnail","hentry","tribe_events_cat-loisirs","tribe_events_cat-rencontre-paroissiale","cat_loisirs","cat_rencontre-paroissiale"],"_links":{"self":[{"href":"https:\/\/catholiques17.fr\/oleron\/wp-json\/wp\/v2\/tribe_events\/9279","targetHints":{"allow":["GET"]}}],"collection":[{"href":"https:\/\/catholiques17.fr\/oleron\/wp-json\/wp\/v2\/tribe_events"}],"about":[{"href":"https:\/\/catholiques17.fr\/oleron\/wp-json\/wp\/v2\/types\/tribe_events"}],"author":[{"embeddable":true,"href":"https:\/\/catholiques17.fr\/oleron\/wp-json\/wp\/v2\/users\/40"}],"version-history":[{"count":1,"href":"https:\/\/catholiques17.fr\/oleron\/wp-json\/wp\/v2\/tribe_events\/9279\/revisions"}],"predecessor-version":[{"id":9280,"href":"https:\/\/catholiques17.fr\/oleron\/wp-json\/wp\/v2\/tribe_events\/9279\/revisions\/9280"}],"wp:featuredmedia":[{"embeddable":true,"href":"https:\/\/catholiques17.fr\/oleron\/wp-json\/wp\/v2\/media\/8254"}],"wp:attachment":[{"href":"https:\/\/catholiques17.fr\/oleron\/wp-json\/wp\/v2\/media?parent=9279"}],"wp:term":[{"taxonomy":"post_tag","embeddable":true,"href":"https:\/\/catholiques17.fr\/oleron\/wp-json\/wp\/v2\/tags?post=9279"},{"taxonomy":"tribe_events_cat","embeddable":true,"href":"https:\/\/catholiques17.fr\/oleron\/wp-json\/wp\/v2\/tribe_events_cat?post=9279"}],"curies":[{"name":"wp","href":"https:\/\/api.w.org\/{rel}","templated":true}]}}

BROCANTE paroissiale à Dolus

<p>Brocante annuelle organisée par la paroisse d&rsquo;Oléron sur le parking de la salle paroissiale, située derrière l&rsquo;église.<br />
Mobilier, bibelots, vaisselle, livres, luminaires, stand buvette et gourmandises,</p>
<p>&nbsp;</p>

<p>Brocante annuelle organisée par la paroisse d&rsquo;Oléron sur le parking de la salle paroissiale, située derrière l&rsquo;église. Mobilier, bibelots, vaisselle, livres, luminaires, stand buvette et gourmandises, &nbsp;</p>
