{"id":8471,"date":"2022-11-16T13:47:57","date_gmt":"2022-11-16T12:47:57","guid":{"rendered":"https:\/\/catholiques17.fr\/oleron\/?post_type=tribe_events&#038;p=8471"},"modified":"2022-11-16T13:47:57","modified_gmt":"2022-11-16T12:47:57","slug":"messe-unique-a-st-pierre","status":"publish","type":"tribe_events","link":"https:\/\/catholiques17.fr\/oleron\/event\/messe-unique-a-st-pierre\/","title":{"rendered":"Messe unique \u00e0 St Pierre"},"content":{"rendered":"<p>Messe du dimanche pour toute l&rsquo;\u00eele d&rsquo;Ol\u00e9ron, suivi d&rsquo;un ap\u00e9ritif<\/p>\n","protected":false},"excerpt":{"rendered":"<p>Messe du dimanche pour toute l&rsquo;\u00eele d&rsquo;Ol\u00e9ron, suivi d&rsquo;un ap\u00e9ritif<\/p>\n","protected":false},"author":40,"featured_media":0,"template":"","meta":{"_et_pb_use_builder":"","_et_pb_old_content":"","_et_gb_content_width":"","_tribe_events_status":"","_tribe_events_status_reason":"","footnotes":""},"tags":[],"tribe_events_cat":[32],"class_list":["post-8471","tribe_events","type-tribe_events","status-publish","hentry","tribe_events_cat-celebrations","cat_celebrations"],"_links":{"self":[{"href":"https:\/\/catholiques17.fr\/oleron\/wp-json\/wp\/v2\/tribe_events\/8471","targetHints":{"allow":["GET"]}}],"collection":[{"href":"https:\/\/catholiques17.fr\/oleron\/wp-json\/wp\/v2\/tribe_events"}],"about":[{"href":"https:\/\/catholiques17.fr\/oleron\/wp-json\/wp\/v2\/types\/tribe_events"}],"author":[{"embeddable":true,"href":"https:\/\/catholiques17.fr\/oleron\/wp-json\/wp\/v2\/users\/40"}],"version-history":[{"count":2,"href":"https:\/\/catholiques17.fr\/oleron\/wp-json\/wp\/v2\/tribe_events\/8471\/revisions"}],"predecessor-version":[{"id":8474,"href":"https:\/\/catholiques17.fr\/oleron\/wp-json\/wp\/v2\/tribe_events\/8471\/revisions\/8474"}],"wp:attachment":[{"href":"https:\/\/catholiques17.fr\/oleron\/wp-json\/wp\/v2\/media?parent=8471"}],"wp:term":[{"taxonomy":"post_tag","embeddable":true,"href":"https:\/\/catholiques17.fr\/oleron\/wp-json\/wp\/v2\/tags?post=8471"},{"taxonomy":"tribe_events_cat","embeddable":true,"href":"https:\/\/catholiques17.fr\/oleron\/wp-json\/wp\/v2\/tribe_events_cat?post=8471"}],"curies":[{"name":"wp","href":"https:\/\/api.w.org\/{rel}","templated":true}]}}

Messe unique à St Pierre

<p>Messe du dimanche pour toute l&rsquo;île d&rsquo;Oléron, suivi d&rsquo;un apéritif</p>
