{"id":11334,"date":"2026-03-13T10:14:19","date_gmt":"2026-03-13T09:14:19","guid":{"rendered":"https:\/\/catholiques17.fr\/oleron\/?post_type=tribe_events&#038;p=11334"},"modified":"2026-03-20T21:29:20","modified_gmt":"2026-03-20T20:29:20","slug":"soiree-ccfd-sur-la-souverainete-alimentaire","status":"publish","type":"tribe_events","link":"https:\/\/catholiques17.fr\/oleron\/event\/soiree-ccfd-sur-la-souverainete-alimentaire\/","title":{"rendered":"Soir\u00e9e de Car\u00eame CCFD"},"content":{"rendered":"<div><em><strong><img loading=\"lazy\" decoding=\"async\" class=\"alignleft size-medium wp-image-11346\" src=\"https:\/\/catholiques17.fr\/oleron\/wp-content\/uploads\/sites\/30\/2026\/03\/careme-Oleron-CCFD-161x300.jpg\" alt=\"\" width=\"161\" height=\"300\" srcset=\"https:\/\/catholiques17.fr\/oleron\/wp-content\/uploads\/sites\/30\/2026\/03\/careme-Oleron-CCFD-161x300.jpg 161w, https:\/\/catholiques17.fr\/oleron\/wp-content\/uploads\/sites\/30\/2026\/03\/careme-Oleron-CCFD.jpg 428w\" sizes=\"(max-width: 161px) 100vw, 161px\" \/><\/strong><\/em><\/div>\n<p><em><strong>Comme chaque ann\u00e9e, l\u2019\u00e9quipe locale d\u2019Ol\u00e9ron du CCFD Terre Solidaire vous propose une soir\u00e9e de car\u00eame.\u00a0<\/strong><\/em><em><strong>Cette ann\u00e9e, nous essaierons une formule un peu plus \u00ab conviviale \u00bb, un \u00ab pot de l\u2019amiti\u00e9 \u00a0offert\u00bb, pour faire plus ample connaissance <\/strong><\/em><em><strong>entre nous.<\/strong><\/em><\/p>\n<p><em><strong>Bien \u00e9videmment, nous ne pouvons pas oublier avec qui nous sommes solidaires,\u00a0<\/strong><\/em><em><strong>donc, en pr\u00e9ambule, \u00e0\u00a018h30, salle paroissiale de Dolus, jeudi 26 mars,\u00a0<\/strong><\/em><em><strong>nous vous parlerons \u00ab\u00a0souverainet\u00e9 alimentaire\u00a0\u00bb au Tchad et au Maroc,\u00a0<\/strong><\/em><em><strong>en d\u00e9taillant un peu la vie des partenaires pr\u00e9sent\u00e9s les 2\u00e8me et 3\u00e8me dimanche de car\u00eame dans les livrets du CCFD Terre Solidaire, <\/strong><\/em><em><strong>\u00e0 l\u2019aide de diapos et d\u2019une courte vid\u00e9o.<br \/>\n<\/strong><\/em><em><strong>A bient\u00f4t \u00e0 Dolus !<br \/>\nClaire, Odile, Alain et Jacques<\/strong><\/em><\/p>\n","protected":false},"excerpt":{"rendered":"<p>Comme chaque ann\u00e9e, l\u2019\u00e9quipe locale d\u2019Ol\u00e9ron du CCFD Terre Solidaire vous propose une soir\u00e9e de car\u00eame.\u00a0Cette ann\u00e9e, nous essaierons une formule un peu plus \u00ab conviviale \u00bb, un \u00ab pot [&hellip;]<\/p>\n","protected":false},"author":89,"featured_media":0,"template":"","meta":{"_et_pb_use_builder":"","_et_pb_old_content":"","_et_gb_content_width":"","_tribe_events_status":"","_tribe_events_status_reason":"","footnotes":""},"tags":[],"tribe_events_cat":[43],"class_list":["post-11334","tribe_events","type-tribe_events","status-publish","hentry","tribe_events_cat-rencontre-paroissiale","cat_rencontre-paroissiale"],"_links":{"self":[{"href":"https:\/\/catholiques17.fr\/oleron\/wp-json\/wp\/v2\/tribe_events\/11334","targetHints":{"allow":["GET"]}}],"collection":[{"href":"https:\/\/catholiques17.fr\/oleron\/wp-json\/wp\/v2\/tribe_events"}],"about":[{"href":"https:\/\/catholiques17.fr\/oleron\/wp-json\/wp\/v2\/types\/tribe_events"}],"author":[{"embeddable":true,"href":"https:\/\/catholiques17.fr\/oleron\/wp-json\/wp\/v2\/users\/89"}],"version-history":[{"count":9,"href":"https:\/\/catholiques17.fr\/oleron\/wp-json\/wp\/v2\/tribe_events\/11334\/revisions"}],"predecessor-version":[{"id":11354,"href":"https:\/\/catholiques17.fr\/oleron\/wp-json\/wp\/v2\/tribe_events\/11334\/revisions\/11354"}],"wp:attachment":[{"href":"https:\/\/catholiques17.fr\/oleron\/wp-json\/wp\/v2\/media?parent=11334"}],"wp:term":[{"taxonomy":"post_tag","embeddable":true,"href":"https:\/\/catholiques17.fr\/oleron\/wp-json\/wp\/v2\/tags?post=11334"},{"taxonomy":"tribe_events_cat","embeddable":true,"href":"https:\/\/catholiques17.fr\/oleron\/wp-json\/wp\/v2\/tribe_events_cat?post=11334"}],"curies":[{"name":"wp","href":"https:\/\/api.w.org\/{rel}","templated":true}]}}

Soirée de Carême CCFD

<div><em><strong><img loading="lazy" decoding="async" class="alignleft size-medium wp-image-11346" src="https://catholiques17.fr/oleron/wp-content/uploads/sites/30/2026/03/careme-Oleron-CCFD-161x300.jpg" alt="" width="161" height="300" srcset="https://catholiques17.fr/oleron/wp-content/uploads/sites/30/2026/03/careme-Oleron-CCFD-161x300.jpg 161w, https://catholiques17.fr/oleron/wp-content/uploads/sites/30/2026/03/careme-Oleron-CCFD.jpg 428w" sizes="(max-width: 161px) 100vw, 161px" /></strong></em></div>
<p><em><strong>Comme chaque année, l’équipe locale d’Oléron du CCFD Terre Solidaire vous propose une soirée de carême. </strong></em><em><strong>Cette année, nous essaierons une formule un peu plus « conviviale », un « pot de l’amitié  offert», pour faire plus ample connaissance </strong></em><em><strong>entre nous.</strong></em></p>
<p><em><strong>Bien évidemment, nous ne pouvons pas oublier avec qui nous sommes solidaires, </strong></em><em><strong>donc, en préambule, à 18h30, salle paroissiale de Dolus, jeudi 26 mars, </strong></em><em><strong>nous vous parlerons « souveraineté alimentaire » au Tchad et au Maroc, </strong></em><em><strong>en détaillant un peu la vie des partenaires présentés les 2ème et 3ème dimanche de carême dans les livrets du CCFD Terre Solidaire, </strong></em><em><strong>à l’aide de diapos et d’une courte vidéo.<br />
</strong></em><em><strong>A bientôt à Dolus !<br />
Claire, Odile, Alain et Jacques</strong></em></p>

<p>Comme chaque année, l’équipe locale d’Oléron du CCFD Terre Solidaire vous propose une soirée de carême. Cette année, nous essaierons une formule un peu plus « conviviale », un « pot [&hellip;]</p>
