{"id":11310,"date":"2026-03-10T18:55:19","date_gmt":"2026-03-10T17:55:19","guid":{"rendered":"https:\/\/catholiques17.fr\/oleron\/?post_type=tribe_events&#038;p=11310"},"modified":"2026-03-10T18:56:04","modified_gmt":"2026-03-10T17:56:04","slug":"rencontre-des-chretiens-separes-divorces-engages-dans-une-nouvelle-union","status":"publish","type":"tribe_events","link":"https:\/\/catholiques17.fr\/oleron\/event\/rencontre-des-chretiens-separes-divorces-engages-dans-une-nouvelle-union\/","title":{"rendered":"Rencontre des chr\u00e9tiens s\u00e9par\u00e9s, divorc\u00e9s, engag\u00e9s dans une nouvelle union"},"content":{"rendered":"<h3>Samedi 21 mars \u00e0 14h30<\/h3>\n<h3 style=\"text-align: left\">Maison paroissiale de Dolus<\/h3>\n<h3 style=\"text-align: left\">1 rue du cimeti\u00e8re<\/h3>\n","protected":false},"excerpt":{"rendered":"<p>Samedi 21 mars \u00e0 14h30 Maison paroissiale de Dolus 1 rue du cimeti\u00e8re<\/p>\n","protected":false},"author":89,"featured_media":11311,"template":"","meta":{"_et_pb_use_builder":"","_et_pb_old_content":"","_et_gb_content_width":"","_tribe_events_status":"","_tribe_events_status_reason":"","footnotes":""},"tags":[],"tribe_events_cat":[],"class_list":["post-11310","tribe_events","type-tribe_events","status-publish","has-post-thumbnail","hentry"],"_links":{"self":[{"href":"https:\/\/catholiques17.fr\/oleron\/wp-json\/wp\/v2\/tribe_events\/11310","targetHints":{"allow":["GET"]}}],"collection":[{"href":"https:\/\/catholiques17.fr\/oleron\/wp-json\/wp\/v2\/tribe_events"}],"about":[{"href":"https:\/\/catholiques17.fr\/oleron\/wp-json\/wp\/v2\/types\/tribe_events"}],"author":[{"embeddable":true,"href":"https:\/\/catholiques17.fr\/oleron\/wp-json\/wp\/v2\/users\/89"}],"version-history":[{"count":2,"href":"https:\/\/catholiques17.fr\/oleron\/wp-json\/wp\/v2\/tribe_events\/11310\/revisions"}],"predecessor-version":[{"id":11313,"href":"https:\/\/catholiques17.fr\/oleron\/wp-json\/wp\/v2\/tribe_events\/11310\/revisions\/11313"}],"wp:featuredmedia":[{"embeddable":true,"href":"https:\/\/catholiques17.fr\/oleron\/wp-json\/wp\/v2\/media\/11311"}],"wp:attachment":[{"href":"https:\/\/catholiques17.fr\/oleron\/wp-json\/wp\/v2\/media?parent=11310"}],"wp:term":[{"taxonomy":"post_tag","embeddable":true,"href":"https:\/\/catholiques17.fr\/oleron\/wp-json\/wp\/v2\/tags?post=11310"},{"taxonomy":"tribe_events_cat","embeddable":true,"href":"https:\/\/catholiques17.fr\/oleron\/wp-json\/wp\/v2\/tribe_events_cat?post=11310"}],"curies":[{"name":"wp","href":"https:\/\/api.w.org\/{rel}","templated":true}]}}

Rencontre des chrétiens séparés, divorcés, engagés dans une nouvelle union

<h3>Samedi 21 mars à 14h30</h3>
<h3 style="text-align: left">Maison paroissiale de Dolus</h3>
<h3 style="text-align: left">1 rue du cimetière</h3>

<p>Samedi 21 mars à 14h30 Maison paroissiale de Dolus 1 rue du cimetière</p>
