{"id":11308,"date":"2026-03-10T18:48:30","date_gmt":"2026-03-10T17:48:30","guid":{"rendered":"https:\/\/catholiques17.fr\/oleron\/?post_type=tribe_events&#038;p=11308"},"modified":"2026-03-12T14:34:55","modified_gmt":"2026-03-12T13:34:55","slug":"conference-sur-lhistoire-du-careme","status":"publish","type":"tribe_events","link":"https:\/\/catholiques17.fr\/oleron\/event\/conference-sur-lhistoire-du-careme\/","title":{"rendered":"Conf\u00e9rence sur l&rsquo;Histoire du Car\u00eame"},"content":{"rendered":"<p style=\"text-align: left\" align=\"center\"><span style=\"font-size: x-large\"><b>Conf\u00e9rence \u00ab\u00a0la joie sous les Cendres\u00a0\u00bb de Thierry BOBINET<\/b><\/span><\/p>\n<p style=\"text-align: left\" align=\"center\"><span style=\"font-size: xx-large\"><b>Jeudi 12 mars 2026 \u00e0 19h<\/b><\/span><\/p>\n<p style=\"text-align: left\" align=\"center\"><span style=\"font-size: xx-large\"><b>Maison paroissiale de DOLUS<\/b><\/span><\/p>\n<p style=\"text-align: left\" align=\"center\"><span style=\"font-size: xx-large\"><b>Rue des chapelles<\/b><\/span><\/p>\n<p style=\"text-align: left\" align=\"center\"><span style=\"font-size: x-large\"><b>Entr\u00e9e libre &#8211; Pas de r\u00e9servation &#8211; Repas partag\u00e9<\/b><\/span><\/p>\n","protected":false},"excerpt":{"rendered":"<p>Conf\u00e9rence \u00ab\u00a0la joie sous les Cendres\u00a0\u00bb de Thierry BOBINET Jeudi 12 mars 2026 \u00e0 19h Maison paroissiale de DOLUS Rue des chapelles Entr\u00e9e libre &#8211; Pas de r\u00e9servation &#8211; Repas [&hellip;]<\/p>\n","protected":false},"author":89,"featured_media":11307,"template":"","meta":{"_et_pb_use_builder":"","_et_pb_old_content":"","_et_gb_content_width":"","_tribe_events_status":"","_tribe_events_status_reason":"","footnotes":""},"tags":[],"tribe_events_cat":[],"class_list":["post-11308","tribe_events","type-tribe_events","status-publish","has-post-thumbnail","hentry"],"_links":{"self":[{"href":"https:\/\/catholiques17.fr\/oleron\/wp-json\/wp\/v2\/tribe_events\/11308","targetHints":{"allow":["GET"]}}],"collection":[{"href":"https:\/\/catholiques17.fr\/oleron\/wp-json\/wp\/v2\/tribe_events"}],"about":[{"href":"https:\/\/catholiques17.fr\/oleron\/wp-json\/wp\/v2\/types\/tribe_events"}],"author":[{"embeddable":true,"href":"https:\/\/catholiques17.fr\/oleron\/wp-json\/wp\/v2\/users\/89"}],"version-history":[{"count":4,"href":"https:\/\/catholiques17.fr\/oleron\/wp-json\/wp\/v2\/tribe_events\/11308\/revisions"}],"predecessor-version":[{"id":11325,"href":"https:\/\/catholiques17.fr\/oleron\/wp-json\/wp\/v2\/tribe_events\/11308\/revisions\/11325"}],"wp:featuredmedia":[{"embeddable":true,"href":"https:\/\/catholiques17.fr\/oleron\/wp-json\/wp\/v2\/media\/11307"}],"wp:attachment":[{"href":"https:\/\/catholiques17.fr\/oleron\/wp-json\/wp\/v2\/media?parent=11308"}],"wp:term":[{"taxonomy":"post_tag","embeddable":true,"href":"https:\/\/catholiques17.fr\/oleron\/wp-json\/wp\/v2\/tags?post=11308"},{"taxonomy":"tribe_events_cat","embeddable":true,"href":"https:\/\/catholiques17.fr\/oleron\/wp-json\/wp\/v2\/tribe_events_cat?post=11308"}],"curies":[{"name":"wp","href":"https:\/\/api.w.org\/{rel}","templated":true}]}}

Conférence sur l&rsquo;Histoire du Carême

<p style="text-align: left" align="center"><span style="font-size: x-large"><b>Conférence « la joie sous les Cendres » de Thierry BOBINET</b></span></p>
<p style="text-align: left" align="center"><span style="font-size: xx-large"><b>Jeudi 12 mars 2026 à 19h</b></span></p>
<p style="text-align: left" align="center"><span style="font-size: xx-large"><b>Maison paroissiale de DOLUS</b></span></p>
<p style="text-align: left" align="center"><span style="font-size: xx-large"><b>Rue des chapelles</b></span></p>
<p style="text-align: left" align="center"><span style="font-size: x-large"><b>Entrée libre &#8211; Pas de réservation &#8211; Repas partagé</b></span></p>

<p>Conférence « la joie sous les Cendres » de Thierry BOBINET Jeudi 12 mars 2026 à 19h Maison paroissiale de DOLUS Rue des chapelles Entrée libre &#8211; Pas de réservation &#8211; Repas [&hellip;]</p>
