{"id":11301,"date":"2026-03-10T13:35:47","date_gmt":"2026-03-10T12:35:47","guid":{"rendered":"https:\/\/catholiques17.fr\/oleron\/?post_type=tribe_events&#038;p=11301"},"modified":"2026-03-13T09:57:30","modified_gmt":"2026-03-13T08:57:30","slug":"conference-sur-les-peres-et-docteurs-de-leglise","status":"publish","type":"tribe_events","link":"https:\/\/catholiques17.fr\/oleron\/event\/conference-sur-les-peres-et-docteurs-de-leglise\/","title":{"rendered":"Conf\u00e9rence sur les P\u00e8res et les Docteurs de l\u2019Eglise"},"content":{"rendered":"<p style=\"text-align: left\" align=\"center\"><span style=\"font-size: xx-large\"><b>Par Jean-Pierre Chaboche<\/b><\/span><\/p>\n<p style=\"text-align: left\" align=\"center\"><span style=\"font-size: xx-large\"><b><br \/>\nJeudi 19 mars 2026 \u00e0 19h<\/b><\/span><\/p>\n<p style=\"text-align: left\" align=\"center\"><span style=\"font-size: xx-large\"><b>Maison paroissiale de DOLUS<\/b><\/span><\/p>\n<p style=\"text-align: left\" align=\"center\"><span style=\"font-size: xx-large\"><b>Rue des Chapelles<\/b><\/span><\/p>\n<p style=\"text-align: left\" align=\"center\"><span style=\"font-size: x-large\"><b>Entr\u00e9e libre &#8211; Pas de r\u00e9servation &#8211; Repas partag\u00e9<\/b><\/span><\/p>\n","protected":false},"excerpt":{"rendered":"<p>Par Jean-Pierre Chaboche Jeudi 19 mars 2026 \u00e0 19h Maison paroissiale de DOLUS Rue des Chapelles Entr\u00e9e libre &#8211; Pas de r\u00e9servation &#8211; Repas partag\u00e9<\/p>\n","protected":false},"author":89,"featured_media":11302,"template":"","meta":{"_et_pb_use_builder":"","_et_pb_old_content":"","_et_gb_content_width":"","_tribe_events_status":"","_tribe_events_status_reason":"","footnotes":""},"tags":[],"tribe_events_cat":[40],"class_list":["post-11301","tribe_events","type-tribe_events","status-publish","has-post-thumbnail","hentry","tribe_events_cat-enseignement-et-partage","cat_enseignement-et-partage"],"_links":{"self":[{"href":"https:\/\/catholiques17.fr\/oleron\/wp-json\/wp\/v2\/tribe_events\/11301","targetHints":{"allow":["GET"]}}],"collection":[{"href":"https:\/\/catholiques17.fr\/oleron\/wp-json\/wp\/v2\/tribe_events"}],"about":[{"href":"https:\/\/catholiques17.fr\/oleron\/wp-json\/wp\/v2\/types\/tribe_events"}],"author":[{"embeddable":true,"href":"https:\/\/catholiques17.fr\/oleron\/wp-json\/wp\/v2\/users\/89"}],"version-history":[{"count":7,"href":"https:\/\/catholiques17.fr\/oleron\/wp-json\/wp\/v2\/tribe_events\/11301\/revisions"}],"predecessor-version":[{"id":11327,"href":"https:\/\/catholiques17.fr\/oleron\/wp-json\/wp\/v2\/tribe_events\/11301\/revisions\/11327"}],"wp:featuredmedia":[{"embeddable":true,"href":"https:\/\/catholiques17.fr\/oleron\/wp-json\/wp\/v2\/media\/11302"}],"wp:attachment":[{"href":"https:\/\/catholiques17.fr\/oleron\/wp-json\/wp\/v2\/media?parent=11301"}],"wp:term":[{"taxonomy":"post_tag","embeddable":true,"href":"https:\/\/catholiques17.fr\/oleron\/wp-json\/wp\/v2\/tags?post=11301"},{"taxonomy":"tribe_events_cat","embeddable":true,"href":"https:\/\/catholiques17.fr\/oleron\/wp-json\/wp\/v2\/tribe_events_cat?post=11301"}],"curies":[{"name":"wp","href":"https:\/\/api.w.org\/{rel}","templated":true}]}}

Conférence sur les Pères et les Docteurs de l’Eglise

<p style="text-align: left" align="center"><span style="font-size: xx-large"><b>Par Jean-Pierre Chaboche</b></span></p>
<p style="text-align: left" align="center"><span style="font-size: xx-large"><b><br />
Jeudi 19 mars 2026 à 19h</b></span></p>
<p style="text-align: left" align="center"><span style="font-size: xx-large"><b>Maison paroissiale de DOLUS</b></span></p>
<p style="text-align: left" align="center"><span style="font-size: xx-large"><b>Rue des Chapelles</b></span></p>
<p style="text-align: left" align="center"><span style="font-size: x-large"><b>Entrée libre &#8211; Pas de réservation &#8211; Repas partagé</b></span></p>

<p>Par Jean-Pierre Chaboche Jeudi 19 mars 2026 à 19h Maison paroissiale de DOLUS Rue des Chapelles Entrée libre &#8211; Pas de réservation &#8211; Repas partagé</p>
