{"id":10082,"date":"2024-10-24T10:33:04","date_gmt":"2024-10-24T08:33:04","guid":{"rendered":"https:\/\/catholiques17.fr\/oleron\/?post_type=tribe_events&#038;p=10082"},"modified":"2024-10-24T10:33:04","modified_gmt":"2024-10-24T08:33:04","slug":"messes-de-la-toussaint","status":"publish","type":"tribe_events","link":"https:\/\/catholiques17.fr\/oleron\/event\/messes-de-la-toussaint\/","title":{"rendered":"Messes de la Toussaint"},"content":{"rendered":"<p>A l&rsquo;occasion de la f\u00eate de la Toussaint, diff\u00e9rentes messes seront c\u00e9l\u00e9br\u00e9es dans notre paroisse :<\/p>\n<p>&#8211; Ch\u00e2teau d&rsquo;Ol\u00e9ron \u00e0 10h30<\/p>\n<p>&#8211; Saint Pierre d&rsquo;Ol\u00e9ron \u00e0 10h30<\/p>\n<p>&#8211; St Georges \u00e0 10h30<\/p>\n","protected":false},"excerpt":{"rendered":"<p>A l&rsquo;occasion de la f\u00eate de la Toussaint, diff\u00e9rentes messes seront c\u00e9l\u00e9br\u00e9es dans notre paroisse : &#8211; Ch\u00e2teau d&rsquo;Ol\u00e9ron \u00e0 10h30 &#8211; Saint Pierre d&rsquo;Ol\u00e9ron \u00e0 10h30 &#8211; St Georges [&hellip;]<\/p>\n","protected":false},"author":4,"featured_media":10081,"template":"","meta":{"_et_pb_use_builder":"","_et_pb_old_content":"","_et_gb_content_width":"","_tribe_events_status":"","_tribe_events_status_reason":"","footnotes":""},"tags":[],"tribe_events_cat":[],"class_list":["post-10082","tribe_events","type-tribe_events","status-publish","has-post-thumbnail","hentry"],"_links":{"self":[{"href":"https:\/\/catholiques17.fr\/oleron\/wp-json\/wp\/v2\/tribe_events\/10082","targetHints":{"allow":["GET"]}}],"collection":[{"href":"https:\/\/catholiques17.fr\/oleron\/wp-json\/wp\/v2\/tribe_events"}],"about":[{"href":"https:\/\/catholiques17.fr\/oleron\/wp-json\/wp\/v2\/types\/tribe_events"}],"author":[{"embeddable":true,"href":"https:\/\/catholiques17.fr\/oleron\/wp-json\/wp\/v2\/users\/4"}],"version-history":[{"count":1,"href":"https:\/\/catholiques17.fr\/oleron\/wp-json\/wp\/v2\/tribe_events\/10082\/revisions"}],"predecessor-version":[{"id":10083,"href":"https:\/\/catholiques17.fr\/oleron\/wp-json\/wp\/v2\/tribe_events\/10082\/revisions\/10083"}],"wp:featuredmedia":[{"embeddable":true,"href":"https:\/\/catholiques17.fr\/oleron\/wp-json\/wp\/v2\/media\/10081"}],"wp:attachment":[{"href":"https:\/\/catholiques17.fr\/oleron\/wp-json\/wp\/v2\/media?parent=10082"}],"wp:term":[{"taxonomy":"post_tag","embeddable":true,"href":"https:\/\/catholiques17.fr\/oleron\/wp-json\/wp\/v2\/tags?post=10082"},{"taxonomy":"tribe_events_cat","embeddable":true,"href":"https:\/\/catholiques17.fr\/oleron\/wp-json\/wp\/v2\/tribe_events_cat?post=10082"}],"curies":[{"name":"wp","href":"https:\/\/api.w.org\/{rel}","templated":true}]}}

<p>A l&rsquo;occasion de la fête de la Toussaint, différentes messes seront célébrées dans notre paroisse :</p>
<p>&#8211; Château d&rsquo;Oléron à 10h30</p>
<p>&#8211; Saint Pierre d&rsquo;Oléron à 10h30</p>
<p>&#8211; St Georges à 10h30</p>

<p>A l&rsquo;occasion de la fête de la Toussaint, différentes messes seront célébrées dans notre paroisse : &#8211; Château d&rsquo;Oléron à 10h30 &#8211; Saint Pierre d&rsquo;Oléron à 10h30 &#8211; St Georges [&hellip;]</p>
