{"id":7729,"date":"2022-06-28T15:50:35","date_gmt":"2022-06-28T13:50:35","guid":{"rendered":"https:\/\/catholiques17.fr\/oleron\/?page_id=7729"},"modified":"2022-06-30T15:05:14","modified_gmt":"2022-06-30T13:05:14","slug":"ordre-de-malte","status":"publish","type":"page","link":"https:\/\/catholiques17.fr\/oleron\/solidarite\/ordre-de-malte\/","title":{"rendered":"Ordre de Malte"},"content":{"rendered":"<p>[et_pb_section fb_built=\u00a0\u00bb1&Prime; _builder_version=\u00a0\u00bb4.11.1&Prime; _module_preset=\u00a0\u00bbdefault\u00a0\u00bb global_colors_info=\u00a0\u00bb{}\u00a0\u00bb][et_pb_row column_structure=\u00a0\u00bb2_5,3_5&Prime; _builder_version=\u00a0\u00bb4.11.1&Prime; _module_preset=\u00a0\u00bbdefault\u00a0\u00bb global_colors_info=\u00a0\u00bb{}\u00a0\u00bb][et_pb_column type=\u00a0\u00bb2_5&Prime; _builder_version=\u00a0\u00bb4.11.1&Prime; _module_preset=\u00a0\u00bbdefault\u00a0\u00bb global_colors_info=\u00a0\u00bb{}\u00a0\u00bb][et_pb_image src=\u00a0\u00bbhttps:\/\/catholiques17.fr\/oleron\/wp-content\/uploads\/sites\/30\/2022\/06\/1200px-Insignia_Malta_Order_Sovereign_Military_Order_of_Malta.svg_.png\u00a0\u00bb title_text=\u00a0\u00bb1200px-Insignia_Malta_Order_Sovereign_Military_Order_of_Malta.svg\u00a0\u00bb _builder_version=\u00a0\u00bb4.11.1&Prime; _module_preset=\u00a0\u00bbdefault\u00a0\u00bb global_colors_info=\u00a0\u00bb{}\u00a0\u00bb][\/et_pb_image][\/et_pb_column][et_pb_column type=\u00a0\u00bb3_5&Prime; _builder_version=\u00a0\u00bb4.11.1&Prime; _module_preset=\u00a0\u00bbdefault\u00a0\u00bb global_colors_info=\u00a0\u00bb{}\u00a0\u00bb][et_pb_text _builder_version=\u00a0\u00bb4.11.1&Prime; _module_preset=\u00a0\u00bbdefault\u00a0\u00bb hover_enabled=\u00a0\u00bb0&Prime; global_colors_info=\u00a0\u00bb{}\u00a0\u00bb sticky_enabled=\u00a0\u00bb0&Prime;]<\/p>\n<h2><span style=\"color: #008080;\"><strong><span style=\"text-decoration: underline;\">Ordre de Malte France<\/span><\/strong><\/span><\/h2>\n<p><span style=\"font-family: arial, helvetica, sans-serif;\"><span style=\"font-size: medium;\">D\u00e9l\u00e9gation Charente-Maritime<\/span><\/span><\/p>\n<p><span style=\"font-family: arial, helvetica, sans-serif;\"><span style=\"font-size: medium;\">Solidarit\u00e9 : Petits-d\u00e9jeuners &#8211; Maraudes<\/span><\/span><\/p>\n<p><span style=\"font-family: arial, helvetica, sans-serif;\"><span style=\"font-size: medium;\">Soutien aux personnes en situation d&rsquo;handicap : MAS St Jean de J\u00e9rusalem <\/span><\/span><\/p>\n<p><span style=\"font-family: arial, helvetica, sans-serif;\"><span style=\"font-size: medium;\">\u00e0 Rochefort MAS St Jean\u00a0<\/span><\/span><\/p>\n<p>&nbsp;<\/p>\n<p><span style=\"font-family: arial, helvetica, sans-serif;\"><span style=\"font-size: medium;\"><span style=\"text-decoration: underline;\">D\u00e9l\u00e9gu\u00e9e D\u00e9partementale<\/span> (17): Fr\u00e9d\u00e9rique Gouyen\u00a0 06.86.84.54.89<\/span><\/span><span style=\"text-decoration: underline;\"><a name=\"LPlnk988976\"><\/a><\/span><span style=\"color: #000080;\"><span lang=\"zxx\"><a href=\"mailto:delegation17@ordredemaltefrance.org\" target=\"_blank\" rel=\"noopener\"><span style=\"font-family: arial, helvetica, sans-serif;\"><span style=\"font-size: medium;\">\u00a0 &#8211;\u00a0 <\/span><\/span><\/a><a href=\"mailto:delegation17@ordredemaltefrance.org\" target=\"_blank\" rel=\"noopener\"><span style=\"font-family: arial, helvetica, sans-serif;\"><span style=\"font-size: medium;\">delegation17@ordredemaltefrance.org<\/span><\/span><\/a><\/span><\/span><\/p>\n<p>[\/et_pb_text][\/et_pb_column][\/et_pb_row][et_pb_row _builder_version=\u00a0\u00bb4.11.1&Prime; _module_preset=\u00a0\u00bbdefault\u00a0\u00bb global_colors_info=\u00a0\u00bb{}\u00a0\u00bb][et_pb_column type=\u00a0\u00bb4_4&Prime; _builder_version=\u00a0\u00bb4.11.1&Prime; _module_preset=\u00a0\u00bbdefault\u00a0\u00bb global_colors_info=\u00a0\u00bb{}\u00a0\u00bb][et_pb_divider _builder_version=\u00a0\u00bb4.11.1&Prime; _module_preset=\u00a0\u00bbdefault\u00a0\u00bb global_colors_info=\u00a0\u00bb{}\u00a0\u00bb][\/et_pb_divider][\/et_pb_column][\/et_pb_row][et_pb_row _builder_version=\u00a0\u00bb4.11.1&Prime; _module_preset=\u00a0\u00bbdefault\u00a0\u00bb global_colors_info=\u00a0\u00bb{}\u00a0\u00bb][et_pb_column type=\u00a0\u00bb4_4&Prime; _builder_version=\u00a0\u00bb4.11.1&Prime; _module_preset=\u00a0\u00bbdefault\u00a0\u00bb global_colors_info=\u00a0\u00bb{}\u00a0\u00bb][et_pb_cta title=\u00a0\u00bbSite national\u00a0\u00bb button_url=\u00a0\u00bbhttps:\/\/www.ordredemaltefrance.org\/\u00a0\u00bb button_text=\u00a0\u00bbClics\u00a0\u00bb _builder_version=\u00a0\u00bb4.11.1&Prime; _module_preset=\u00a0\u00bbdefault\u00a0\u00bb custom_button=\u00a0\u00bbon\u00a0\u00bb button_icon=\u00a0\u00bb%%28%%\u00a0\u00bb width=\u00a0\u00bb35%\u00a0\u00bb width_tablet=\u00a0\u00bb\u00a0\u00bb width_phone=\u00a0\u00bb\u00a0\u00bb width_last_edited=\u00a0\u00bbon|desktop\u00a0\u00bb min_height=\u00a0\u00bb226px\u00a0\u00bb min_height_tablet=\u00a0\u00bb\u00a0\u00bb min_height_phone=\u00a0\u00bb\u00a0\u00bb min_height_last_edited=\u00a0\u00bbon|desktop\u00a0\u00bb height=\u00a0\u00bb149px\u00a0\u00bb height_tablet=\u00a0\u00bb\u00a0\u00bb height_phone=\u00a0\u00bb\u00a0\u00bb height_last_edited=\u00a0\u00bbon|desktop\u00a0\u00bb link_option_url_new_window=\u00a0\u00bbon\u00a0\u00bb border_radii=\u00a0\u00bbon|20px|20px|20px|20px\u00a0\u00bb box_shadow_style_button=\u00a0\u00bbpreset2&Prime; global_colors_info=\u00a0\u00bb{}\u00a0\u00bb]<\/p>\n<p>de l&rsquo;Ordre de Malte<\/p>\n<p>[\/et_pb_cta][\/et_pb_column][\/et_pb_row][\/et_pb_section]<\/p>\n","protected":false},"excerpt":{"rendered":"<p>Ordre de Malte France D\u00e9l\u00e9gation Charente-Maritime Solidarit\u00e9 : Petits-d\u00e9jeuners &#8211; Maraudes Soutien aux personnes en situation d&rsquo;handicap : MAS St Jean de J\u00e9rusalem \u00e0 Rochefort MAS St Jean\u00a0 &nbsp; D\u00e9l\u00e9gu\u00e9e [&hellip;]<\/p>\n","protected":false},"author":4,"featured_media":0,"parent":6627,"menu_order":0,"comment_status":"closed","ping_status":"closed","template":"","meta":{"_et_pb_use_builder":"on","_et_pb_old_content":"<!-- wp:spacer {\"height\":47} -->\n<div style=\"height:47px\" aria-hidden=\"true\" class=\"wp-block-spacer\"><\/div>\n<!-- \/wp:spacer -->","_et_gb_content_width":"","footnotes":""},"class_list":["post-7729","page","type-page","status-publish","hentry"],"_links":{"self":[{"href":"https:\/\/catholiques17.fr\/oleron\/wp-json\/wp\/v2\/pages\/7729","targetHints":{"allow":["GET"]}}],"collection":[{"href":"https:\/\/catholiques17.fr\/oleron\/wp-json\/wp\/v2\/pages"}],"about":[{"href":"https:\/\/catholiques17.fr\/oleron\/wp-json\/wp\/v2\/types\/page"}],"author":[{"embeddable":true,"href":"https:\/\/catholiques17.fr\/oleron\/wp-json\/wp\/v2\/users\/4"}],"replies":[{"embeddable":true,"href":"https:\/\/catholiques17.fr\/oleron\/wp-json\/wp\/v2\/comments?post=7729"}],"version-history":[{"count":5,"href":"https:\/\/catholiques17.fr\/oleron\/wp-json\/wp\/v2\/pages\/7729\/revisions"}],"predecessor-version":[{"id":7874,"href":"https:\/\/catholiques17.fr\/oleron\/wp-json\/wp\/v2\/pages\/7729\/revisions\/7874"}],"up":[{"embeddable":true,"href":"https:\/\/catholiques17.fr\/oleron\/wp-json\/wp\/v2\/pages\/6627"}],"wp:attachment":[{"href":"https:\/\/catholiques17.fr\/oleron\/wp-json\/wp\/v2\/media?parent=7729"}],"curies":[{"name":"wp","href":"https:\/\/api.w.org\/{rel}","templated":true}]}}

<p>[et_pb_section fb_built= »1&Prime; _builder_version= »4.11.1&Prime; _module_preset= »default » global_colors_info= »{} »][et_pb_row column_structure= »2_5,3_5&Prime; _builder_version= »4.11.1&Prime; _module_preset= »default » global_colors_info= »{} »][et_pb_column type= »2_5&Prime; _builder_version= »4.11.1&Prime; _module_preset= »default » global_colors_info= »{} »][et_pb_image src= »https://catholiques17.fr/oleron/wp-content/uploads/sites/30/2022/06/1200px-Insignia_Malta_Order_Sovereign_Military_Order_of_Malta.svg_.png » title_text= »1200px-Insignia_Malta_Order_Sovereign_Military_Order_of_Malta.svg » _builder_version= »4.11.1&Prime; _module_preset= »default » global_colors_info= »{} »][/et_pb_image][/et_pb_column][et_pb_column type= »3_5&Prime; _builder_version= »4.11.1&Prime; _module_preset= »default » global_colors_info= »{} »][et_pb_text _builder_version= »4.11.1&Prime; _module_preset= »default » hover_enabled= »0&Prime; global_colors_info= »{} » sticky_enabled= »0&Prime;]</p>
<h2><span style="color: #008080;"><strong><span style="text-decoration: underline;">Ordre de Malte France</span></strong></span></h2>
<p><span style="font-family: arial, helvetica, sans-serif;"><span style="font-size: medium;">Délégation Charente-Maritime</span></span></p>
<p><span style="font-family: arial, helvetica, sans-serif;"><span style="font-size: medium;">Solidarité : Petits-déjeuners &#8211; Maraudes</span></span></p>
<p><span style="font-family: arial, helvetica, sans-serif;"><span style="font-size: medium;">Soutien aux personnes en situation d&rsquo;handicap : MAS St Jean de Jérusalem </span></span></p>
<p><span style="font-family: arial, helvetica, sans-serif;"><span style="font-size: medium;">à Rochefort MAS St Jean </span></span></p>
<p>&nbsp;</p>
<p><span style="font-family: arial, helvetica, sans-serif;"><span style="font-size: medium;"><span style="text-decoration: underline;">Déléguée Départementale</span> (17): Frédérique Gouyen  06.86.84.54.89</span></span><span style="text-decoration: underline;"><a name="LPlnk988976"></a></span><span style="color: #000080;"><span lang="zxx"><a href="mailto:delegation17@ordredemaltefrance.org" target="_blank" rel="noopener"><span style="font-family: arial, helvetica, sans-serif;"><span style="font-size: medium;">  &#8211;  </span></span></a><a href="mailto:delegation17@ordredemaltefrance.org" target="_blank" rel="noopener"><span style="font-family: arial, helvetica, sans-serif;"><span style="font-size: medium;">delegation17@ordredemaltefrance.org</span></span></a></span></span></p>
<p>[/et_pb_text][/et_pb_column][/et_pb_row][et_pb_row _builder_version= »4.11.1&Prime; _module_preset= »default » global_colors_info= »{} »][et_pb_column type= »4_4&Prime; _builder_version= »4.11.1&Prime; _module_preset= »default » global_colors_info= »{} »][et_pb_divider _builder_version= »4.11.1&Prime; _module_preset= »default » global_colors_info= »{} »][/et_pb_divider][/et_pb_column][/et_pb_row][et_pb_row _builder_version= »4.11.1&Prime; _module_preset= »default » global_colors_info= »{} »][et_pb_column type= »4_4&Prime; _builder_version= »4.11.1&Prime; _module_preset= »default » global_colors_info= »{} »][et_pb_cta title= »Site national » button_url= »https://www.ordredemaltefrance.org/ » button_text= »Clics » _builder_version= »4.11.1&Prime; _module_preset= »default » custom_button= »on » button_icon= »%%28%% » width= »35% » width_tablet= » » width_phone= » » width_last_edited= »on|desktop » min_height= »226px » min_height_tablet= » » min_height_phone= » » min_height_last_edited= »on|desktop » height= »149px » height_tablet= » » height_phone= » » height_last_edited= »on|desktop » link_option_url_new_window= »on » border_radii= »on|20px|20px|20px|20px » box_shadow_style_button= »preset2&Prime; global_colors_info= »{} »]</p>
<p>de l&rsquo;Ordre de Malte</p>
<p>[/et_pb_cta][/et_pb_column][/et_pb_row][/et_pb_section]</p>

<p>Ordre de Malte France Délégation Charente-Maritime Solidarité : Petits-déjeuners &#8211; Maraudes Soutien aux personnes en situation d&rsquo;handicap : MAS St Jean de Jérusalem à Rochefort MAS St Jean  &nbsp; Déléguée [&hellip;]</p>
