{"id":7361,"date":"2022-03-18T09:01:53","date_gmt":"2022-03-18T08:01:53","guid":{"rendered":"https:\/\/catholiques17.fr\/oleron\/?page_id=7361"},"modified":"2022-06-09T10:02:42","modified_gmt":"2022-06-09T08:02:42","slug":"grand-village","status":"publish","type":"page","link":"https:\/\/catholiques17.fr\/oleron\/histoire-et-patrimoine\/grand-village\/","title":{"rendered":"Grand Village"},"content":{"rendered":"<p>[et_pb_section fb_built=\u00a0\u00bb1&Prime; _builder_version=\u00a0\u00bb4.11.1&Prime; _module_preset=\u00a0\u00bbdefault\u00a0\u00bb custom_padding=\u00a0\u00bb8px|||||\u00a0\u00bb global_colors_info=\u00a0\u00bb{}\u00a0\u00bb][et_pb_row _builder_version=\u00a0\u00bb4.11.1&Prime; _module_preset=\u00a0\u00bbdefault\u00a0\u00bb global_colors_info=\u00a0\u00bb{}\u00a0\u00bb][et_pb_column type=\u00a0\u00bb4_4&Prime; _builder_version=\u00a0\u00bb4.11.1&Prime; _module_preset=\u00a0\u00bbdefault\u00a0\u00bb global_colors_info=\u00a0\u00bb{}\u00a0\u00bb][et_pb_image src=\u00a0\u00bbhttps:\/\/catholiques17.fr\/oleron\/wp-content\/uploads\/sites\/30\/2022\/04\/Chapelle-St-Joseph-Gd-Village-.jpg\u00a0\u00bb title_text=\u00a0\u00bbChapelle St Joseph Gd Village\u00a0\u00bb align=\u00a0\u00bbcenter\u00a0\u00bb _builder_version=\u00a0\u00bb4.11.1&Prime; _module_preset=\u00a0\u00bbdefault\u00a0\u00bb custom_margin_tablet=\u00a0\u00bb\u00a0\u00bb custom_margin_phone=\u00a0\u00bb\u00a0\u00bb custom_margin_last_edited=\u00a0\u00bbon|desktop\u00a0\u00bb animation_style=\u00a0\u00bbslide\u00a0\u00bb border_radii=\u00a0\u00bbon|20px|20px|20px|20px\u00a0\u00bb global_colors_info=\u00a0\u00bb{}\u00a0\u00bb][\/et_pb_image][\/et_pb_column][\/et_pb_row][et_pb_row _builder_version=\u00a0\u00bb4.11.1&Prime; _module_preset=\u00a0\u00bbdefault\u00a0\u00bb global_colors_info=\u00a0\u00bb{}\u00a0\u00bb][et_pb_column type=\u00a0\u00bb4_4&Prime; _builder_version=\u00a0\u00bb4.11.1&Prime; _module_preset=\u00a0\u00bbdefault\u00a0\u00bb global_colors_info=\u00a0\u00bb{}\u00a0\u00bb][et_pb_text _builder_version=\u00a0\u00bb4.11.1&Prime; _module_preset=\u00a0\u00bbdefault\u00a0\u00bb global_colors_info=\u00a0\u00bb{}\u00a0\u00bb]<\/p>\n<h1><strong>Chapelle Saint Joseph<br \/><\/strong><\/h1>\n<p>[\/et_pb_text][\/et_pb_column][\/et_pb_row][et_pb_row _builder_version=\u00a0\u00bb4.11.1&Prime; _module_preset=\u00a0\u00bbdefault\u00a0\u00bb global_colors_info=\u00a0\u00bb{}\u00a0\u00bb][et_pb_column type=\u00a0\u00bb4_4&Prime; _builder_version=\u00a0\u00bb4.11.1&Prime; _module_preset=\u00a0\u00bbdefault\u00a0\u00bb global_colors_info=\u00a0\u00bb{}\u00a0\u00bb][et_pb_text _builder_version=\u00a0\u00bb4.11.1&Prime; _module_preset=\u00a0\u00bbdefault\u00a0\u00bb hover_enabled=\u00a0\u00bb0&Prime; global_colors_info=\u00a0\u00bb{}\u00a0\u00bb sticky_enabled=\u00a0\u00bb0&Prime;]<\/p>\n<p>La chapelle est ouverte principalement en \u00e9t\u00e9.<\/p>\n<p>Cette petite chapelle du XIXe si\u00e8cle est d\u00e9di\u00e9e \u00e0 St Joseph.<\/p>\n<p>Les fresques repr\u00e9sentant la vie en Ol\u00e9ron sont dues \u00e0 un artiste local, M. Murat. \u00ab Le ciel et la terre sont remplis de ta gloire \u00bb Dieu aime la vie des hommes.<\/p>\n<p>Des travaux r\u00e9cents ont consolid\u00e9 ce patrimoine.<\/p>\n<p>[\/et_pb_text][\/et_pb_column][\/et_pb_row][et_pb_row _builder_version=\u00a0\u00bb4.11.1&Prime; _module_preset=\u00a0\u00bbdefault\u00a0\u00bb global_colors_info=\u00a0\u00bb{}\u00a0\u00bb][et_pb_column type=\u00a0\u00bb4_4&Prime; _builder_version=\u00a0\u00bb4.11.1&Prime; _module_preset=\u00a0\u00bbdefault\u00a0\u00bb global_colors_info=\u00a0\u00bb{}\u00a0\u00bb][et_pb_image src=\u00a0\u00bbhttps:\/\/catholiques17.fr\/oleron\/wp-content\/uploads\/sites\/30\/2022\/04\/Chapelle-St-Joseph-Gd-Village-arriere.jpg\u00a0\u00bb title_text=\u00a0\u00bbChapelle St Joseph Gd Village arri\u00e8re\u00a0\u00bb _builder_version=\u00a0\u00bb4.11.1&Prime; _module_preset=\u00a0\u00bbdefault\u00a0\u00bb global_colors_info=\u00a0\u00bb{}\u00a0\u00bb][\/et_pb_image][\/et_pb_column][\/et_pb_row][\/et_pb_section]<\/p>\n","protected":false},"excerpt":{"rendered":"<p>Chapelle Saint JosephLa chapelle est ouverte principalement en \u00e9t\u00e9. Cette petite chapelle du XIXe si\u00e8cle est d\u00e9di\u00e9e \u00e0 St Joseph. Les fresques repr\u00e9sentant la vie en Ol\u00e9ron sont dues \u00e0 [&hellip;]<\/p>\n","protected":false},"author":4,"featured_media":0,"parent":6644,"menu_order":0,"comment_status":"closed","ping_status":"closed","template":"","meta":{"_et_pb_use_builder":"on","_et_pb_old_content":"","_et_gb_content_width":"","footnotes":""},"class_list":["post-7361","page","type-page","status-publish","hentry"],"_links":{"self":[{"href":"https:\/\/catholiques17.fr\/oleron\/wp-json\/wp\/v2\/pages\/7361","targetHints":{"allow":["GET"]}}],"collection":[{"href":"https:\/\/catholiques17.fr\/oleron\/wp-json\/wp\/v2\/pages"}],"about":[{"href":"https:\/\/catholiques17.fr\/oleron\/wp-json\/wp\/v2\/types\/page"}],"author":[{"embeddable":true,"href":"https:\/\/catholiques17.fr\/oleron\/wp-json\/wp\/v2\/users\/4"}],"replies":[{"embeddable":true,"href":"https:\/\/catholiques17.fr\/oleron\/wp-json\/wp\/v2\/comments?post=7361"}],"version-history":[{"count":4,"href":"https:\/\/catholiques17.fr\/oleron\/wp-json\/wp\/v2\/pages\/7361\/revisions"}],"predecessor-version":[{"id":7633,"href":"https:\/\/catholiques17.fr\/oleron\/wp-json\/wp\/v2\/pages\/7361\/revisions\/7633"}],"up":[{"embeddable":true,"href":"https:\/\/catholiques17.fr\/oleron\/wp-json\/wp\/v2\/pages\/6644"}],"wp:attachment":[{"href":"https:\/\/catholiques17.fr\/oleron\/wp-json\/wp\/v2\/media?parent=7361"}],"curies":[{"name":"wp","href":"https:\/\/api.w.org\/{rel}","templated":true}]}}

<p>[et_pb_section fb_built= »1&Prime; _builder_version= »4.11.1&Prime; _module_preset= »default » custom_padding= »8px||||| » global_colors_info= »{} »][et_pb_row _builder_version= »4.11.1&Prime; _module_preset= »default » global_colors_info= »{} »][et_pb_column type= »4_4&Prime; _builder_version= »4.11.1&Prime; _module_preset= »default » global_colors_info= »{} »][et_pb_image src= »https://catholiques17.fr/oleron/wp-content/uploads/sites/30/2022/04/Chapelle-St-Joseph-Gd-Village-.jpg » title_text= »Chapelle St Joseph Gd Village » align= »center » _builder_version= »4.11.1&Prime; _module_preset= »default » custom_margin_tablet= » » custom_margin_phone= » » custom_margin_last_edited= »on|desktop » animation_style= »slide » border_radii= »on|20px|20px|20px|20px » global_colors_info= »{} »][/et_pb_image][/et_pb_column][/et_pb_row][et_pb_row _builder_version= »4.11.1&Prime; _module_preset= »default » global_colors_info= »{} »][et_pb_column type= »4_4&Prime; _builder_version= »4.11.1&Prime; _module_preset= »default » global_colors_info= »{} »][et_pb_text _builder_version= »4.11.1&Prime; _module_preset= »default » global_colors_info= »{} »]</p>
<h1><strong>Chapelle Saint Joseph<br /></strong></h1>
<p>[/et_pb_text][/et_pb_column][/et_pb_row][et_pb_row _builder_version= »4.11.1&Prime; _module_preset= »default » global_colors_info= »{} »][et_pb_column type= »4_4&Prime; _builder_version= »4.11.1&Prime; _module_preset= »default » global_colors_info= »{} »][et_pb_text _builder_version= »4.11.1&Prime; _module_preset= »default » hover_enabled= »0&Prime; global_colors_info= »{} » sticky_enabled= »0&Prime;]</p>
<p>La chapelle est ouverte principalement en été.</p>
<p>Cette petite chapelle du XIXe siècle est dédiée à St Joseph.</p>
<p>Les fresques représentant la vie en Oléron sont dues à un artiste local, M. Murat. « Le ciel et la terre sont remplis de ta gloire » Dieu aime la vie des hommes.</p>
<p>Des travaux récents ont consolidé ce patrimoine.</p>
<p>[/et_pb_text][/et_pb_column][/et_pb_row][et_pb_row _builder_version= »4.11.1&Prime; _module_preset= »default » global_colors_info= »{} »][et_pb_column type= »4_4&Prime; _builder_version= »4.11.1&Prime; _module_preset= »default » global_colors_info= »{} »][et_pb_image src= »https://catholiques17.fr/oleron/wp-content/uploads/sites/30/2022/04/Chapelle-St-Joseph-Gd-Village-arriere.jpg » title_text= »Chapelle St Joseph Gd Village arrière » _builder_version= »4.11.1&Prime; _module_preset= »default » global_colors_info= »{} »][/et_pb_image][/et_pb_column][/et_pb_row][/et_pb_section]</p>

<p>Chapelle Saint JosephLa chapelle est ouverte principalement en été. Cette petite chapelle du XIXe siècle est dédiée à St Joseph. Les fresques représentant la vie en Oléron sont dues à [&hellip;]</p>
