{"id":7331,"date":"2022-03-18T08:52:02","date_gmt":"2022-03-18T07:52:02","guid":{"rendered":"https:\/\/catholiques17.fr\/oleron\/?page_id=7331"},"modified":"2022-09-01T14:37:05","modified_gmt":"2022-09-01T12:37:05","slug":"mission-de-la-mer","status":"publish","type":"page","link":"https:\/\/catholiques17.fr\/oleron\/solidarite\/mission-de-la-mer\/","title":{"rendered":"Mission de la mer"},"content":{"rendered":"<p>[et_pb_section fb_built=\u00a0\u00bb1&Prime; _builder_version=\u00a0\u00bb4.16&Prime; _module_preset=\u00a0\u00bbdefault\u00a0\u00bb custom_padding=\u00a0\u00bb0px|||||\u00a0\u00bb global_colors_info=\u00a0\u00bb{}\u00a0\u00bb theme_builder_area=\u00a0\u00bbpost_content\u00a0\u00bb][et_pb_row column_structure=\u00a0\u00bb2_5,3_5&Prime; _builder_version=\u00a0\u00bb4.16&Prime; _module_preset=\u00a0\u00bbdefault\u00a0\u00bb global_colors_info=\u00a0\u00bb{}\u00a0\u00bb theme_builder_area=\u00a0\u00bbpost_content\u00a0\u00bb][et_pb_column type=\u00a0\u00bb2_5&Prime; _builder_version=\u00a0\u00bb4.16&Prime; _module_preset=\u00a0\u00bbdefault\u00a0\u00bb global_colors_info=\u00a0\u00bb{}\u00a0\u00bb theme_builder_area=\u00a0\u00bbpost_content\u00a0\u00bb][et_pb_image src=\u00a0\u00bbhttps:\/\/catholiques17.fr\/oleron\/wp-content\/uploads\/sites\/30\/2022\/09\/Messe-Gd-Pavois-LR.jpg\u00a0\u00bb _builder_version=\u00a0\u00bb4.17.6&Prime; _module_preset=\u00a0\u00bbdefault\u00a0\u00bb hover_enabled=\u00a0\u00bb0&Prime; global_colors_info=\u00a0\u00bb{}\u00a0\u00bb theme_builder_area=\u00a0\u00bbpost_content\u00a0\u00bb sticky_enabled=\u00a0\u00bb0&Prime; title_text=\u00a0\u00bbMesse-Gd-Pavois-LR\u00a0\u00bb][\/et_pb_image][et_pb_text _builder_version=\u00a0\u00bb4.16&Prime; _module_preset=\u00a0\u00bbdefault\u00a0\u00bb custom_margin=\u00a0\u00bb-63px||||false|false\u00a0\u00bb custom_margin_tablet=\u00a0\u00bb\u00a0\u00bb custom_margin_phone=\u00a0\u00bb\u00a0\u00bb custom_margin_last_edited=\u00a0\u00bbon|desktop\u00a0\u00bb custom_padding=\u00a0\u00bb0px||0px||false|false\u00a0\u00bb custom_padding_tablet=\u00a0\u00bb\u00a0\u00bb custom_padding_phone=\u00a0\u00bb\u00a0\u00bb custom_padding_last_edited=\u00a0\u00bbon|desktop\u00a0\u00bb global_colors_info=\u00a0\u00bb{}\u00a0\u00bb theme_builder_area=\u00a0\u00bbpost_content\u00a0\u00bb]<\/p>\n<p>&nbsp;<\/p>\n<p>&nbsp;<\/p>\n<p>[\/et_pb_text][\/et_pb_column][et_pb_column type=\u00a0\u00bb3_5&Prime; _builder_version=\u00a0\u00bb4.16&Prime; _module_preset=\u00a0\u00bbdefault\u00a0\u00bb global_colors_info=\u00a0\u00bb{}\u00a0\u00bb theme_builder_area=\u00a0\u00bbpost_content\u00a0\u00bb][et_pb_text _builder_version=\u00a0\u00bb4.17.6&Prime; _module_preset=\u00a0\u00bbdefault\u00a0\u00bb custom_padding=\u00a0\u00bb||32px|||\u00a0\u00bb hover_enabled=\u00a0\u00bb0&Prime; global_colors_info=\u00a0\u00bb{}\u00a0\u00bb theme_builder_area=\u00a0\u00bbpost_content\u00a0\u00bb sticky_enabled=\u00a0\u00bb0&Prime;]<\/p>\n<p align=\"center\"><span style=\"color: #000080\"><em><span style=\"font-size: large\"><u>MISSION DE LA MER \u2013 STELLA MARIS FRANCE,<br \/>QUI ES-TU ?<\/u><\/span><\/em><\/span><\/p>\n<p><span style=\"color: #000080\">\u00a0 \u00a0 \u00a0Parfois, lors d\u2019un fait marquant de la vie pastorale ou maritime (quelquefois les deux), on entend parler de la Mission de la Mer, sans trop savoir ce qu\u2019elle repr\u00e9sente au sein de l\u2019\u00c9glise, du dioc\u00e8se, de la communaut\u00e9 maritime.<br \/>Monseigneur Pierre Mol\u00e8res, \u00e9v\u00eaque \u00e9m\u00e9rite de Bayonne, Lescar et Oloron a \u00e9t\u00e9 \u00e9v\u00eaque promoteur de la Pastorale Maritime et pr\u00e9sident du Comit\u00e9 de la Mission en Monde Maritime de 2000 \u00e0 2006. \u00a0Il avait eu cette d\u00e9finition assez imag\u00e9e de la Mission de la Mer :<\/span><\/p>\n<p align=\"center\"><span style=\"color: #000080\"><strong><span style=\"font-family: verdana, geneva, sans-serif\"><span style=\"font-size: medium\">\u00ab\u00a0La Mission de la Mer, c\u2019est le coquillage que l\u2019\u00c9glise porte \u00e0 son oreille pour \u00eatre \u00e0 l\u2019\u00e9coute<\/span><\/span><\/strong><span style=\"font-family: verdana, geneva, sans-serif\"><span style=\"font-size: medium\"> <\/span><\/span><strong><span style=\"font-family: verdana, geneva, sans-serif\"><span style=\"font-size: medium\">de la mer.\u00a0\u00bb<br \/><\/span><\/span><\/strong><em><span style=\"font-family: verdana, geneva, sans-serif\"><span style=\"font-size: medium\">C\u2019est ainsi que nous vivons<\/span><\/span><\/em><strong><span style=\"font-family: verdana, geneva, sans-serif\"><span style=\"font-size: medium\"> <\/span><\/span><\/strong><em><span style=\"font-family: verdana, geneva, sans-serif\"><span style=\"font-size: medium\">l\u2019\u00c9GLISE DE LA MER<\/span><\/span><\/em><\/span><\/p>\n<p>[\/et_pb_text][\/et_pb_column][\/et_pb_row][et_pb_row _builder_version=\u00a0\u00bb4.17.6&Prime; _module_preset=\u00a0\u00bbdefault\u00a0\u00bb global_colors_info=\u00a0\u00bb{}\u00a0\u00bb theme_builder_area=\u00a0\u00bbpost_content\u00a0\u00bb][et_pb_column type=\u00a0\u00bb4_4&Prime; _builder_version=\u00a0\u00bb4.17.6&Prime; _module_preset=\u00a0\u00bbdefault\u00a0\u00bb global_colors_info=\u00a0\u00bb{}\u00a0\u00bb theme_builder_area=\u00a0\u00bbpost_content\u00a0\u00bb][\/et_pb_column][\/et_pb_row][et_pb_row _builder_version=\u00a0\u00bb4.17.6&Prime; _module_preset=\u00a0\u00bbdefault\u00a0\u00bb global_colors_info=\u00a0\u00bb{}\u00a0\u00bb theme_builder_area=\u00a0\u00bbpost_content\u00a0\u00bb][et_pb_column type=\u00a0\u00bb4_4&Prime; _builder_version=\u00a0\u00bb4.17.6&Prime; _module_preset=\u00a0\u00bbdefault\u00a0\u00bb global_colors_info=\u00a0\u00bb{}\u00a0\u00bb theme_builder_area=\u00a0\u00bbpost_content\u00a0\u00bb][et_pb_text _builder_version=\u00a0\u00bb4.17.6&Prime; _module_preset=\u00a0\u00bbdefault\u00a0\u00bb link_option_url=\u00a0\u00bbhttps:\/\/marins.catholique.fr\u00a0\u00bb link_option_url_new_window=\u00a0\u00bbon\u00a0\u00bb global_colors_info=\u00a0\u00bb{}\u00a0\u00bb theme_builder_area=\u00a0\u00bbpost_content\u00a0\u00bb]<\/p>\n<h2 style=\"text-align: center\">Pour rejoindre le site Stella Maris, c&rsquo;est <span style=\"text-decoration: underline;color: #ff6600\">ICI<\/span><\/h2>\n<p>[\/et_pb_text][\/et_pb_column][\/et_pb_row][et_pb_row _builder_version=\u00a0\u00bb4.17.6&Prime; _module_preset=\u00a0\u00bbdefault\u00a0\u00bb global_colors_info=\u00a0\u00bb{}\u00a0\u00bb theme_builder_area=\u00a0\u00bbpost_content\u00a0\u00bb][et_pb_column type=\u00a0\u00bb4_4&Prime; _builder_version=\u00a0\u00bb4.17.6&Prime; _module_preset=\u00a0\u00bbdefault\u00a0\u00bb global_colors_info=\u00a0\u00bb{}\u00a0\u00bb theme_builder_area=\u00a0\u00bbpost_content\u00a0\u00bb][et_pb_divider _builder_version=\u00a0\u00bb4.17.6&Prime; _module_preset=\u00a0\u00bbdefault\u00a0\u00bb hover_enabled=\u00a0\u00bb0&Prime; global_colors_info=\u00a0\u00bb{}\u00a0\u00bb theme_builder_area=\u00a0\u00bbpost_content\u00a0\u00bb show_divider=\u00a0\u00bboff\u00a0\u00bb sticky_enabled=\u00a0\u00bb0&Prime;][\/et_pb_divider][\/et_pb_column][\/et_pb_row][et_pb_row _builder_version=\u00a0\u00bb4.16&Prime; _module_preset=\u00a0\u00bbdefault\u00a0\u00bb global_colors_info=\u00a0\u00bb{}\u00a0\u00bb theme_builder_area=\u00a0\u00bbpost_content\u00a0\u00bb][et_pb_column type=\u00a0\u00bb4_4&Prime; _builder_version=\u00a0\u00bb4.16&Prime; _module_preset=\u00a0\u00bbdefault\u00a0\u00bb global_colors_info=\u00a0\u00bb{}\u00a0\u00bb theme_builder_area=\u00a0\u00bbpost_content\u00a0\u00bb][et_pb_text _builder_version=\u00a0\u00bb4.17.6&Prime; _module_preset=\u00a0\u00bbdefault\u00a0\u00bb global_colors_info=\u00a0\u00bb{}\u00a0\u00bb theme_builder_area=\u00a0\u00bbpost_content\u00a0\u00bb]<\/p>\n<h2 style=\"text-align: center\"><span style=\"text-decoration: underline;color: #0000ff\"><strong><span style=\"font-size: large\">Contacts en CHARENTE MARITIME<\/span><\/strong><\/span><\/h2>\n<h3 style=\"text-align: center\"><span style=\"color: #0000ff\"><strong><span style=\"font-size: large\">La Rochelle<\/span><\/strong><\/span><br \/><span style=\"color: #0000ff\"><strong><span style=\"font-size: medium\">R\u00e9f\u00e9rent:<\/span><\/strong><\/span><br \/><span style=\"color: #0000ff\"><strong><span style=\"font-size: medium\">Michel ROUX<br \/><\/span><\/strong><em>10 rue du Rh\u00f4ne 17000 LA ROCHELLE<\/em><\/span><br \/><span style=\"color: #0000ff\"><a href=\"mailto:michel.roux1948@gmail.com\" target=\"_blank\" rel=\"noopener\" style=\"color: #0000ff\">michel.roux1948@gmail.com<\/a><\/span><br \/><span style=\"color: #0000ff\"><strong><span style=\"font-size: medium\"><br \/><\/span><\/strong><strong><span style=\"font-size: large\">Ol\u00e9ron<\/span><\/strong><\/span><br \/><span style=\"color: #0000ff\"><em>Louis GUERIN<\/em><\/span><br \/><span style=\"color: #0000ff\"><em>12 rue de la Seigneurerie<\/em><\/span><br \/><span style=\"color: #0000ff\"><em>17190 ST GEORGES D\u2019OLERON<\/em><\/span><br \/><a href=\"mailto:louis.gr1.17@gmail.com\" target=\"_blank\" rel=\"noopener\"><span style=\"color: #0000ff\">louis.gr1.17@gmail.com<\/span><\/a><\/h3>\n<p>[\/et_pb_text][\/et_pb_column][\/et_pb_row][\/et_pb_section]<\/p>\n","protected":false},"excerpt":{"rendered":"<p>&nbsp; &nbsp;MISSION DE LA MER \u2013 STELLA MARIS FRANCE,QUI ES-TU ? \u00a0 \u00a0 \u00a0Parfois, lors d\u2019un fait marquant de la vie pastorale ou maritime (quelquefois les deux), on entend parler [&hellip;]<\/p>\n","protected":false},"author":4,"featured_media":0,"parent":6627,"menu_order":0,"comment_status":"closed","ping_status":"closed","template":"","meta":{"_et_pb_use_builder":"on","_et_pb_old_content":"","_et_gb_content_width":"","footnotes":""},"class_list":["post-7331","page","type-page","status-publish","hentry"],"_links":{"self":[{"href":"https:\/\/catholiques17.fr\/oleron\/wp-json\/wp\/v2\/pages\/7331","targetHints":{"allow":["GET"]}}],"collection":[{"href":"https:\/\/catholiques17.fr\/oleron\/wp-json\/wp\/v2\/pages"}],"about":[{"href":"https:\/\/catholiques17.fr\/oleron\/wp-json\/wp\/v2\/types\/page"}],"author":[{"embeddable":true,"href":"https:\/\/catholiques17.fr\/oleron\/wp-json\/wp\/v2\/users\/4"}],"replies":[{"embeddable":true,"href":"https:\/\/catholiques17.fr\/oleron\/wp-json\/wp\/v2\/comments?post=7331"}],"version-history":[{"count":14,"href":"https:\/\/catholiques17.fr\/oleron\/wp-json\/wp\/v2\/pages\/7331\/revisions"}],"predecessor-version":[{"id":8253,"href":"https:\/\/catholiques17.fr\/oleron\/wp-json\/wp\/v2\/pages\/7331\/revisions\/8253"}],"up":[{"embeddable":true,"href":"https:\/\/catholiques17.fr\/oleron\/wp-json\/wp\/v2\/pages\/6627"}],"wp:attachment":[{"href":"https:\/\/catholiques17.fr\/oleron\/wp-json\/wp\/v2\/media?parent=7331"}],"curies":[{"name":"wp","href":"https:\/\/api.w.org\/{rel}","templated":true}]}}

<p>[et_pb_section fb_built= »1&Prime; _builder_version= »4.16&Prime; _module_preset= »default » custom_padding= »0px||||| » global_colors_info= »{} » theme_builder_area= »post_content »][et_pb_row column_structure= »2_5,3_5&Prime; _builder_version= »4.16&Prime; _module_preset= »default » global_colors_info= »{} » theme_builder_area= »post_content »][et_pb_column type= »2_5&Prime; _builder_version= »4.16&Prime; _module_preset= »default » global_colors_info= »{} » theme_builder_area= »post_content »][et_pb_image src= »https://catholiques17.fr/oleron/wp-content/uploads/sites/30/2022/09/Messe-Gd-Pavois-LR.jpg » _builder_version= »4.17.6&Prime; _module_preset= »default » hover_enabled= »0&Prime; global_colors_info= »{} » theme_builder_area= »post_content » sticky_enabled= »0&Prime; title_text= »Messe-Gd-Pavois-LR »][/et_pb_image][et_pb_text _builder_version= »4.16&Prime; _module_preset= »default » custom_margin= »-63px||||false|false » custom_margin_tablet= » » custom_margin_phone= » » custom_margin_last_edited= »on|desktop » custom_padding= »0px||0px||false|false » custom_padding_tablet= » » custom_padding_phone= » » custom_padding_last_edited= »on|desktop » global_colors_info= »{} » theme_builder_area= »post_content »]</p>
<p>&nbsp;</p>
<p>&nbsp;</p>
<p>[/et_pb_text][/et_pb_column][et_pb_column type= »3_5&Prime; _builder_version= »4.16&Prime; _module_preset= »default » global_colors_info= »{} » theme_builder_area= »post_content »][et_pb_text _builder_version= »4.17.6&Prime; _module_preset= »default » custom_padding= »||32px||| » hover_enabled= »0&Prime; global_colors_info= »{} » theme_builder_area= »post_content » sticky_enabled= »0&Prime;]</p>
<p align="center"><span style="color: #000080"><em><span style="font-size: large"><u>MISSION DE LA MER – STELLA MARIS FRANCE,<br />QUI ES-TU ?</u></span></em></span></p>
<p><span style="color: #000080">     Parfois, lors d’un fait marquant de la vie pastorale ou maritime (quelquefois les deux), on entend parler de la Mission de la Mer, sans trop savoir ce qu’elle représente au sein de l’Église, du diocèse, de la communauté maritime.<br />Monseigneur Pierre Molères, évêque émérite de Bayonne, Lescar et Oloron a été évêque promoteur de la Pastorale Maritime et président du Comité de la Mission en Monde Maritime de 2000 à 2006.  Il avait eu cette définition assez imagée de la Mission de la Mer :</span></p>
<p align="center"><span style="color: #000080"><strong><span style="font-family: verdana, geneva, sans-serif"><span style="font-size: medium">« La Mission de la Mer, c’est le coquillage que l’Église porte à son oreille pour être à l’écoute</span></span></strong><span style="font-family: verdana, geneva, sans-serif"><span style="font-size: medium"> </span></span><strong><span style="font-family: verdana, geneva, sans-serif"><span style="font-size: medium">de la mer. »<br /></span></span></strong><em><span style="font-family: verdana, geneva, sans-serif"><span style="font-size: medium">C’est ainsi que nous vivons</span></span></em><strong><span style="font-family: verdana, geneva, sans-serif"><span style="font-size: medium"> </span></span></strong><em><span style="font-family: verdana, geneva, sans-serif"><span style="font-size: medium">l’ÉGLISE DE LA MER</span></span></em></span></p>
<p>[/et_pb_text][/et_pb_column][/et_pb_row][et_pb_row _builder_version= »4.17.6&Prime; _module_preset= »default » global_colors_info= »{} » theme_builder_area= »post_content »][et_pb_column type= »4_4&Prime; _builder_version= »4.17.6&Prime; _module_preset= »default » global_colors_info= »{} » theme_builder_area= »post_content »][/et_pb_column][/et_pb_row][et_pb_row _builder_version= »4.17.6&Prime; _module_preset= »default » global_colors_info= »{} » theme_builder_area= »post_content »][et_pb_column type= »4_4&Prime; _builder_version= »4.17.6&Prime; _module_preset= »default » global_colors_info= »{} » theme_builder_area= »post_content »][et_pb_text _builder_version= »4.17.6&Prime; _module_preset= »default » link_option_url= »https://marins.catholique.fr » link_option_url_new_window= »on » global_colors_info= »{} » theme_builder_area= »post_content »]</p>
<h2 style="text-align: center">Pour rejoindre le site Stella Maris, c&rsquo;est <span style="text-decoration: underline;color: #ff6600">ICI</span></h2>
<p>[/et_pb_text][/et_pb_column][/et_pb_row][et_pb_row _builder_version= »4.17.6&Prime; _module_preset= »default » global_colors_info= »{} » theme_builder_area= »post_content »][et_pb_column type= »4_4&Prime; _builder_version= »4.17.6&Prime; _module_preset= »default » global_colors_info= »{} » theme_builder_area= »post_content »][et_pb_divider _builder_version= »4.17.6&Prime; _module_preset= »default » hover_enabled= »0&Prime; global_colors_info= »{} » theme_builder_area= »post_content » show_divider= »off » sticky_enabled= »0&Prime;][/et_pb_divider][/et_pb_column][/et_pb_row][et_pb_row _builder_version= »4.16&Prime; _module_preset= »default » global_colors_info= »{} » theme_builder_area= »post_content »][et_pb_column type= »4_4&Prime; _builder_version= »4.16&Prime; _module_preset= »default » global_colors_info= »{} » theme_builder_area= »post_content »][et_pb_text _builder_version= »4.17.6&Prime; _module_preset= »default » global_colors_info= »{} » theme_builder_area= »post_content »]</p>
<h2 style="text-align: center"><span style="text-decoration: underline;color: #0000ff"><strong><span style="font-size: large">Contacts en CHARENTE MARITIME</span></strong></span></h2>
<h3 style="text-align: center"><span style="color: #0000ff"><strong><span style="font-size: large">La Rochelle</span></strong></span><br /><span style="color: #0000ff"><strong><span style="font-size: medium">Référent:</span></strong></span><br /><span style="color: #0000ff"><strong><span style="font-size: medium">Michel ROUX<br /></span></strong><em>10 rue du Rhône 17000 LA ROCHELLE</em></span><br /><span style="color: #0000ff"><a href="mailto:michel.roux1948@gmail.com" target="_blank" rel="noopener" style="color: #0000ff">michel.roux1948@gmail.com</a></span><br /><span style="color: #0000ff"><strong><span style="font-size: medium"><br /></span></strong><strong><span style="font-size: large">Oléron</span></strong></span><br /><span style="color: #0000ff"><em>Louis GUERIN</em></span><br /><span style="color: #0000ff"><em>12 rue de la Seigneurerie</em></span><br /><span style="color: #0000ff"><em>17190 ST GEORGES D’OLERON</em></span><br /><a href="mailto:louis.gr1.17@gmail.com" target="_blank" rel="noopener"><span style="color: #0000ff">louis.gr1.17@gmail.com</span></a></h3>
<p>[/et_pb_text][/et_pb_column][/et_pb_row][/et_pb_section]</p>
