{"id":6620,"date":"2021-12-27T09:26:52","date_gmt":"2021-12-27T08:26:52","guid":{"rendered":"https:\/\/catholiques17.fr\/oleron\/?page_id=6620"},"modified":"2024-10-24T12:07:12","modified_gmt":"2024-10-24T10:07:12","slug":"bapteme","status":"publish","type":"page","link":"https:\/\/catholiques17.fr\/oleron\/renseignements\/bapteme\/","title":{"rendered":"Bapt\u00eame"},"content":{"rendered":"<p>[et_pb_section fb_built=\u00a0\u00bb1&Prime; _builder_version=\u00a0\u00bb4.16&Prime; _module_preset=\u00a0\u00bbdefault\u00a0\u00bb custom_padding=\u00a0\u00bb0px|||||\u00a0\u00bb global_colors_info=\u00a0\u00bb{}\u00a0\u00bb theme_builder_area=\u00a0\u00bbpost_content\u00a0\u00bb][et_pb_row column_structure=\u00a0\u00bb2_5,3_5&Prime; _builder_version=\u00a0\u00bb4.16&Prime; _module_preset=\u00a0\u00bbdefault\u00a0\u00bb global_colors_info=\u00a0\u00bb{}\u00a0\u00bb theme_builder_area=\u00a0\u00bbpost_content\u00a0\u00bb][et_pb_column type=\u00a0\u00bb2_5&Prime; _builder_version=\u00a0\u00bb4.16&Prime; _module_preset=\u00a0\u00bbdefault\u00a0\u00bb global_colors_info=\u00a0\u00bb{}\u00a0\u00bb theme_builder_area=\u00a0\u00bbpost_content\u00a0\u00bb][et_pb_image src=\u00a0\u00bbhttps:\/\/catholiques17.fr\/oleron\/wp-content\/uploads\/sites\/30\/2021\/11\/bapteme_1.jpg\u00a0\u00bb _builder_version=\u00a0\u00bb4.16&Prime; _module_preset=\u00a0\u00bbdefault\u00a0\u00bb global_colors_info=\u00a0\u00bb{}\u00a0\u00bb theme_builder_area=\u00a0\u00bbpost_content\u00a0\u00bb][\/et_pb_image][\/et_pb_column][et_pb_column type=\u00a0\u00bb3_5&Prime; _builder_version=\u00a0\u00bb4.16&Prime; _module_preset=\u00a0\u00bbdefault\u00a0\u00bb global_colors_info=\u00a0\u00bb{}\u00a0\u00bb theme_builder_area=\u00a0\u00bbpost_content\u00a0\u00bb][et_pb_text _builder_version=\u00a0\u00bb4.16&Prime; _module_preset=\u00a0\u00bbdefault\u00a0\u00bb global_colors_info=\u00a0\u00bb{}\u00a0\u00bb theme_builder_area=\u00a0\u00bbpost_content\u00a0\u00bb]<\/p>\n<p><span style=\"font-family: Arial, sans-serif;\"><span style=\"font-size: large;\">Vous pouvez prendre contact avec notre paroisse pour pr\u00e9senter votre enfant au bapt\u00eame, qu\u2019il soit b\u00e9b\u00e9 ou en d\u00e9but de scolarit\u00e9.<\/span><\/span><\/p>\n<p><span style=\"font-family: Arial, sans-serif;\"><span style=\"font-size: large;\">Nous serons heureux d\u2019en parler avec vous. <\/span><\/span><span style=\"font-family: Arial, sans-serif;\"><span style=\"font-size: large;\"><a href=\"mailto:dserre001@orange.fr\"><\/a><\/span><\/span><\/p>\n<p>[\/et_pb_text][\/et_pb_column][\/et_pb_row][et_pb_row _builder_version=\u00a0\u00bb4.16&Prime; _module_preset=\u00a0\u00bbdefault\u00a0\u00bb global_colors_info=\u00a0\u00bb{}\u00a0\u00bb theme_builder_area=\u00a0\u00bbpost_content\u00a0\u00bb][et_pb_column type=\u00a0\u00bb4_4&Prime; _builder_version=\u00a0\u00bb4.16&Prime; _module_preset=\u00a0\u00bbdefault\u00a0\u00bb global_colors_info=\u00a0\u00bb{}\u00a0\u00bb theme_builder_area=\u00a0\u00bbpost_content\u00a0\u00bb][et_pb_text _builder_version=\u00a0\u00bb4.21.0&Prime; _module_preset=\u00a0\u00bbdefault\u00a0\u00bb hover_enabled=\u00a0\u00bb0&Prime; global_colors_info=\u00a0\u00bb{}\u00a0\u00bb theme_builder_area=\u00a0\u00bbpost_content\u00a0\u00bb sticky_enabled=\u00a0\u00bb0&Prime;]<\/p>\n<p><span style=\"font-family: inherit; font-size: large;\"><u><b>Pour les jeunes enfants <\/b><\/u>:<\/span><\/p>\n<p><span style=\"font-family: inherit; font-size: large;\">Choisir de faire baptiser son enfant, c\u2019est pr\u00e9parer son bapt\u00eame, c\u2019est s\u2019engager \u00e0 le mettre sur le <\/span><span style=\"font-family: inherit; font-size: large;\">chemin de la connaissance de J\u00e9sus, avec l\u2019aide de l\u2019\u00c9glise.<\/span><\/p>\n<p><span style=\"font-family: inherit; font-size: large;\">Pour commencer la d\u00e9marche nous vous invitons \u00e0 prendre contact avec <em>le presbyt\u00e8re de Saint Pierre d&rsquo;Ol\u00e9ron<\/em><\/span><span style=\"font-family: inherit; font-size: large;\"><em>(pour la pr\u00e9paration au bapt\u00eame pour les enfants de 4 ans \u00e0 12 ans)<br \/><\/em><\/span><\/p>\n<p><span style=\"font-family: inherit; font-size: large;\"><\/span><\/p>\n<p style=\"text-align: center;\">\u00a0&#8212;&#8212;&#8212;&#8212;<\/p>\n<h3 style=\"text-align: center;\"><span style=\"text-decoration: underline;\"><span style=\"color: #008080;\"><strong><span style=\"font-family: Arial, sans-serif;\"><span style=\"font-size: large;\">Les diff\u00e9rentes facettes de la pr\u00e9paration au bapt\u00eame des enfants de 7 \u00e0 12 ans<\/span><\/span><\/strong><\/span><\/span><\/h3>\n<p>&nbsp;<\/p>\n<ul>\n<li><span style=\"font-family: Arial, sans-serif;\"><span style=\"font-size: large;\"><b>Le cat\u00e9chisme et \/ \u00e9veil \u00e0 la Foi (enfants de 3 \u00e0 7 ans)<\/b><\/span><\/span><\/li>\n<\/ul>\n<p><span style=\"font-family: Arial, sans-serif;\"><span style=\"font-size: large;\">Votre enfant devra \u00eatre inscrit au cat\u00e9 (ou \u00e0 l&rsquo;\u00e9veil \u00e0 la Foi) et le suivre r\u00e9guli\u00e8rement depuis au<\/span><\/span><span style=\"font-family: Arial, sans-serif;\"><span style=\"font-size: large;\"> moins une ann\u00e9e.<\/span><\/span><\/p>\n<ul>\n<li><span style=\"font-family: Arial, sans-serif;\"><span style=\"font-size: large;\"><b>La pr\u00e9paration au bapt\u00eame<\/b><\/span><\/span><\/li>\n<\/ul>\n<p><span style=\"font-family: Arial, sans-serif;\"><span style=\"font-size: large;\">Apr\u00e8s au moins une ann\u00e9e compl\u00e8te de cat\u00e9 (et\/ou \u00e9veil \u00e0 la Foi), le bapt\u00eame pourra \u00eatre<\/span><\/span><\/p>\n<p><span style=\"font-family: Arial, sans-serif;\"><span style=\"font-size: large;\"> envisag\u00e9 au cours de l\u2019ann\u00e9e scolaire. Il sera alors demand\u00e9 \u00e0 votre enfant de participer aux s\u00e9ances <\/span><\/span><\/p>\n<p><span style=\"font-family: Arial, sans-serif;\"><span style=\"font-size: large;\">de pr\u00e9paration pour \u201cles enfants en \u00e2ge scolaire (7 \u00e0 12 ans)\u201d. <\/span><\/span><\/p>\n<p><em><span style=\"font-family: Arial, sans-serif;\"><span style=\"font-size: large;\">NB : Ces s\u00e9ances de pr\u00e9paration au bapt\u00eame sont \u00e0 distinguer des s\u00e9ances de cat\u00e9.<\/span><\/span><\/em><\/p>\n<p>&nbsp;<\/p>\n<p style=\"text-align: center;\"><span style=\"color: #008080;\"><u><b><span style=\"font-family: Arial, sans-serif;\"><span style=\"font-size: large;\">Pour les b\u00e9b\u00e9s<\/span><\/span><\/b><\/u><\/span><\/p>\n<p><span style=\"font-family: Arial, sans-serif;\"><span style=\"font-size: large;\">Les demandes de bapt\u00eames de b\u00e9b\u00e9s doivent \u00eatre faites au presbyt\u00e8re, <\/span><\/span><strong><span style=\"font-family: Arial, sans-serif;\"><span style=\"font-size: large;\">AU MOINS TROIS MOIS AVANT <\/span><\/span><\/strong><span style=\"font-family: Arial, sans-serif;\"><span style=\"font-size: large;\">la date pr\u00e9vue pour le bapt\u00eame.<\/span><\/span><\/p>\n<p><span style=\"font-family: Arial, sans-serif;\"><span style=\"font-size: large;\">M\u00eame si vous n\u2019avez pas encore choisi de date de bapt\u00eame, vous pouvez venir aux soir\u00e9es de pr\u00e9paration.<\/span><\/span><\/p>\n<p><span style=\"font-family: Arial, sans-serif;\"><span style=\"font-size: large;\">N\u2019attendez pas le dernier moment\u00a0!<\/span><\/span><\/p>\n<p><span style=\"font-family: Arial, sans-serif;\"><span style=\"font-size: large;\">Les bapt\u00eames sont normalement c\u00e9l\u00e9br\u00e9s le dimanche.<\/span><\/span><\/p>\n<p>[\/et_pb_text][\/et_pb_column][\/et_pb_row][\/et_pb_section]<\/p>\n","protected":false},"excerpt":{"rendered":"<p>Vous pouvez prendre contact avec notre paroisse pour pr\u00e9senter votre enfant au bapt\u00eame, qu\u2019il soit b\u00e9b\u00e9 ou en d\u00e9but de scolarit\u00e9. Nous serons heureux d\u2019en parler avec vous. Pour les [&hellip;]<\/p>\n","protected":false},"author":4,"featured_media":0,"parent":6602,"menu_order":0,"comment_status":"closed","ping_status":"closed","template":"","meta":{"_et_pb_use_builder":"on","_et_pb_old_content":"","_et_gb_content_width":"","footnotes":""},"class_list":["post-6620","page","type-page","status-publish","hentry"],"_links":{"self":[{"href":"https:\/\/catholiques17.fr\/oleron\/wp-json\/wp\/v2\/pages\/6620","targetHints":{"allow":["GET"]}}],"collection":[{"href":"https:\/\/catholiques17.fr\/oleron\/wp-json\/wp\/v2\/pages"}],"about":[{"href":"https:\/\/catholiques17.fr\/oleron\/wp-json\/wp\/v2\/types\/page"}],"author":[{"embeddable":true,"href":"https:\/\/catholiques17.fr\/oleron\/wp-json\/wp\/v2\/users\/4"}],"replies":[{"embeddable":true,"href":"https:\/\/catholiques17.fr\/oleron\/wp-json\/wp\/v2\/comments?post=6620"}],"version-history":[{"count":12,"href":"https:\/\/catholiques17.fr\/oleron\/wp-json\/wp\/v2\/pages\/6620\/revisions"}],"predecessor-version":[{"id":10108,"href":"https:\/\/catholiques17.fr\/oleron\/wp-json\/wp\/v2\/pages\/6620\/revisions\/10108"}],"up":[{"embeddable":true,"href":"https:\/\/catholiques17.fr\/oleron\/wp-json\/wp\/v2\/pages\/6602"}],"wp:attachment":[{"href":"https:\/\/catholiques17.fr\/oleron\/wp-json\/wp\/v2\/media?parent=6620"}],"curies":[{"name":"wp","href":"https:\/\/api.w.org\/{rel}","templated":true}]}}