{"id":10751,"date":"2025-12-09T14:45:13","date_gmt":"2025-12-09T13:45:13","guid":{"rendered":"https:\/\/catholiques17.fr\/nieul\/?post_type=tribe_events&#038;p=10751"},"modified":"2025-12-09T14:45:13","modified_gmt":"2025-12-09T13:45:13","slug":"concert-de-noel-2","status":"publish","type":"tribe_events","link":"https:\/\/catholiques17.fr\/nieul\/event\/concert-de-noel-2\/","title":{"rendered":"Concert de No\u00ebl"},"content":{"rendered":"<p>La chorale Voix si Voix la vous propose son traditionnel concert de No\u00ebl le samedi 13 d\u00e9cembre, \u00e0 17h, \u00e9glise de de Lagord.<\/p>\n<p>Pour r\u00e9server vos places : <a href=\"https:\/\/www.helloasso.com\/associations\/ensemble-vocal-voix-si-voix-la-lagord\/evenements\/concert-de-noel-13-12-2025\" target=\"_blank\" rel=\"noopener\">ici<\/a><\/p>\n","protected":false},"excerpt":{"rendered":"<p>La chorale Voix si Voix la vous propose son traditionnel concert de No\u00ebl le samedi 13 d\u00e9cembre, \u00e0 17h, \u00e9glise de de Lagord. Pour r\u00e9server vos places : ici<\/p>\n","protected":false},"author":4,"featured_media":10750,"template":"","meta":{"_et_pb_use_builder":"","_et_pb_old_content":"","_et_gb_content_width":"","_tribe_events_status":"","_tribe_events_status_reason":"","footnotes":""},"tags":[],"tribe_events_cat":[],"class_list":["post-10751","tribe_events","type-tribe_events","status-publish","has-post-thumbnail","hentry"],"_links":{"self":[{"href":"https:\/\/catholiques17.fr\/nieul\/wp-json\/wp\/v2\/tribe_events\/10751","targetHints":{"allow":["GET"]}}],"collection":[{"href":"https:\/\/catholiques17.fr\/nieul\/wp-json\/wp\/v2\/tribe_events"}],"about":[{"href":"https:\/\/catholiques17.fr\/nieul\/wp-json\/wp\/v2\/types\/tribe_events"}],"author":[{"embeddable":true,"href":"https:\/\/catholiques17.fr\/nieul\/wp-json\/wp\/v2\/users\/4"}],"version-history":[{"count":1,"href":"https:\/\/catholiques17.fr\/nieul\/wp-json\/wp\/v2\/tribe_events\/10751\/revisions"}],"predecessor-version":[{"id":10752,"href":"https:\/\/catholiques17.fr\/nieul\/wp-json\/wp\/v2\/tribe_events\/10751\/revisions\/10752"}],"wp:featuredmedia":[{"embeddable":true,"href":"https:\/\/catholiques17.fr\/nieul\/wp-json\/wp\/v2\/media\/10750"}],"wp:attachment":[{"href":"https:\/\/catholiques17.fr\/nieul\/wp-json\/wp\/v2\/media?parent=10751"}],"wp:term":[{"taxonomy":"post_tag","embeddable":true,"href":"https:\/\/catholiques17.fr\/nieul\/wp-json\/wp\/v2\/tags?post=10751"},{"taxonomy":"tribe_events_cat","embeddable":true,"href":"https:\/\/catholiques17.fr\/nieul\/wp-json\/wp\/v2\/tribe_events_cat?post=10751"}],"curies":[{"name":"wp","href":"https:\/\/api.w.org\/{rel}","templated":true}]}}

Concert de Noël

<p>La chorale Voix si Voix la vous propose son traditionnel concert de Noël le samedi 13 décembre, à 17h, église de de Lagord.</p>
<p>Pour réserver vos places : <a href="https://www.helloasso.com/associations/ensemble-vocal-voix-si-voix-la-lagord/evenements/concert-de-noel-13-12-2025" target="_blank" rel="noopener">ici</a></p>

<p>La chorale Voix si Voix la vous propose son traditionnel concert de Noël le samedi 13 décembre, à 17h, église de de Lagord. Pour réserver vos places : ici</p>
