{"id":10675,"date":"2025-11-26T08:24:47","date_gmt":"2025-11-26T07:24:47","guid":{"rendered":"https:\/\/catholiques17.fr\/nieul\/?post_type=tribe_events&#038;p=10675"},"modified":"2025-11-26T08:24:47","modified_gmt":"2025-11-26T07:24:47","slug":"concert-de-noel","status":"publish","type":"tribe_events","link":"https:\/\/catholiques17.fr\/nieul\/event\/concert-de-noel\/","title":{"rendered":"Concert de No\u00ebl"},"content":{"rendered":"<p>La chorale \u00ab\u00a0la cl\u00e9 des Chants\u00a0\u00bb vous invite \u00e0 son traditionnel concert de No\u00ebl le dimanche 7 d\u00e9cembre \u00e0 18h30, \u00e9glise de Marsilly<br \/>\nEntr\u00e9e libre &#8211; Vin chaud offert \u00e0 la sortie<\/p>\n","protected":false},"excerpt":{"rendered":"<p>La chorale \u00ab\u00a0la cl\u00e9 des Chants\u00a0\u00bb vous invite \u00e0 son traditionnel concert de No\u00ebl le dimanche 7 d\u00e9cembre \u00e0 18h30, \u00e9glise de Marsilly Entr\u00e9e libre &#8211; Vin chaud offert \u00e0 [&hellip;]<\/p>\n","protected":false},"author":4,"featured_media":10676,"template":"","meta":{"_et_pb_use_builder":"","_et_pb_old_content":"","_et_gb_content_width":"","_tribe_events_status":"","_tribe_events_status_reason":"","footnotes":""},"tags":[],"tribe_events_cat":[],"class_list":["post-10675","tribe_events","type-tribe_events","status-publish","has-post-thumbnail","hentry"],"_links":{"self":[{"href":"https:\/\/catholiques17.fr\/nieul\/wp-json\/wp\/v2\/tribe_events\/10675","targetHints":{"allow":["GET"]}}],"collection":[{"href":"https:\/\/catholiques17.fr\/nieul\/wp-json\/wp\/v2\/tribe_events"}],"about":[{"href":"https:\/\/catholiques17.fr\/nieul\/wp-json\/wp\/v2\/types\/tribe_events"}],"author":[{"embeddable":true,"href":"https:\/\/catholiques17.fr\/nieul\/wp-json\/wp\/v2\/users\/4"}],"version-history":[{"count":1,"href":"https:\/\/catholiques17.fr\/nieul\/wp-json\/wp\/v2\/tribe_events\/10675\/revisions"}],"predecessor-version":[{"id":10677,"href":"https:\/\/catholiques17.fr\/nieul\/wp-json\/wp\/v2\/tribe_events\/10675\/revisions\/10677"}],"wp:featuredmedia":[{"embeddable":true,"href":"https:\/\/catholiques17.fr\/nieul\/wp-json\/wp\/v2\/media\/10676"}],"wp:attachment":[{"href":"https:\/\/catholiques17.fr\/nieul\/wp-json\/wp\/v2\/media?parent=10675"}],"wp:term":[{"taxonomy":"post_tag","embeddable":true,"href":"https:\/\/catholiques17.fr\/nieul\/wp-json\/wp\/v2\/tags?post=10675"},{"taxonomy":"tribe_events_cat","embeddable":true,"href":"https:\/\/catholiques17.fr\/nieul\/wp-json\/wp\/v2\/tribe_events_cat?post=10675"}],"curies":[{"name":"wp","href":"https:\/\/api.w.org\/{rel}","templated":true}]}}

Concert de Noël

<p>La chorale « la clé des Chants » vous invite à son traditionnel concert de Noël le dimanche 7 décembre à 18h30, église de Marsilly<br />
Entrée libre &#8211; Vin chaud offert à la sortie</p>

<p>La chorale « la clé des Chants » vous invite à son traditionnel concert de Noël le dimanche 7 décembre à 18h30, église de Marsilly Entrée libre &#8211; Vin chaud offert à [&hellip;]</p>
