{"id":10609,"date":"2025-11-14T14:08:23","date_gmt":"2025-11-14T13:08:23","guid":{"rendered":"https:\/\/catholiques17.fr\/nieul\/?post_type=tribe_events&#038;p=10609"},"modified":"2025-11-14T14:08:23","modified_gmt":"2025-11-14T13:08:23","slug":"veillee-pour-la-vie","status":"publish","type":"tribe_events","link":"https:\/\/catholiques17.fr\/nieul\/event\/veillee-pour-la-vie\/","title":{"rendered":"Veill\u00e9e pour la vie"},"content":{"rendered":"<p><span style=\"font-family: georgia, serif; font-size: large;\">Une veill\u00e9e de pri\u00e8re, louange et adoration pour la vie est organis\u00e9e le <strong>mercredi 26 novembre \u00e0 20h chapelle Saint Louis<\/strong>, 2 rue Saint Louis \u00e0 La Rochelle. <\/span><\/p>\n<p><span style=\"font-family: georgia, serif; font-size: large;\">Il s\u2019agit de louer pour le don de la vie, de toute vie, et de prier pour les personnes qui souffrent (personnes malades, isol\u00e9es, en fin de vie, rejet\u00e9es, pers\u00e9cut\u00e9es, abus\u00e9es, priv\u00e9es de libert\u00e9\u2026).\u00a0<\/span><\/p>\n","protected":false},"excerpt":{"rendered":"<p>Une veill\u00e9e de pri\u00e8re, louange et adoration pour la vie est organis\u00e9e le mercredi 26 novembre \u00e0 20h chapelle Saint Louis, 2 rue Saint Louis \u00e0 La Rochelle. Il s\u2019agit [&hellip;]<\/p>\n","protected":false},"author":4,"featured_media":10603,"template":"","meta":{"_et_pb_use_builder":"","_et_pb_old_content":"","_et_gb_content_width":"","_tribe_events_status":"","_tribe_events_status_reason":"","footnotes":""},"tags":[],"tribe_events_cat":[],"class_list":["post-10609","tribe_events","type-tribe_events","status-publish","has-post-thumbnail","hentry"],"_links":{"self":[{"href":"https:\/\/catholiques17.fr\/nieul\/wp-json\/wp\/v2\/tribe_events\/10609","targetHints":{"allow":["GET"]}}],"collection":[{"href":"https:\/\/catholiques17.fr\/nieul\/wp-json\/wp\/v2\/tribe_events"}],"about":[{"href":"https:\/\/catholiques17.fr\/nieul\/wp-json\/wp\/v2\/types\/tribe_events"}],"author":[{"embeddable":true,"href":"https:\/\/catholiques17.fr\/nieul\/wp-json\/wp\/v2\/users\/4"}],"version-history":[{"count":1,"href":"https:\/\/catholiques17.fr\/nieul\/wp-json\/wp\/v2\/tribe_events\/10609\/revisions"}],"predecessor-version":[{"id":10611,"href":"https:\/\/catholiques17.fr\/nieul\/wp-json\/wp\/v2\/tribe_events\/10609\/revisions\/10611"}],"wp:featuredmedia":[{"embeddable":true,"href":"https:\/\/catholiques17.fr\/nieul\/wp-json\/wp\/v2\/media\/10603"}],"wp:attachment":[{"href":"https:\/\/catholiques17.fr\/nieul\/wp-json\/wp\/v2\/media?parent=10609"}],"wp:term":[{"taxonomy":"post_tag","embeddable":true,"href":"https:\/\/catholiques17.fr\/nieul\/wp-json\/wp\/v2\/tags?post=10609"},{"taxonomy":"tribe_events_cat","embeddable":true,"href":"https:\/\/catholiques17.fr\/nieul\/wp-json\/wp\/v2\/tribe_events_cat?post=10609"}],"curies":[{"name":"wp","href":"https:\/\/api.w.org\/{rel}","templated":true}]}}

Veillée pour la vie

<p><span style="font-family: georgia, serif; font-size: large;">Une veillée de prière, louange et adoration pour la vie est organisée le <strong>mercredi 26 novembre à 20h chapelle Saint Louis</strong>, 2 rue Saint Louis à La Rochelle. </span></p>
<p><span style="font-family: georgia, serif; font-size: large;">Il s’agit de louer pour le don de la vie, de toute vie, et de prier pour les personnes qui souffrent (personnes malades, isolées, en fin de vie, rejetées, persécutées, abusées, privées de liberté…). </span></p>

<p>Une veillée de prière, louange et adoration pour la vie est organisée le mercredi 26 novembre à 20h chapelle Saint Louis, 2 rue Saint Louis à La Rochelle. Il s’agit [&hellip;]</p>
