{"id":10605,"date":"2025-11-14T14:04:14","date_gmt":"2025-11-14T13:04:14","guid":{"rendered":"https:\/\/catholiques17.fr\/nieul\/?post_type=tribe_events&#038;p=10605"},"modified":"2025-12-01T09:23:56","modified_gmt":"2025-12-01T08:23:56","slug":"rencontre-et-messe-avec-mgr-bozo","status":"publish","type":"tribe_events","link":"https:\/\/catholiques17.fr\/nieul\/event\/rencontre-et-messe-avec-mgr-bozo\/","title":{"rendered":"Rencontre et messe avec Mgr Bozo"},"content":{"rendered":"<p><span style=\"font-family: georgia, serif; font-size: large;\"><b>Rencontre des paroissiens de notre doyenn\u00e9 La Rochelle -R\u00e9 avec Mgr Pierre Antoine Bozo, nouvel \u00e9v\u00eaque coadjuteur<\/b>. <\/span><\/p>\n<p><span style=\"font-family: georgia, serif; font-size: large;\">Cette rencontre aura lieu \u00e0<b> l\u2019\u00e9glise Sainte Jeanne d\u2019Arc de F\u00e9tilly, rue du Faisan \u00e0 La Rochelle, le samedi 20 d\u00e9cembre 2025 <\/b>\u00e0 16h00, suivie de la messe \u00e0 18h30 et temps convivial apr\u00e8s. <\/span><\/p>\n<p><span style=\"font-family: georgia, serif; font-size: large;\">De ce fait, il n\u2019y aura pas de messe le samedi 20 d\u00e9cembre \u00e0 18h \u00e0 Nieul sur Mer.<\/span><\/p>\n","protected":false},"excerpt":{"rendered":"<p>Rencontre des paroissiens de notre doyenn\u00e9 La Rochelle -R\u00e9 avec Mgr Pierre Antoine Bozo, nouvel \u00e9v\u00eaque coadjuteur. Cette rencontre aura lieu \u00e0 l\u2019\u00e9glise Sainte Jeanne d\u2019Arc de F\u00e9tilly, rue du [&hellip;]<\/p>\n","protected":false},"author":4,"featured_media":10604,"template":"","meta":{"_et_pb_use_builder":"","_et_pb_old_content":"","_et_gb_content_width":"","_tribe_events_status":"","_tribe_events_status_reason":"","footnotes":""},"tags":[],"tribe_events_cat":[],"class_list":["post-10605","tribe_events","type-tribe_events","status-publish","has-post-thumbnail","hentry"],"_links":{"self":[{"href":"https:\/\/catholiques17.fr\/nieul\/wp-json\/wp\/v2\/tribe_events\/10605","targetHints":{"allow":["GET"]}}],"collection":[{"href":"https:\/\/catholiques17.fr\/nieul\/wp-json\/wp\/v2\/tribe_events"}],"about":[{"href":"https:\/\/catholiques17.fr\/nieul\/wp-json\/wp\/v2\/types\/tribe_events"}],"author":[{"embeddable":true,"href":"https:\/\/catholiques17.fr\/nieul\/wp-json\/wp\/v2\/users\/4"}],"version-history":[{"count":2,"href":"https:\/\/catholiques17.fr\/nieul\/wp-json\/wp\/v2\/tribe_events\/10605\/revisions"}],"predecessor-version":[{"id":10705,"href":"https:\/\/catholiques17.fr\/nieul\/wp-json\/wp\/v2\/tribe_events\/10605\/revisions\/10705"}],"wp:featuredmedia":[{"embeddable":true,"href":"https:\/\/catholiques17.fr\/nieul\/wp-json\/wp\/v2\/media\/10604"}],"wp:attachment":[{"href":"https:\/\/catholiques17.fr\/nieul\/wp-json\/wp\/v2\/media?parent=10605"}],"wp:term":[{"taxonomy":"post_tag","embeddable":true,"href":"https:\/\/catholiques17.fr\/nieul\/wp-json\/wp\/v2\/tags?post=10605"},{"taxonomy":"tribe_events_cat","embeddable":true,"href":"https:\/\/catholiques17.fr\/nieul\/wp-json\/wp\/v2\/tribe_events_cat?post=10605"}],"curies":[{"name":"wp","href":"https:\/\/api.w.org\/{rel}","templated":true}]}}

<p><span style="font-family: georgia, serif; font-size: large;"><b>Rencontre des paroissiens de notre doyenné La Rochelle -Ré avec Mgr Pierre Antoine Bozo, nouvel évêque coadjuteur</b>. </span></p>
<p><span style="font-family: georgia, serif; font-size: large;">Cette rencontre aura lieu à<b> l’église Sainte Jeanne d’Arc de Fétilly, rue du Faisan à La Rochelle, le samedi 20 décembre 2025 </b>à 16h00, suivie de la messe à 18h30 et temps convivial après. </span></p>
<p><span style="font-family: georgia, serif; font-size: large;">De ce fait, il n’y aura pas de messe le samedi 20 décembre à 18h à Nieul sur Mer.</span></p>

<p>Rencontre des paroissiens de notre doyenné La Rochelle -Ré avec Mgr Pierre Antoine Bozo, nouvel évêque coadjuteur. Cette rencontre aura lieu à l’église Sainte Jeanne d’Arc de Fétilly, rue du [&hellip;]</p>
