{"id":10561,"date":"2025-11-03T16:34:04","date_gmt":"2025-11-03T15:34:04","guid":{"rendered":"https:\/\/catholiques17.fr\/nieul\/?post_type=tribe_events&#038;p=10561"},"modified":"2025-12-19T21:00:50","modified_gmt":"2025-12-19T20:00:50","slug":"messes-de-noel","status":"publish","type":"tribe_events","link":"https:\/\/catholiques17.fr\/nieul\/event\/messes-de-noel\/","title":{"rendered":"Messes de No\u00ebl"},"content":{"rendered":"<p>Le 24 d\u00e9cembre, plusieurs messes seront c\u00e9l\u00e9br\u00e9es :<br \/>\n\u00e0 18h \u00e0 Lagord<br \/>\n\u00e0 18h 30 \u00e0 Nieul<br \/>\n\u00e0 20h30 \u00e0 Marsilly<\/p>\n","protected":false},"excerpt":{"rendered":"<p>Le 24 d\u00e9cembre, plusieurs messes seront c\u00e9l\u00e9br\u00e9es : \u00e0 18h \u00e0 Lagord \u00e0 18h 30 \u00e0 Nieul \u00e0 20h30 \u00e0 Marsilly<\/p>\n","protected":false},"author":4,"featured_media":7978,"template":"","meta":{"_et_pb_use_builder":"","_et_pb_old_content":"","_et_gb_content_width":"","_tribe_events_status":"","_tribe_events_status_reason":"","footnotes":""},"tags":[],"tribe_events_cat":[],"class_list":["post-10561","tribe_events","type-tribe_events","status-publish","has-post-thumbnail","hentry"],"_links":{"self":[{"href":"https:\/\/catholiques17.fr\/nieul\/wp-json\/wp\/v2\/tribe_events\/10561","targetHints":{"allow":["GET"]}}],"collection":[{"href":"https:\/\/catholiques17.fr\/nieul\/wp-json\/wp\/v2\/tribe_events"}],"about":[{"href":"https:\/\/catholiques17.fr\/nieul\/wp-json\/wp\/v2\/types\/tribe_events"}],"author":[{"embeddable":true,"href":"https:\/\/catholiques17.fr\/nieul\/wp-json\/wp\/v2\/users\/4"}],"version-history":[{"count":2,"href":"https:\/\/catholiques17.fr\/nieul\/wp-json\/wp\/v2\/tribe_events\/10561\/revisions"}],"predecessor-version":[{"id":10770,"href":"https:\/\/catholiques17.fr\/nieul\/wp-json\/wp\/v2\/tribe_events\/10561\/revisions\/10770"}],"wp:featuredmedia":[{"embeddable":true,"href":"https:\/\/catholiques17.fr\/nieul\/wp-json\/wp\/v2\/media\/7978"}],"wp:attachment":[{"href":"https:\/\/catholiques17.fr\/nieul\/wp-json\/wp\/v2\/media?parent=10561"}],"wp:term":[{"taxonomy":"post_tag","embeddable":true,"href":"https:\/\/catholiques17.fr\/nieul\/wp-json\/wp\/v2\/tags?post=10561"},{"taxonomy":"tribe_events_cat","embeddable":true,"href":"https:\/\/catholiques17.fr\/nieul\/wp-json\/wp\/v2\/tribe_events_cat?post=10561"}],"curies":[{"name":"wp","href":"https:\/\/api.w.org\/{rel}","templated":true}]}}

Messes de Noël

<p>Le 24 décembre, plusieurs messes seront célébrées :<br />
à 18h à Lagord<br />
à 18h 30 à Nieul<br />
à 20h30 à Marsilly</p>

<p>Le 24 décembre, plusieurs messes seront célébrées : à 18h à Lagord à 18h 30 à Nieul à 20h30 à Marsilly</p>
