{"id":10559,"date":"2025-11-03T16:30:30","date_gmt":"2025-11-03T15:30:30","guid":{"rendered":"https:\/\/catholiques17.fr\/nieul\/?post_type=tribe_events&#038;p=10559"},"modified":"2025-11-03T16:30:30","modified_gmt":"2025-11-03T15:30:30","slug":"messe-des-familles-14","status":"publish","type":"tribe_events","link":"https:\/\/catholiques17.fr\/nieul\/event\/messe-des-familles-14\/","title":{"rendered":"Messe des familles"},"content":{"rendered":"<p>La prochaine messe des familles sera c\u00e9l\u00e9br\u00e9e le dimanche 7 d\u00e9cembre \u00e0 11h \u00e0 Lagord (avec \u00e9veil \u00e0 la Foi : venez un peu en avance pour nous permettre de bien accueillir les plus petits !)<br \/>\nCe jour l\u00e0, il n&rsquo;y aura pas d&rsquo;autre messe pour notre paroisse<\/p>\n","protected":false},"excerpt":{"rendered":"<p>La prochaine messe des familles sera c\u00e9l\u00e9br\u00e9e le dimanche 7 d\u00e9cembre \u00e0 11h \u00e0 Lagord (avec \u00e9veil \u00e0 la Foi : venez un peu en avance pour nous permettre de [&hellip;]<\/p>\n","protected":false},"author":4,"featured_media":6745,"template":"","meta":{"_et_pb_use_builder":"","_et_pb_old_content":"","_et_gb_content_width":"","_tribe_events_status":"","_tribe_events_status_reason":"","footnotes":""},"tags":[],"tribe_events_cat":[],"class_list":["post-10559","tribe_events","type-tribe_events","status-publish","has-post-thumbnail","hentry"],"_links":{"self":[{"href":"https:\/\/catholiques17.fr\/nieul\/wp-json\/wp\/v2\/tribe_events\/10559","targetHints":{"allow":["GET"]}}],"collection":[{"href":"https:\/\/catholiques17.fr\/nieul\/wp-json\/wp\/v2\/tribe_events"}],"about":[{"href":"https:\/\/catholiques17.fr\/nieul\/wp-json\/wp\/v2\/types\/tribe_events"}],"author":[{"embeddable":true,"href":"https:\/\/catholiques17.fr\/nieul\/wp-json\/wp\/v2\/users\/4"}],"version-history":[{"count":1,"href":"https:\/\/catholiques17.fr\/nieul\/wp-json\/wp\/v2\/tribe_events\/10559\/revisions"}],"predecessor-version":[{"id":10560,"href":"https:\/\/catholiques17.fr\/nieul\/wp-json\/wp\/v2\/tribe_events\/10559\/revisions\/10560"}],"wp:featuredmedia":[{"embeddable":true,"href":"https:\/\/catholiques17.fr\/nieul\/wp-json\/wp\/v2\/media\/6745"}],"wp:attachment":[{"href":"https:\/\/catholiques17.fr\/nieul\/wp-json\/wp\/v2\/media?parent=10559"}],"wp:term":[{"taxonomy":"post_tag","embeddable":true,"href":"https:\/\/catholiques17.fr\/nieul\/wp-json\/wp\/v2\/tags?post=10559"},{"taxonomy":"tribe_events_cat","embeddable":true,"href":"https:\/\/catholiques17.fr\/nieul\/wp-json\/wp\/v2\/tribe_events_cat?post=10559"}],"curies":[{"name":"wp","href":"https:\/\/api.w.org\/{rel}","templated":true}]}}

<p>La prochaine messe des familles sera célébrée le dimanche 7 décembre à 11h à Lagord (avec éveil à la Foi : venez un peu en avance pour nous permettre de bien accueillir les plus petits !)<br />
Ce jour là, il n&rsquo;y aura pas d&rsquo;autre messe pour notre paroisse</p>

<p>La prochaine messe des familles sera célébrée le dimanche 7 décembre à 11h à Lagord (avec éveil à la Foi : venez un peu en avance pour nous permettre de [&hellip;]</p>
