{"id":10480,"date":"2025-10-06T09:03:19","date_gmt":"2025-10-06T07:03:19","guid":{"rendered":"https:\/\/catholiques17.fr\/nieul\/?post_type=tribe_events&#038;p=10480"},"modified":"2025-10-06T09:03:19","modified_gmt":"2025-10-06T07:03:19","slug":"holywin-pour-les-enfants","status":"publish","type":"tribe_events","link":"https:\/\/catholiques17.fr\/nieul\/event\/holywin-pour-les-enfants\/","title":{"rendered":"Holywin pour les enfants"},"content":{"rendered":"<p>La paroisse et l&rsquo;\u00e9cole F\u00e9nelon Lagord proposent aux enfants de venir se retrover le 31 octobre, \u00e0 l&rsquo;\u00e9cole Fenelon Lagord, pour vivre une animation \u00ab\u00a0Holywin\u00a0\u00bb.<\/p>\n<p>Chaque enfant pourra se d\u00e9guiser en saint ou sainte de son choix pour se pr\u00e9parer ainsi joyeusement \u00e0 f\u00eater la f\u00eate de la Toussaint.<br \/>\nAu programme : Chants, animations et bonbons !!<\/p>\n<p>Inscription n\u00e9cessaire : 07 86 23 57 99 (par sms)<\/p>\n","protected":false},"excerpt":{"rendered":"<p>La paroisse et l&rsquo;\u00e9cole F\u00e9nelon Lagord proposent aux enfants de venir se retrover le 31 octobre, \u00e0 l&rsquo;\u00e9cole Fenelon Lagord, pour vivre une animation \u00ab\u00a0Holywin\u00a0\u00bb. Chaque enfant pourra se d\u00e9guiser [&hellip;]<\/p>\n","protected":false},"author":4,"featured_media":10481,"template":"","meta":{"_et_pb_use_builder":"","_et_pb_old_content":"","_et_gb_content_width":"","_tribe_events_status":"","_tribe_events_status_reason":"","footnotes":""},"tags":[],"tribe_events_cat":[],"class_list":["post-10480","tribe_events","type-tribe_events","status-publish","has-post-thumbnail","hentry"],"_links":{"self":[{"href":"https:\/\/catholiques17.fr\/nieul\/wp-json\/wp\/v2\/tribe_events\/10480","targetHints":{"allow":["GET"]}}],"collection":[{"href":"https:\/\/catholiques17.fr\/nieul\/wp-json\/wp\/v2\/tribe_events"}],"about":[{"href":"https:\/\/catholiques17.fr\/nieul\/wp-json\/wp\/v2\/types\/tribe_events"}],"author":[{"embeddable":true,"href":"https:\/\/catholiques17.fr\/nieul\/wp-json\/wp\/v2\/users\/4"}],"version-history":[{"count":1,"href":"https:\/\/catholiques17.fr\/nieul\/wp-json\/wp\/v2\/tribe_events\/10480\/revisions"}],"predecessor-version":[{"id":10483,"href":"https:\/\/catholiques17.fr\/nieul\/wp-json\/wp\/v2\/tribe_events\/10480\/revisions\/10483"}],"wp:featuredmedia":[{"embeddable":true,"href":"https:\/\/catholiques17.fr\/nieul\/wp-json\/wp\/v2\/media\/10481"}],"wp:attachment":[{"href":"https:\/\/catholiques17.fr\/nieul\/wp-json\/wp\/v2\/media?parent=10480"}],"wp:term":[{"taxonomy":"post_tag","embeddable":true,"href":"https:\/\/catholiques17.fr\/nieul\/wp-json\/wp\/v2\/tags?post=10480"},{"taxonomy":"tribe_events_cat","embeddable":true,"href":"https:\/\/catholiques17.fr\/nieul\/wp-json\/wp\/v2\/tribe_events_cat?post=10480"}],"curies":[{"name":"wp","href":"https:\/\/api.w.org\/{rel}","templated":true}]}}

<p>La paroisse et l&rsquo;école Fénelon Lagord proposent aux enfants de venir se retrover le 31 octobre, à l&rsquo;école Fenelon Lagord, pour vivre une animation « Holywin ».</p>
<p>Chaque enfant pourra se déguiser en saint ou sainte de son choix pour se préparer ainsi joyeusement à fêter la fête de la Toussaint.<br />
Au programme : Chants, animations et bonbons !!</p>
<p>Inscription nécessaire : 07 86 23 57 99 (par sms)</p>

<p>La paroisse et l&rsquo;école Fénelon Lagord proposent aux enfants de venir se retrover le 31 octobre, à l&rsquo;école Fenelon Lagord, pour vivre une animation « Holywin ». Chaque enfant pourra se déguiser [&hellip;]</p>
