{"id":10442,"date":"2025-09-11T17:02:20","date_gmt":"2025-09-11T15:02:20","guid":{"rendered":"https:\/\/catholiques17.fr\/nieul\/?post_type=tribe_events&#038;p=10442"},"modified":"2025-09-11T17:02:20","modified_gmt":"2025-09-11T15:02:20","slug":"journee-mondiale-des-migrants-et-refugies","status":"publish","type":"tribe_events","link":"https:\/\/catholiques17.fr\/nieul\/event\/journee-mondiale-des-migrants-et-refugies\/","title":{"rendered":"Journ\u00e9e mondiale des migrants et r\u00e9fugi\u00e9s"},"content":{"rendered":"<p>L\u2019Eglise universelle c\u00e9l\u00e8bre la Journ\u00e9e Mondiale des Migrants et R\u00e9fugi\u00e9s le 4 et 5 Octobre 2025, \u00e0 l\u2019occasion<strong>\u00a0du Jubil\u00e9 des Migrants \u00e0 Rome.<\/strong><\/p>\n<div class=\"et_pb_promo_description\">\n<h2 class=\"et_pb_module_header\"><span style=\"color: #666666; font-size: 14px;\">D\u00e9couvrez l\u2019affiche, la pri\u00e8re, une hom\u00e9lie, des t\u00e9moignages int\u00e9ressants et touchants, ainsi qu\u2019une r\u00e9flexion th\u00e9ologique, mais aussi des propositions d\u2019animations pour les enfants :<\/span><a style=\"font-size: 14px;\" href=\"https:\/\/missionetmigrations.catholique.fr\/animer\/journee-mondiale-du-migrant-et-du-refugie\/journee-mondiale-du-migrant-et-du-refugie-2025\/\" target=\"_blank\" rel=\"noopener\"> ici<\/a><\/h2>\n<\/div>\n<div class=\"et_pb_button_wrapper\"><\/div>\n","protected":false},"excerpt":{"rendered":"<p>L\u2019Eglise universelle c\u00e9l\u00e8bre la Journ\u00e9e Mondiale des Migrants et R\u00e9fugi\u00e9s le 4 et 5 Octobre 2025, \u00e0 l\u2019occasion\u00a0du Jubil\u00e9 des Migrants \u00e0 Rome. D\u00e9couvrez l\u2019affiche, la pri\u00e8re, une hom\u00e9lie, des [&hellip;]<\/p>\n","protected":false},"author":4,"featured_media":10441,"template":"","meta":{"_et_pb_use_builder":"","_et_pb_old_content":"","_et_gb_content_width":"","_tribe_events_status":"","_tribe_events_status_reason":"","footnotes":""},"tags":[],"tribe_events_cat":[],"class_list":["post-10442","tribe_events","type-tribe_events","status-publish","has-post-thumbnail","hentry"],"_links":{"self":[{"href":"https:\/\/catholiques17.fr\/nieul\/wp-json\/wp\/v2\/tribe_events\/10442","targetHints":{"allow":["GET"]}}],"collection":[{"href":"https:\/\/catholiques17.fr\/nieul\/wp-json\/wp\/v2\/tribe_events"}],"about":[{"href":"https:\/\/catholiques17.fr\/nieul\/wp-json\/wp\/v2\/types\/tribe_events"}],"author":[{"embeddable":true,"href":"https:\/\/catholiques17.fr\/nieul\/wp-json\/wp\/v2\/users\/4"}],"version-history":[{"count":1,"href":"https:\/\/catholiques17.fr\/nieul\/wp-json\/wp\/v2\/tribe_events\/10442\/revisions"}],"predecessor-version":[{"id":10443,"href":"https:\/\/catholiques17.fr\/nieul\/wp-json\/wp\/v2\/tribe_events\/10442\/revisions\/10443"}],"wp:featuredmedia":[{"embeddable":true,"href":"https:\/\/catholiques17.fr\/nieul\/wp-json\/wp\/v2\/media\/10441"}],"wp:attachment":[{"href":"https:\/\/catholiques17.fr\/nieul\/wp-json\/wp\/v2\/media?parent=10442"}],"wp:term":[{"taxonomy":"post_tag","embeddable":true,"href":"https:\/\/catholiques17.fr\/nieul\/wp-json\/wp\/v2\/tags?post=10442"},{"taxonomy":"tribe_events_cat","embeddable":true,"href":"https:\/\/catholiques17.fr\/nieul\/wp-json\/wp\/v2\/tribe_events_cat?post=10442"}],"curies":[{"name":"wp","href":"https:\/\/api.w.org\/{rel}","templated":true}]}}

Journée mondiale des migrants et réfugiés

<p>L’Eglise universelle célèbre la Journée Mondiale des Migrants et Réfugiés le 4 et 5 Octobre 2025, à l’occasion<strong> du Jubilé des Migrants à Rome.</strong></p>
<div class="et_pb_promo_description">
<h2 class="et_pb_module_header"><span style="color: #666666; font-size: 14px;">Découvrez l’affiche, la prière, une homélie, des témoignages intéressants et touchants, ainsi qu’une réflexion théologique, mais aussi des propositions d’animations pour les enfants :</span><a style="font-size: 14px;" href="https://missionetmigrations.catholique.fr/animer/journee-mondiale-du-migrant-et-du-refugie/journee-mondiale-du-migrant-et-du-refugie-2025/" target="_blank" rel="noopener"> ici</a></h2>
</div>
<div class="et_pb_button_wrapper"></div>

<p>L’Eglise universelle célèbre la Journée Mondiale des Migrants et Réfugiés le 4 et 5 Octobre 2025, à l’occasion du Jubilé des Migrants à Rome. Découvrez l’affiche, la prière, une homélie, des [&hellip;]</p>
