{"id":10438,"date":"2025-09-10T13:57:46","date_gmt":"2025-09-10T11:57:46","guid":{"rendered":"https:\/\/catholiques17.fr\/nieul\/?post_type=tribe_events&#038;p=10438"},"modified":"2025-09-10T13:57:46","modified_gmt":"2025-09-10T11:57:46","slug":"messe-de-presentation-du-diocese-a-mgr-bozo","status":"publish","type":"tribe_events","link":"https:\/\/catholiques17.fr\/nieul\/event\/messe-de-presentation-du-diocese-a-mgr-bozo\/","title":{"rendered":"Messe de pr\u00e9sentation du dioc\u00e8se \u00e0 Mgr Bozo"},"content":{"rendered":"<p><strong>Dimanche 26 octobre \u00e0 15h30 : messe pr\u00e9sid\u00e9e par Mgr Bozo \u00e0 la cath\u00e9drale Saint-Pierre \u00e0 Saintes<\/strong>, au cours de laquelle l&rsquo;Eglise dioc\u00e9saine se pr\u00e9sentera \u00e0 son nouvel \u00e9v\u00eaque coadjuteur.<\/p>\n<p>Messe ouverte \u00e0 tous<\/p>\n","protected":false},"excerpt":{"rendered":"<p>Dimanche 26 octobre \u00e0 15h30 : messe pr\u00e9sid\u00e9e par Mgr Bozo \u00e0 la cath\u00e9drale Saint-Pierre \u00e0 Saintes, au cours de laquelle l&rsquo;Eglise dioc\u00e9saine se pr\u00e9sentera \u00e0 son nouvel \u00e9v\u00eaque coadjuteur. [&hellip;]<\/p>\n","protected":false},"author":4,"featured_media":10398,"template":"","meta":{"_et_pb_use_builder":"","_et_pb_old_content":"","_et_gb_content_width":"","_tribe_events_status":"","_tribe_events_status_reason":"","footnotes":""},"tags":[],"tribe_events_cat":[],"class_list":["post-10438","tribe_events","type-tribe_events","status-publish","has-post-thumbnail","hentry"],"_links":{"self":[{"href":"https:\/\/catholiques17.fr\/nieul\/wp-json\/wp\/v2\/tribe_events\/10438","targetHints":{"allow":["GET"]}}],"collection":[{"href":"https:\/\/catholiques17.fr\/nieul\/wp-json\/wp\/v2\/tribe_events"}],"about":[{"href":"https:\/\/catholiques17.fr\/nieul\/wp-json\/wp\/v2\/types\/tribe_events"}],"author":[{"embeddable":true,"href":"https:\/\/catholiques17.fr\/nieul\/wp-json\/wp\/v2\/users\/4"}],"version-history":[{"count":1,"href":"https:\/\/catholiques17.fr\/nieul\/wp-json\/wp\/v2\/tribe_events\/10438\/revisions"}],"predecessor-version":[{"id":10439,"href":"https:\/\/catholiques17.fr\/nieul\/wp-json\/wp\/v2\/tribe_events\/10438\/revisions\/10439"}],"wp:featuredmedia":[{"embeddable":true,"href":"https:\/\/catholiques17.fr\/nieul\/wp-json\/wp\/v2\/media\/10398"}],"wp:attachment":[{"href":"https:\/\/catholiques17.fr\/nieul\/wp-json\/wp\/v2\/media?parent=10438"}],"wp:term":[{"taxonomy":"post_tag","embeddable":true,"href":"https:\/\/catholiques17.fr\/nieul\/wp-json\/wp\/v2\/tags?post=10438"},{"taxonomy":"tribe_events_cat","embeddable":true,"href":"https:\/\/catholiques17.fr\/nieul\/wp-json\/wp\/v2\/tribe_events_cat?post=10438"}],"curies":[{"name":"wp","href":"https:\/\/api.w.org\/{rel}","templated":true}]}}

Messe de présentation du diocèse à Mgr Bozo

<p><strong>Dimanche 26 octobre à 15h30 : messe présidée par Mgr Bozo à la cathédrale Saint-Pierre à Saintes</strong>, au cours de laquelle l&rsquo;Eglise diocésaine se présentera à son nouvel évêque coadjuteur.</p>
<p>Messe ouverte à tous</p>

<p>Dimanche 26 octobre à 15h30 : messe présidée par Mgr Bozo à la cathédrale Saint-Pierre à Saintes, au cours de laquelle l&rsquo;Eglise diocésaine se présentera à son nouvel évêque coadjuteur. [&hellip;]</p>
