{"id":10430,"date":"2025-09-08T09:45:50","date_gmt":"2025-09-08T07:45:50","guid":{"rendered":"https:\/\/catholiques17.fr\/nieul\/?post_type=tribe_events&#038;p=10430"},"modified":"2025-09-10T13:55:38","modified_gmt":"2025-09-10T11:55:38","slug":"installation-de-mgr-pierre-antoine-bozo","status":"publish","type":"tribe_events","link":"https:\/\/catholiques17.fr\/nieul\/event\/installation-de-mgr-pierre-antoine-bozo\/","title":{"rendered":"Installation de Mgr Pierre-Antoine BOZO"},"content":{"rendered":"<p>La messe d&rsquo;installation de Mgr Bozo sera c\u00e9l\u00e9br\u00e9e le dimanche 19 octobre,15h30, \u00e0 la cath\u00e9drale St Louis de la Rochelle.<\/p>\n<p><strong>Chaque paroisse sera repr\u00e9sent\u00e9e par une d\u00e9l\u00e9gation<\/strong>, la cath\u00e9drale ne pouvant accueillir tous les fid\u00e8les du dioc\u00e8se.<\/p>\n<p>La c\u00e9l\u00e9bration sera retransmise sur RFC Charente-Maritime et la cha\u00eene Youtube de KTO.<\/p>\n<p>&nbsp;<\/p>\n","protected":false},"excerpt":{"rendered":"<p>La messe d&rsquo;installation de Mgr Bozo sera c\u00e9l\u00e9br\u00e9e le dimanche 19 octobre,15h30, \u00e0 la cath\u00e9drale St Louis de la Rochelle. Chaque paroisse sera repr\u00e9sent\u00e9e par une d\u00e9l\u00e9gation, la cath\u00e9drale ne [&hellip;]<\/p>\n","protected":false},"author":4,"featured_media":10398,"template":"","meta":{"_et_pb_use_builder":"","_et_pb_old_content":"","_et_gb_content_width":"","_tribe_events_status":"","_tribe_events_status_reason":"","footnotes":""},"tags":[],"tribe_events_cat":[],"class_list":["post-10430","tribe_events","type-tribe_events","status-publish","has-post-thumbnail","hentry"],"_links":{"self":[{"href":"https:\/\/catholiques17.fr\/nieul\/wp-json\/wp\/v2\/tribe_events\/10430","targetHints":{"allow":["GET"]}}],"collection":[{"href":"https:\/\/catholiques17.fr\/nieul\/wp-json\/wp\/v2\/tribe_events"}],"about":[{"href":"https:\/\/catholiques17.fr\/nieul\/wp-json\/wp\/v2\/types\/tribe_events"}],"author":[{"embeddable":true,"href":"https:\/\/catholiques17.fr\/nieul\/wp-json\/wp\/v2\/users\/4"}],"version-history":[{"count":3,"href":"https:\/\/catholiques17.fr\/nieul\/wp-json\/wp\/v2\/tribe_events\/10430\/revisions"}],"predecessor-version":[{"id":10437,"href":"https:\/\/catholiques17.fr\/nieul\/wp-json\/wp\/v2\/tribe_events\/10430\/revisions\/10437"}],"wp:featuredmedia":[{"embeddable":true,"href":"https:\/\/catholiques17.fr\/nieul\/wp-json\/wp\/v2\/media\/10398"}],"wp:attachment":[{"href":"https:\/\/catholiques17.fr\/nieul\/wp-json\/wp\/v2\/media?parent=10430"}],"wp:term":[{"taxonomy":"post_tag","embeddable":true,"href":"https:\/\/catholiques17.fr\/nieul\/wp-json\/wp\/v2\/tags?post=10430"},{"taxonomy":"tribe_events_cat","embeddable":true,"href":"https:\/\/catholiques17.fr\/nieul\/wp-json\/wp\/v2\/tribe_events_cat?post=10430"}],"curies":[{"name":"wp","href":"https:\/\/api.w.org\/{rel}","templated":true}]}}

<p>La messe d&rsquo;installation de Mgr Bozo sera célébrée le dimanche 19 octobre,15h30, à la cathédrale St Louis de la Rochelle.</p>
<p><strong>Chaque paroisse sera représentée par une délégation</strong>, la cathédrale ne pouvant accueillir tous les fidèles du diocèse.</p>
<p>La célébration sera retransmise sur RFC Charente-Maritime et la chaîne Youtube de KTO.</p>
<p>&nbsp;</p>

<p>La messe d&rsquo;installation de Mgr Bozo sera célébrée le dimanche 19 octobre,15h30, à la cathédrale St Louis de la Rochelle. Chaque paroisse sera représentée par une délégation, la cathédrale ne [&hellip;]</p>
