{"id":6652,"date":"2021-12-27T09:32:35","date_gmt":"2021-12-27T08:32:35","guid":{"rendered":"https:\/\/catholiques17.fr\/nieul\/?page_id=6652"},"modified":"2023-03-23T10:53:27","modified_gmt":"2023-03-23T09:53:27","slug":"lhoumeau","status":"publish","type":"page","link":"https:\/\/catholiques17.fr\/nieul\/histoire-et-patrimoine\/lhoumeau\/","title":{"rendered":"L&rsquo;Houmeau"},"content":{"rendered":"<p>[et_pb_section fb_built=\u00a0\u00bb1&Prime; _builder_version=\u00a0\u00bb4.16&Prime; _module_preset=\u00a0\u00bbdefault\u00a0\u00bb custom_padding=\u00a0\u00bb1px|||||\u00a0\u00bb global_colors_info=\u00a0\u00bb{}\u00a0\u00bb theme_builder_area=\u00a0\u00bbpost_content\u00a0\u00bb][et_pb_row _builder_version=\u00a0\u00bb4.16&Prime; _module_preset=\u00a0\u00bbdefault\u00a0\u00bb custom_padding=\u00a0\u00bb0px|||||\u00a0\u00bb global_colors_info=\u00a0\u00bb{}\u00a0\u00bb theme_builder_area=\u00a0\u00bbpost_content\u00a0\u00bb][et_pb_column type=\u00a0\u00bb4_4&Prime; _builder_version=\u00a0\u00bb4.16&Prime; _module_preset=\u00a0\u00bbdefault\u00a0\u00bb global_colors_info=\u00a0\u00bb{}\u00a0\u00bb theme_builder_area=\u00a0\u00bbpost_content\u00a0\u00bb][et_pb_image src=\u00a0\u00bbhttps:\/\/catholiques17.fr\/nieul\/wp-content\/uploads\/sites\/29\/2021\/12\/Lhoumeau1.jpg\u00a0\u00bb title_text=\u00a0\u00bbLhoumeau1&Prime; align=\u00a0\u00bbcenter\u00a0\u00bb _builder_version=\u00a0\u00bb4.16&Prime; _module_preset=\u00a0\u00bbdefault\u00a0\u00bb animation_style=\u00a0\u00bbslide\u00a0\u00bb border_radii=\u00a0\u00bbon|20px|20px|20px|20px\u00a0\u00bb global_colors_info=\u00a0\u00bb{}\u00a0\u00bb theme_builder_area=\u00a0\u00bbpost_content\u00a0\u00bb][\/et_pb_image][\/et_pb_column][\/et_pb_row][et_pb_row _builder_version=\u00a0\u00bb4.16&Prime; _module_preset=\u00a0\u00bbdefault\u00a0\u00bb global_colors_info=\u00a0\u00bb{}\u00a0\u00bb theme_builder_area=\u00a0\u00bbpost_content\u00a0\u00bb][et_pb_column type=\u00a0\u00bb4_4&Prime; _builder_version=\u00a0\u00bb4.16&Prime; _module_preset=\u00a0\u00bbdefault\u00a0\u00bb global_colors_info=\u00a0\u00bb{}\u00a0\u00bb theme_builder_area=\u00a0\u00bbpost_content\u00a0\u00bb][et_pb_text _builder_version=\u00a0\u00bb4.16&Prime; _module_preset=\u00a0\u00bbdefault\u00a0\u00bb text_font_size=\u00a0\u00bb17px\u00a0\u00bb global_colors_info=\u00a0\u00bb{}\u00a0\u00bb theme_builder_area=\u00a0\u00bbpost_content\u00a0\u00bb]<\/p>\n<p style=\"text-align: center;\"><span style=\"color: #008080;\"><strong>\u00a0\u00c9GLISE STE ANNE DE L&rsquo;HOUMEAU<br \/><\/strong><\/span><\/p>\n<p>[\/et_pb_text][\/et_pb_column][\/et_pb_row][et_pb_row _builder_version=\u00a0\u00bb4.16&Prime; _module_preset=\u00a0\u00bbdefault\u00a0\u00bb global_colors_info=\u00a0\u00bb{}\u00a0\u00bb theme_builder_area=\u00a0\u00bbpost_content\u00a0\u00bb][et_pb_column type=\u00a0\u00bb4_4&Prime; _builder_version=\u00a0\u00bb4.16&Prime; _module_preset=\u00a0\u00bbdefault\u00a0\u00bb global_colors_info=\u00a0\u00bb{}\u00a0\u00bb theme_builder_area=\u00a0\u00bbpost_content\u00a0\u00bb][et_pb_text _builder_version=\u00a0\u00bb4.16&Prime; _module_preset=\u00a0\u00bbdefault\u00a0\u00bb global_colors_info=\u00a0\u00bb{}\u00a0\u00bb theme_builder_area=\u00a0\u00bbpost_content\u00a0\u00bb]<\/p>\n<p align=\"justify\">La paroisse de L&rsquo;Houmeau ne fut cr\u00e9\u00e9e qu&rsquo;au XVIIe si\u00e8cle, par d\u00e9membrement de celle de Nieul.<br \/>La chapelle Sainte-Anne \u00e9tait sortie si ruin\u00e9e des guerres de Religion qu\u2019en 1652 le cur\u00e9 et les paroissiens avaient d\u00fb emprunter un appentis pour y faire le service. Une dizaine d&rsquo;ann\u00e9es plus tard, une petite \u00e9glise avait pu \u00eatre reconstruite,\u00ab assez belle et suffisante\u00a0\u00bb.<\/p>\n<p align=\"justify\">Elle re\u00e7ut diverses transformations au XIXe si\u00e8cle, l&rsquo;architecte Massiou construisit le clocher-arcade de la fa\u00e7ade en 1867. Douze ans plus tard, on agrandit l&rsquo;\u00e9glise en lui adjoignant le ch\u0153ur actuel, sur les plans de Rullier. Ce dernier avait pr\u00e9vu une transformation plus ambitieuse consistant \u00e0 couvrir la nef de trois crois\u00e9es d\u2019ogives, mais elle ne fut pas r\u00e9alis\u00e9e.<br \/>Les vitraux sont sign\u00e9s de <span> Charles Champigneulle qui \u00e9tait un ma\u00eetre verrier <\/span>de renom en fin du XIXe si\u00e8cle.<\/p>\n<p align=\"justify\">Mobilier : Une statue de sainte, en bois peint, provient peut-\u00eatre de l\u2019ancien prieur\u00e9 Sainte-Quitterie.<\/p>\n<p align=\"justify\">Ce prieur\u00e9, situ\u00e9 \u00e0 L&rsquo;Ajonc, d\u00e9pendait de l&rsquo;abbaye de Moreilles. On conna\u00eet aussi, sur cette paroisse, une chapelle Saint-Maurice, poss\u00e9d\u00e9e par les carmes de La Rochelle ; ainsi qu&rsquo;un prieur\u00e9 au Plomb, dont l&rsquo;origine est la donation par Eble de Ch\u00e2telaillon d&rsquo;un emplacement pour y b\u00e2tir une \u00e9glise, au chapitre de Sainte-Radegonde de Poitiers, en 1089.<\/p>\n<p>[\/et_pb_text][\/et_pb_column][\/et_pb_row][et_pb_row column_structure=\u00a0\u00bb1_3,1_3,1_3&Prime; _builder_version=\u00a0\u00bb4.16&Prime; _module_preset=\u00a0\u00bbdefault\u00a0\u00bb global_colors_info=\u00a0\u00bb{}\u00a0\u00bb theme_builder_area=\u00a0\u00bbpost_content\u00a0\u00bb][et_pb_column type=\u00a0\u00bb1_3&Prime; _builder_version=\u00a0\u00bb4.16&Prime; _module_preset=\u00a0\u00bbdefault\u00a0\u00bb global_colors_info=\u00a0\u00bb{}\u00a0\u00bb theme_builder_area=\u00a0\u00bbpost_content\u00a0\u00bb][et_pb_image src=\u00a0\u00bbhttps:\/\/catholiques17.fr\/nieul\/wp-content\/uploads\/sites\/29\/2021\/12\/Lhoumeau2.jpg\u00a0\u00bb title_text=\u00a0\u00bbLhoumeau2&Prime; show_in_lightbox=\u00a0\u00bbon\u00a0\u00bb align=\u00a0\u00bbcenter\u00a0\u00bb _builder_version=\u00a0\u00bb4.17.6&Prime; _module_preset=\u00a0\u00bbdefault\u00a0\u00bb animation_style=\u00a0\u00bbzoom\u00a0\u00bb hover_enabled=\u00a0\u00bb0&Prime; border_radii=\u00a0\u00bbon|20px|20px|20px|20px\u00a0\u00bb global_colors_info=\u00a0\u00bb{}\u00a0\u00bb theme_builder_area=\u00a0\u00bbpost_content\u00a0\u00bb sticky_enabled=\u00a0\u00bb0&Prime;][\/et_pb_image][\/et_pb_column][et_pb_column type=\u00a0\u00bb1_3&Prime; _builder_version=\u00a0\u00bb4.16&Prime; _module_preset=\u00a0\u00bbdefault\u00a0\u00bb global_colors_info=\u00a0\u00bb{}\u00a0\u00bb theme_builder_area=\u00a0\u00bbpost_content\u00a0\u00bb][et_pb_image src=\u00a0\u00bbhttps:\/\/catholiques17.fr\/nieul\/wp-content\/uploads\/sites\/29\/2021\/12\/Lhoumeau3.jpg\u00a0\u00bb title_text=\u00a0\u00bbLhoumeau3&Prime; show_in_lightbox=\u00a0\u00bbon\u00a0\u00bb align=\u00a0\u00bbcenter\u00a0\u00bb _builder_version=\u00a0\u00bb4.16&Prime; _module_preset=\u00a0\u00bbdefault\u00a0\u00bb animation_style=\u00a0\u00bbzoom\u00a0\u00bb border_radii=\u00a0\u00bbon|20px|20px|20px|20px\u00a0\u00bb global_colors_info=\u00a0\u00bb{}\u00a0\u00bb theme_builder_area=\u00a0\u00bbpost_content\u00a0\u00bb][\/et_pb_image][\/et_pb_column][et_pb_column type=\u00a0\u00bb1_3&Prime; _builder_version=\u00a0\u00bb4.16&Prime; _module_preset=\u00a0\u00bbdefault\u00a0\u00bb global_colors_info=\u00a0\u00bb{}\u00a0\u00bb theme_builder_area=\u00a0\u00bbpost_content\u00a0\u00bb][et_pb_image src=\u00a0\u00bbhttps:\/\/catholiques17.fr\/nieul\/wp-content\/uploads\/sites\/29\/2021\/12\/Lhoumeau4.jpg\u00a0\u00bb title_text=\u00a0\u00bbLhoumeau4&Prime; show_in_lightbox=\u00a0\u00bbon\u00a0\u00bb align=\u00a0\u00bbcenter\u00a0\u00bb _builder_version=\u00a0\u00bb4.16&Prime; _module_preset=\u00a0\u00bbdefault\u00a0\u00bb animation_style=\u00a0\u00bbzoom\u00a0\u00bb border_radii=\u00a0\u00bbon|20px|20px|20px|20px\u00a0\u00bb global_colors_info=\u00a0\u00bb{}\u00a0\u00bb theme_builder_area=\u00a0\u00bbpost_content\u00a0\u00bb][\/et_pb_image][\/et_pb_column][\/et_pb_row][\/et_pb_section]<\/p>\n","protected":false},"excerpt":{"rendered":"<p>\u00a0\u00c9GLISE STE ANNE DE L&rsquo;HOUMEAULa paroisse de L&rsquo;Houmeau ne fut cr\u00e9\u00e9e qu&rsquo;au XVIIe si\u00e8cle, par d\u00e9membrement de celle de Nieul.La chapelle Sainte-Anne \u00e9tait sortie si ruin\u00e9e des guerres de Religion [&hellip;]<\/p>\n","protected":false},"author":4,"featured_media":0,"parent":6644,"menu_order":0,"comment_status":"closed","ping_status":"closed","template":"","meta":{"_et_pb_use_builder":"on","_et_pb_old_content":"","_et_gb_content_width":"","footnotes":""},"class_list":["post-6652","page","type-page","status-publish","hentry"],"_links":{"self":[{"href":"https:\/\/catholiques17.fr\/nieul\/wp-json\/wp\/v2\/pages\/6652","targetHints":{"allow":["GET"]}}],"collection":[{"href":"https:\/\/catholiques17.fr\/nieul\/wp-json\/wp\/v2\/pages"}],"about":[{"href":"https:\/\/catholiques17.fr\/nieul\/wp-json\/wp\/v2\/types\/page"}],"author":[{"embeddable":true,"href":"https:\/\/catholiques17.fr\/nieul\/wp-json\/wp\/v2\/users\/4"}],"replies":[{"embeddable":true,"href":"https:\/\/catholiques17.fr\/nieul\/wp-json\/wp\/v2\/comments?post=6652"}],"version-history":[{"count":5,"href":"https:\/\/catholiques17.fr\/nieul\/wp-json\/wp\/v2\/pages\/6652\/revisions"}],"predecessor-version":[{"id":8343,"href":"https:\/\/catholiques17.fr\/nieul\/wp-json\/wp\/v2\/pages\/6652\/revisions\/8343"}],"up":[{"embeddable":true,"href":"https:\/\/catholiques17.fr\/nieul\/wp-json\/wp\/v2\/pages\/6644"}],"wp:attachment":[{"href":"https:\/\/catholiques17.fr\/nieul\/wp-json\/wp\/v2\/media?parent=6652"}],"curies":[{"name":"wp","href":"https:\/\/api.w.org\/{rel}","templated":true}]}}

<p>[et_pb_section fb_built= »1&Prime; _builder_version= »4.16&Prime; _module_preset= »default » custom_padding= »1px||||| » global_colors_info= »{} » theme_builder_area= »post_content »][et_pb_row _builder_version= »4.16&Prime; _module_preset= »default » custom_padding= »0px||||| » global_colors_info= »{} » theme_builder_area= »post_content »][et_pb_column type= »4_4&Prime; _builder_version= »4.16&Prime; _module_preset= »default » global_colors_info= »{} » theme_builder_area= »post_content »][et_pb_image src= »https://catholiques17.fr/nieul/wp-content/uploads/sites/29/2021/12/Lhoumeau1.jpg » title_text= »Lhoumeau1&Prime; align= »center » _builder_version= »4.16&Prime; _module_preset= »default » animation_style= »slide » border_radii= »on|20px|20px|20px|20px » global_colors_info= »{} » theme_builder_area= »post_content »][/et_pb_image][/et_pb_column][/et_pb_row][et_pb_row _builder_version= »4.16&Prime; _module_preset= »default » global_colors_info= »{} » theme_builder_area= »post_content »][et_pb_column type= »4_4&Prime; _builder_version= »4.16&Prime; _module_preset= »default » global_colors_info= »{} » theme_builder_area= »post_content »][et_pb_text _builder_version= »4.16&Prime; _module_preset= »default » text_font_size= »17px » global_colors_info= »{} » theme_builder_area= »post_content »]</p>
<p style="text-align: center;"><span style="color: #008080;"><strong> ÉGLISE STE ANNE DE L&rsquo;HOUMEAU<br /></strong></span></p>
<p>[/et_pb_text][/et_pb_column][/et_pb_row][et_pb_row _builder_version= »4.16&Prime; _module_preset= »default » global_colors_info= »{} » theme_builder_area= »post_content »][et_pb_column type= »4_4&Prime; _builder_version= »4.16&Prime; _module_preset= »default » global_colors_info= »{} » theme_builder_area= »post_content »][et_pb_text _builder_version= »4.16&Prime; _module_preset= »default » global_colors_info= »{} » theme_builder_area= »post_content »]</p>
<p align="justify">La paroisse de L&rsquo;Houmeau ne fut créée qu&rsquo;au XVIIe siècle, par démembrement de celle de Nieul.<br />La chapelle Sainte-Anne était sortie si ruinée des guerres de Religion qu’en 1652 le curé et les paroissiens avaient dû emprunter un appentis pour y faire le service. Une dizaine d&rsquo;années plus tard, une petite église avait pu être reconstruite,« assez belle et suffisante ».</p>
<p align="justify">Elle reçut diverses transformations au XIXe siècle, l&rsquo;architecte Massiou construisit le clocher-arcade de la façade en 1867. Douze ans plus tard, on agrandit l&rsquo;église en lui adjoignant le chœur actuel, sur les plans de Rullier. Ce dernier avait prévu une transformation plus ambitieuse consistant à couvrir la nef de trois croisées d’ogives, mais elle ne fut pas réalisée.<br />Les vitraux sont signés de <span> Charles Champigneulle qui était un maître verrier </span>de renom en fin du XIXe siècle.</p>
<p align="justify">Mobilier : Une statue de sainte, en bois peint, provient peut-être de l’ancien prieuré Sainte-Quitterie.</p>
<p align="justify">Ce prieuré, situé à L&rsquo;Ajonc, dépendait de l&rsquo;abbaye de Moreilles. On connaît aussi, sur cette paroisse, une chapelle Saint-Maurice, possédée par les carmes de La Rochelle ; ainsi qu&rsquo;un prieuré au Plomb, dont l&rsquo;origine est la donation par Eble de Châtelaillon d&rsquo;un emplacement pour y bâtir une église, au chapitre de Sainte-Radegonde de Poitiers, en 1089.</p>
<p>[/et_pb_text][/et_pb_column][/et_pb_row][et_pb_row column_structure= »1_3,1_3,1_3&Prime; _builder_version= »4.16&Prime; _module_preset= »default » global_colors_info= »{} » theme_builder_area= »post_content »][et_pb_column type= »1_3&Prime; _builder_version= »4.16&Prime; _module_preset= »default » global_colors_info= »{} » theme_builder_area= »post_content »][et_pb_image src= »https://catholiques17.fr/nieul/wp-content/uploads/sites/29/2021/12/Lhoumeau2.jpg » title_text= »Lhoumeau2&Prime; show_in_lightbox= »on » align= »center » _builder_version= »4.17.6&Prime; _module_preset= »default » animation_style= »zoom » hover_enabled= »0&Prime; border_radii= »on|20px|20px|20px|20px » global_colors_info= »{} » theme_builder_area= »post_content » sticky_enabled= »0&Prime;][/et_pb_image][/et_pb_column][et_pb_column type= »1_3&Prime; _builder_version= »4.16&Prime; _module_preset= »default » global_colors_info= »{} » theme_builder_area= »post_content »][et_pb_image src= »https://catholiques17.fr/nieul/wp-content/uploads/sites/29/2021/12/Lhoumeau3.jpg » title_text= »Lhoumeau3&Prime; show_in_lightbox= »on » align= »center » _builder_version= »4.16&Prime; _module_preset= »default » animation_style= »zoom » border_radii= »on|20px|20px|20px|20px » global_colors_info= »{} » theme_builder_area= »post_content »][/et_pb_image][/et_pb_column][et_pb_column type= »1_3&Prime; _builder_version= »4.16&Prime; _module_preset= »default » global_colors_info= »{} » theme_builder_area= »post_content »][et_pb_image src= »https://catholiques17.fr/nieul/wp-content/uploads/sites/29/2021/12/Lhoumeau4.jpg » title_text= »Lhoumeau4&Prime; show_in_lightbox= »on » align= »center » _builder_version= »4.16&Prime; _module_preset= »default » animation_style= »zoom » border_radii= »on|20px|20px|20px|20px » global_colors_info= »{} » theme_builder_area= »post_content »][/et_pb_image][/et_pb_column][/et_pb_row][/et_pb_section]</p>

<p> ÉGLISE STE ANNE DE L&rsquo;HOUMEAULa paroisse de L&rsquo;Houmeau ne fut créée qu&rsquo;au XVIIe siècle, par démembrement de celle de Nieul.La chapelle Sainte-Anne était sortie si ruinée des guerres de Religion [&hellip;]</p>
