{"id":6650,"date":"2021-12-27T09:32:24","date_gmt":"2021-12-27T08:32:24","guid":{"rendered":"https:\/\/catholiques17.fr\/nieul\/?page_id=6650"},"modified":"2022-01-03T18:55:23","modified_gmt":"2022-01-03T17:55:23","slug":"marsilly","status":"publish","type":"page","link":"https:\/\/catholiques17.fr\/nieul\/histoire-et-patrimoine\/marsilly\/","title":{"rendered":"Marsilly"},"content":{"rendered":"<p>[et_pb_section fb_built=\u00a0\u00bb1&Prime; _builder_version=\u00a0\u00bb4.11.1&Prime; _module_preset=\u00a0\u00bbdefault\u00a0\u00bb custom_padding=\u00a0\u00bb0px|||||\u00a0\u00bb global_colors_info=\u00a0\u00bb{}\u00a0\u00bb][et_pb_row _builder_version=\u00a0\u00bb4.11.1&Prime; _module_preset=\u00a0\u00bbdefault\u00a0\u00bb custom_padding=\u00a0\u00bb2px|||||\u00a0\u00bb global_colors_info=\u00a0\u00bb{}\u00a0\u00bb][et_pb_column type=\u00a0\u00bb4_4&Prime; _builder_version=\u00a0\u00bb4.11.1&Prime; _module_preset=\u00a0\u00bbdefault\u00a0\u00bb global_colors_info=\u00a0\u00bb{}\u00a0\u00bb][et_pb_image src=\u00a0\u00bbhttps:\/\/catholiques17.fr\/nieul\/wp-content\/uploads\/sites\/29\/2021\/12\/Marsilly1.jpg\u00a0\u00bb title_text=\u00a0\u00bbMarsilly1&Prime; align=\u00a0\u00bbcenter\u00a0\u00bb _builder_version=\u00a0\u00bb4.11.1&Prime; _module_preset=\u00a0\u00bbdefault\u00a0\u00bb animation_style=\u00a0\u00bbslide\u00a0\u00bb border_radii=\u00a0\u00bbon|20px|20px|20px|20px\u00a0\u00bb global_colors_info=\u00a0\u00bb{}\u00a0\u00bb][\/et_pb_image][\/et_pb_column][\/et_pb_row][et_pb_row _builder_version=\u00a0\u00bb4.11.1&Prime; _module_preset=\u00a0\u00bbdefault\u00a0\u00bb global_colors_info=\u00a0\u00bb{}\u00a0\u00bb][et_pb_column type=\u00a0\u00bb4_4&Prime; _builder_version=\u00a0\u00bb4.11.1&Prime; _module_preset=\u00a0\u00bbdefault\u00a0\u00bb global_colors_info=\u00a0\u00bb{}\u00a0\u00bb][et_pb_text _builder_version=\u00a0\u00bb4.11.1&Prime; _module_preset=\u00a0\u00bbdefault\u00a0\u00bb text_font_size=\u00a0\u00bb17px\u00a0\u00bb global_colors_info=\u00a0\u00bb{}\u00a0\u00bb]<\/p>\n<p style=\"text-align: center;\"><span style=\"color: #008080;\"><strong>\u00a0\u00c9GLISE ST PIERRE AUX LIENS DE MARSILLY<br \/><\/strong><\/span><\/p>\n<p>[\/et_pb_text][\/et_pb_column][\/et_pb_row][et_pb_row _builder_version=\u00a0\u00bb4.11.1&Prime; _module_preset=\u00a0\u00bbdefault\u00a0\u00bb global_colors_info=\u00a0\u00bb{}\u00a0\u00bb][et_pb_column type=\u00a0\u00bb4_4&Prime; _builder_version=\u00a0\u00bb4.11.1&Prime; _module_preset=\u00a0\u00bbdefault\u00a0\u00bb global_colors_info=\u00a0\u00bb{}\u00a0\u00bb][et_pb_text _builder_version=\u00a0\u00bb4.11.1&Prime; _module_preset=\u00a0\u00bbdefault\u00a0\u00bb global_colors_info=\u00a0\u00bb{}\u00a0\u00bb]<\/p>\n<p>Le prieur\u00e9 Saint-Pierre d\u00e9pendait de la puissante abbaye de Saint-Michel\u00aben-l&rsquo;Herm. L&rsquo;\u00e9glise para\u00eet avoir \u00e9t\u00e9 enti\u00e8rement reconstruite \u00e0 la fin du XIVe si\u00e8cle et au d\u00e9but du suivant. Elle fut d\u00e9truite pendant les guerres de Religion, \u00e0 l&rsquo;exception de son clocher fortifi\u00e9 et d&rsquo;une partie du mur du chevet. Relev\u00e9e sous une forme tr\u00e8s sommaire au d\u00e9but du XVIIe si\u00e8cle, l&rsquo;unique nef demeura longtemps entour\u00e9e des ruines des anciens vaisseaux gothiques. On note ainsi, en 1652, que\u00ab l&rsquo;\u00e9glise est bastie dans l&rsquo;enceinte des murailles de l&rsquo;ancienne \u00e9glise et beaucoup moidre, ce qui est ais\u00e9 \u00e0 juger la pluspart des murailles de l&rsquo;ancienne \u00e9glise \u00e9tant encore debout (&#8230;). Il y a grande quantit\u00e9 de pierres provenant des d\u00e9molitions de ladite \u00e9glise et particuli\u00e8rement des vo\u00fbtes d\u2019icelle qui estoient belles et grandes. \u203a\u203a Le plan cadastral de 1811 comporte encore l&rsquo;\u00e9difice \u00e0 trois nefs de cinq trav\u00e9es rythm\u00e9es de contreforts saillants. En 1846 : \u00ab son encaissement dans l&rsquo;ancien \u00e9difice et par suite sa grande humidit\u00e9 n\u00e9cessiterait de grandes r\u00e9parations. Finalement, les ruines de l&rsquo;ancienne \u00e9glise disparurent dans la seconde moiti\u00e9 du XIXe si\u00e8cle.<\/p>\n<p>Le clocher-porche se pr\u00e9sente comme un massif quadrangulaire haut de vingt-trois m\u00e8tres. Le rez-de-chauss\u00e9e, qui ouvre par un portail assez sec, est couvert d&rsquo;une vo\u00fbte d&rsquo;ogives haute de douze m\u00e8tres. Le passage, aussi vo\u00fbt\u00e9 d&rsquo;ogives, \u00e9tabli dans l&rsquo;\u00e9norme muraille orientale de la tour, a ses parois lat\u00e9rales creus\u00e9es d&rsquo;\u00e9l\u00e9gantes niches trilob\u00e9es surmont\u00e9es de gables aux rampants charg\u00e9s de feuillage fris\u00e9 et s\u2019achevant par des fleurons ou des anges. Malgr\u00e9 leurs mutilations, les quatre figures d&rsquo;anges aux ailes d\u00e9ploy\u00e9es sont de belle qualit\u00e9. Les hanchements en sont assez prononc\u00e9s et les \u00e9toffes blousent \u00e0 la taille pour retomber en plis tourment\u00e9s, bien dans l&rsquo;esprit du XIVe si\u00e8cle. L&rsquo;\u00e9tage est couvert d&rsquo;une vo\u00fbte de plan octogonal. Le passage \u00e0 l&rsquo;octogone s&rsquo;effectue \u00e0 l&rsquo;aide de quatre trompes aux assises \u00e9tablies en encorbellement les unes sur les autres. Au-dessus, il ne subsiste plus que les amorces d&rsquo;une lanterne octogonale cantonn\u00e9e des d\u00e9parts de quatre clochetons d&rsquo;angles. Le couronnement pr\u00e9vu para\u00eet avoir \u00e9t\u00e9 une fl\u00e8che qui ne fut sans doute jamais achev\u00e9e. De l&rsquo;angle nord-est de la plate-forme part un escalier tr\u00e8s pentu qui permet de gagner une \u00e9chauguette \u00e9tablie \u00e0 l&rsquo;angle de l&rsquo;ancien collat\u00e9ral nord, et qui se prolongeait probablement par un chemin de ronde. De l\u00e0, un passage \u00e9tabli sur l&rsquo;\u00e9paisseur du mur permettait de gagner les d\u00e9fenses du mur sud. L\u2019\u00e9glise d\u00e9truite comprenait trois vaisseaux : une nef centrale, haute de quinze m\u00e8tres sous vo\u00fbte, et deux collat\u00e9raux de neuf m\u00e8tres. Les formerets de la grande nef et du collat\u00e9ral nord subsistent au revers du clocher. Trente-quatre m\u00e8tres plus \u00e0 l\u2019est, une partie de l&rsquo;ancien mur oriental m\u00e9di\u00e9val sert encore de chevet au pauvre \u00e9difice relev\u00e9 au XVIIe si\u00e8cle.<\/p>\n<p>Mobilier : On notait \u00ab un tabernacle tout neuf et tout dor\u00e9 \u203a\u203a en 1752. Une grande boiserie formant retable, du d\u00e9but du XIX si\u00e8cle, occupe tout le fond de l&rsquo;\u00e9glise. Les vitraux visibles actuellement mis en place entre 1883et 1887 sont de Louis Victor GESTA.<\/p>\n<p>[\/et_pb_text][\/et_pb_column][\/et_pb_row][et_pb_row column_structure=\u00a0\u00bb1_3,1_3,1_3&Prime; _builder_version=\u00a0\u00bb4.11.1&Prime; _module_preset=\u00a0\u00bbdefault\u00a0\u00bb global_colors_info=\u00a0\u00bb{}\u00a0\u00bb][et_pb_column type=\u00a0\u00bb1_3&Prime; _builder_version=\u00a0\u00bb4.11.1&Prime; _module_preset=\u00a0\u00bbdefault\u00a0\u00bb global_colors_info=\u00a0\u00bb{}\u00a0\u00bb][et_pb_image src=\u00a0\u00bbhttps:\/\/catholiques17.fr\/nieul\/wp-content\/uploads\/sites\/29\/2021\/12\/Marsilly2.jpg\u00a0\u00bb title_text=\u00a0\u00bbMarsilly2&Prime; show_in_lightbox=\u00a0\u00bbon\u00a0\u00bb align=\u00a0\u00bbcenter\u00a0\u00bb _builder_version=\u00a0\u00bb4.11.1&Prime; _module_preset=\u00a0\u00bbdefault\u00a0\u00bb animation_style=\u00a0\u00bbzoom\u00a0\u00bb border_radii=\u00a0\u00bbon|20px|20px|20px|20px\u00a0\u00bb global_colors_info=\u00a0\u00bb{}\u00a0\u00bb][\/et_pb_image][\/et_pb_column][et_pb_column type=\u00a0\u00bb1_3&Prime; _builder_version=\u00a0\u00bb4.11.1&Prime; _module_preset=\u00a0\u00bbdefault\u00a0\u00bb global_colors_info=\u00a0\u00bb{}\u00a0\u00bb][et_pb_image src=\u00a0\u00bbhttps:\/\/catholiques17.fr\/nieul\/wp-content\/uploads\/sites\/29\/2021\/12\/Marsilly3.jpg\u00a0\u00bb title_text=\u00a0\u00bbMarsilly3&Prime; show_in_lightbox=\u00a0\u00bbon\u00a0\u00bb align=\u00a0\u00bbcenter\u00a0\u00bb _builder_version=\u00a0\u00bb4.11.1&Prime; _module_preset=\u00a0\u00bbdefault\u00a0\u00bb animation_style=\u00a0\u00bbzoom\u00a0\u00bb border_radii=\u00a0\u00bbon|20px|20px|20px|20px\u00a0\u00bb global_colors_info=\u00a0\u00bb{}\u00a0\u00bb][\/et_pb_image][\/et_pb_column][et_pb_column type=\u00a0\u00bb1_3&Prime; _builder_version=\u00a0\u00bb4.11.1&Prime; _module_preset=\u00a0\u00bbdefault\u00a0\u00bb global_colors_info=\u00a0\u00bb{}\u00a0\u00bb][et_pb_image src=\u00a0\u00bbhttps:\/\/catholiques17.fr\/nieul\/wp-content\/uploads\/sites\/29\/2021\/12\/Marsilly4.jpg\u00a0\u00bb title_text=\u00a0\u00bbMarsilly4&Prime; show_in_lightbox=\u00a0\u00bbon\u00a0\u00bb align=\u00a0\u00bbcenter\u00a0\u00bb _builder_version=\u00a0\u00bb4.11.1&Prime; _module_preset=\u00a0\u00bbdefault\u00a0\u00bb animation_style=\u00a0\u00bbzoom\u00a0\u00bb border_radii=\u00a0\u00bbon|20px|20px|20px|20px\u00a0\u00bb global_colors_info=\u00a0\u00bb{}\u00a0\u00bb][\/et_pb_image][\/et_pb_column][\/et_pb_row][et_pb_row column_structure=\u00a0\u00bb1_2,1_2&Prime; _builder_version=\u00a0\u00bb4.11.1&Prime; _module_preset=\u00a0\u00bbdefault\u00a0\u00bb global_colors_info=\u00a0\u00bb{}\u00a0\u00bb][et_pb_column type=\u00a0\u00bb1_2&Prime; _builder_version=\u00a0\u00bb4.11.1&Prime; _module_preset=\u00a0\u00bbdefault\u00a0\u00bb global_colors_info=\u00a0\u00bb{}\u00a0\u00bb][et_pb_image src=\u00a0\u00bbhttps:\/\/catholiques17.fr\/nieul\/wp-content\/uploads\/sites\/29\/2021\/12\/Matdilly5.jpg\u00a0\u00bb title_text=\u00a0\u00bbMatdilly5&Prime; show_in_lightbox=\u00a0\u00bbon\u00a0\u00bb align=\u00a0\u00bbcenter\u00a0\u00bb _builder_version=\u00a0\u00bb4.11.1&Prime; _module_preset=\u00a0\u00bbdefault\u00a0\u00bb animation_style=\u00a0\u00bbzoom\u00a0\u00bb border_radii=\u00a0\u00bbon|20px|20px|20px|20px\u00a0\u00bb global_colors_info=\u00a0\u00bb{}\u00a0\u00bb][\/et_pb_image][\/et_pb_column][et_pb_column type=\u00a0\u00bb1_2&Prime; _builder_version=\u00a0\u00bb4.11.1&Prime; _module_preset=\u00a0\u00bbdefault\u00a0\u00bb global_colors_info=\u00a0\u00bb{}\u00a0\u00bb][et_pb_image src=\u00a0\u00bbhttps:\/\/catholiques17.fr\/nieul\/wp-content\/uploads\/sites\/29\/2021\/12\/Marsilly6.jpg\u00a0\u00bb title_text=\u00a0\u00bbMarsilly6&Prime; show_in_lightbox=\u00a0\u00bbon\u00a0\u00bb align=\u00a0\u00bbcenter\u00a0\u00bb _builder_version=\u00a0\u00bb4.11.1&Prime; _module_preset=\u00a0\u00bbdefault\u00a0\u00bb animation_style=\u00a0\u00bbzoom\u00a0\u00bb border_radii=\u00a0\u00bbon|20px|20px|20px|20px\u00a0\u00bb global_colors_info=\u00a0\u00bb{}\u00a0\u00bb][\/et_pb_image][\/et_pb_column][\/et_pb_row][\/et_pb_section]<\/p>\n","protected":false},"excerpt":{"rendered":"<p>\u00a0\u00c9GLISE ST PIERRE AUX LIENS DE MARSILLYLe prieur\u00e9 Saint-Pierre d\u00e9pendait de la puissante abbaye de Saint-Michel\u00aben-l&rsquo;Herm. L&rsquo;\u00e9glise para\u00eet avoir \u00e9t\u00e9 enti\u00e8rement reconstruite \u00e0 la fin du XIVe si\u00e8cle et au [&hellip;]<\/p>\n","protected":false},"author":4,"featured_media":0,"parent":6644,"menu_order":0,"comment_status":"closed","ping_status":"closed","template":"","meta":{"_et_pb_use_builder":"on","_et_pb_old_content":"","_et_gb_content_width":"","footnotes":""},"class_list":["post-6650","page","type-page","status-publish","hentry"],"_links":{"self":[{"href":"https:\/\/catholiques17.fr\/nieul\/wp-json\/wp\/v2\/pages\/6650","targetHints":{"allow":["GET"]}}],"collection":[{"href":"https:\/\/catholiques17.fr\/nieul\/wp-json\/wp\/v2\/pages"}],"about":[{"href":"https:\/\/catholiques17.fr\/nieul\/wp-json\/wp\/v2\/types\/page"}],"author":[{"embeddable":true,"href":"https:\/\/catholiques17.fr\/nieul\/wp-json\/wp\/v2\/users\/4"}],"replies":[{"embeddable":true,"href":"https:\/\/catholiques17.fr\/nieul\/wp-json\/wp\/v2\/comments?post=6650"}],"version-history":[{"count":5,"href":"https:\/\/catholiques17.fr\/nieul\/wp-json\/wp\/v2\/pages\/6650\/revisions"}],"predecessor-version":[{"id":7420,"href":"https:\/\/catholiques17.fr\/nieul\/wp-json\/wp\/v2\/pages\/6650\/revisions\/7420"}],"up":[{"embeddable":true,"href":"https:\/\/catholiques17.fr\/nieul\/wp-json\/wp\/v2\/pages\/6644"}],"wp:attachment":[{"href":"https:\/\/catholiques17.fr\/nieul\/wp-json\/wp\/v2\/media?parent=6650"}],"curies":[{"name":"wp","href":"https:\/\/api.w.org\/{rel}","templated":true}]}}