{"id":6648,"date":"2021-12-27T09:32:14","date_gmt":"2021-12-27T08:32:14","guid":{"rendered":"https:\/\/catholiques17.fr\/nieul\/?page_id=6648"},"modified":"2021-12-30T09:52:03","modified_gmt":"2021-12-30T08:52:03","slug":"lauzieres","status":"publish","type":"page","link":"https:\/\/catholiques17.fr\/nieul\/histoire-et-patrimoine\/lauzieres\/","title":{"rendered":"Lauzi\u00e8res"},"content":{"rendered":"<p>[et_pb_section fb_built=\u00a0\u00bb1&Prime; _builder_version=\u00a0\u00bb4.11.1&Prime; _module_preset=\u00a0\u00bbdefault\u00a0\u00bb global_colors_info=\u00a0\u00bb{}\u00a0\u00bb custom_padding=\u00a0\u00bb3px|||||\u00a0\u00bb][et_pb_row _builder_version=\u00a0\u00bb4.11.1&Prime; _module_preset=\u00a0\u00bbdefault\u00a0\u00bb global_colors_info=\u00a0\u00bb{}\u00a0\u00bb custom_padding=\u00a0\u00bb3px|||||\u00a0\u00bb][et_pb_column type=\u00a0\u00bb4_4&Prime; _builder_version=\u00a0\u00bb4.11.1&Prime; _module_preset=\u00a0\u00bbdefault\u00a0\u00bb global_colors_info=\u00a0\u00bb{}\u00a0\u00bb][et_pb_image src=\u00a0\u00bbhttps:\/\/catholiques17.fr\/nieul\/wp-content\/uploads\/sites\/29\/2021\/12\/Lauzieres1.jpg\u00a0\u00bb title_text=\u00a0\u00bbLauzieres1&Prime; align=\u00a0\u00bbcenter\u00a0\u00bb _builder_version=\u00a0\u00bb4.11.1&Prime; _module_preset=\u00a0\u00bbdefault\u00a0\u00bb animation_style=\u00a0\u00bbslide\u00a0\u00bb border_radii=\u00a0\u00bbon|20px|20px|20px|20px\u00a0\u00bb global_colors_info=\u00a0\u00bb{}\u00a0\u00bb][\/et_pb_image][\/et_pb_column][\/et_pb_row][et_pb_row _builder_version=\u00a0\u00bb4.11.1&Prime; _module_preset=\u00a0\u00bbdefault\u00a0\u00bb global_colors_info=\u00a0\u00bb{}\u00a0\u00bb][et_pb_column type=\u00a0\u00bb4_4&Prime; _builder_version=\u00a0\u00bb4.11.1&Prime; _module_preset=\u00a0\u00bbdefault\u00a0\u00bb global_colors_info=\u00a0\u00bb{}\u00a0\u00bb][et_pb_text _builder_version=\u00a0\u00bb4.11.1&Prime; _module_preset=\u00a0\u00bbdefault\u00a0\u00bb text_font_size=\u00a0\u00bb17px\u00a0\u00bb global_colors_info=\u00a0\u00bb{}\u00a0\u00bb]<\/p>\n<p style=\"text-align: center;\"><span style=\"color: #008080;\"><strong>CHAPELLE NOTRE-DAME DE LAUZI\u00c8RES<\/strong><\/span><\/p>\n<p>[\/et_pb_text][\/et_pb_column][\/et_pb_row][et_pb_row _builder_version=\u00a0\u00bb4.11.1&Prime; _module_preset=\u00a0\u00bbdefault\u00a0\u00bb global_colors_info=\u00a0\u00bb{}\u00a0\u00bb][et_pb_column type=\u00a0\u00bb4_4&Prime; _builder_version=\u00a0\u00bb4.11.1&Prime; _module_preset=\u00a0\u00bbdefault\u00a0\u00bb global_colors_info=\u00a0\u00bb{}\u00a0\u00bb][et_pb_text _builder_version=\u00a0\u00bb4.11.1&Prime; _module_preset=\u00a0\u00bbdefault\u00a0\u00bb global_colors_info=\u00a0\u00bb{}\u00a0\u00bb]<\/p>\n<p>Le gros village de Lauzi\u00e8res poss\u00e8de une vaste chapelle. Elle est due \u00e0 l`initiative de l&rsquo;abb\u00e9 Louis C\u00e9lestin Bonneau, et a \u00e9t\u00e9 b\u00e9nite en 1878, bien qu&rsquo;alors inachev\u00e9e.<\/p>\n<p>Construction sans style bien d\u00e9fini, elle renferme cependant une int\u00e9ressante toile de <em>l&rsquo;Adoration des bergers<\/em>, apparemment du XVIII si\u00e8cle, qui proviendrait de l&rsquo;ancienne \u00e9glise Saint-Nicolas de La Rochelle.<\/p>\n<p>[\/et_pb_text][\/et_pb_column][\/et_pb_row][et_pb_row column_structure=\u00a0\u00bb1_3,1_3,1_3&Prime; _builder_version=\u00a0\u00bb4.11.1&Prime; _module_preset=\u00a0\u00bbdefault\u00a0\u00bb global_colors_info=\u00a0\u00bb{}\u00a0\u00bb][et_pb_column type=\u00a0\u00bb1_3&Prime; _builder_version=\u00a0\u00bb4.11.1&Prime; _module_preset=\u00a0\u00bbdefault\u00a0\u00bb global_colors_info=\u00a0\u00bb{}\u00a0\u00bb][et_pb_image src=\u00a0\u00bbhttps:\/\/catholiques17.fr\/nieul\/wp-content\/uploads\/sites\/29\/2021\/12\/Lauzieres2.jpg\u00a0\u00bb title_text=\u00a0\u00bbLauzieres2&Prime; show_in_lightbox=\u00a0\u00bbon\u00a0\u00bb align=\u00a0\u00bbcenter\u00a0\u00bb _builder_version=\u00a0\u00bb4.11.1&Prime; _module_preset=\u00a0\u00bbdefault\u00a0\u00bb animation_style=\u00a0\u00bbzoom\u00a0\u00bb border_radii=\u00a0\u00bbon|20px|20px|20px|20px\u00a0\u00bb global_colors_info=\u00a0\u00bb{}\u00a0\u00bb][\/et_pb_image][\/et_pb_column][et_pb_column type=\u00a0\u00bb1_3&Prime; _builder_version=\u00a0\u00bb4.11.1&Prime; _module_preset=\u00a0\u00bbdefault\u00a0\u00bb global_colors_info=\u00a0\u00bb{}\u00a0\u00bb][et_pb_image src=\u00a0\u00bbhttps:\/\/catholiques17.fr\/nieul\/wp-content\/uploads\/sites\/29\/2021\/12\/Lauzieres3.jpg\u00a0\u00bb title_text=\u00a0\u00bbLauzieres3&Prime; show_in_lightbox=\u00a0\u00bbon\u00a0\u00bb align=\u00a0\u00bbcenter\u00a0\u00bb _builder_version=\u00a0\u00bb4.11.1&Prime; _module_preset=\u00a0\u00bbdefault\u00a0\u00bb animation_style=\u00a0\u00bbzoom\u00a0\u00bb border_radii=\u00a0\u00bbon|20px|20px|20px|20px\u00a0\u00bb global_colors_info=\u00a0\u00bb{}\u00a0\u00bb][\/et_pb_image][\/et_pb_column][et_pb_column type=\u00a0\u00bb1_3&Prime; _builder_version=\u00a0\u00bb4.11.1&Prime; _module_preset=\u00a0\u00bbdefault\u00a0\u00bb global_colors_info=\u00a0\u00bb{}\u00a0\u00bb][et_pb_image src=\u00a0\u00bbhttps:\/\/catholiques17.fr\/nieul\/wp-content\/uploads\/sites\/29\/2021\/12\/Lauzieres4.jpg\u00a0\u00bb title_text=\u00a0\u00bbLauzieres4&Prime; show_in_lightbox=\u00a0\u00bbon\u00a0\u00bb align=\u00a0\u00bbcenter\u00a0\u00bb _builder_version=\u00a0\u00bb4.11.1&Prime; _module_preset=\u00a0\u00bbdefault\u00a0\u00bb animation_style=\u00a0\u00bbzoom\u00a0\u00bb border_radii=\u00a0\u00bbon|20px|20px|20px|20px\u00a0\u00bb global_colors_info=\u00a0\u00bb{}\u00a0\u00bb][\/et_pb_image][\/et_pb_column][\/et_pb_row][et_pb_row _builder_version=\u00a0\u00bb4.11.1&Prime; _module_preset=\u00a0\u00bbdefault\u00a0\u00bb global_colors_info=\u00a0\u00bb{}\u00a0\u00bb][et_pb_column type=\u00a0\u00bb4_4&Prime; _builder_version=\u00a0\u00bb4.11.1&Prime; _module_preset=\u00a0\u00bbdefault\u00a0\u00bb global_colors_info=\u00a0\u00bb{}\u00a0\u00bb][et_pb_image src=\u00a0\u00bbhttps:\/\/catholiques17.fr\/nieul\/wp-content\/uploads\/sites\/29\/2021\/12\/Lauzieres5.jpg\u00a0\u00bb title_text=\u00a0\u00bbLauzieres5&Prime; show_in_lightbox=\u00a0\u00bbon\u00a0\u00bb align=\u00a0\u00bbcenter\u00a0\u00bb _builder_version=\u00a0\u00bb4.11.1&Prime; _module_preset=\u00a0\u00bbdefault\u00a0\u00bb animation_style=\u00a0\u00bbzoom\u00a0\u00bb border_radii=\u00a0\u00bbon|20px|20px|20px|20px\u00a0\u00bb global_colors_info=\u00a0\u00bb{}\u00a0\u00bb][\/et_pb_image][\/et_pb_column][\/et_pb_row][\/et_pb_section]<\/p>\n","protected":false},"excerpt":{"rendered":"<p>CHAPELLE NOTRE-DAME DE LAUZI\u00c8RESLe gros village de Lauzi\u00e8res poss\u00e8de une vaste chapelle. Elle est due \u00e0 l`initiative de l&rsquo;abb\u00e9 Louis C\u00e9lestin Bonneau, et a \u00e9t\u00e9 b\u00e9nite en 1878, bien qu&rsquo;alors [&hellip;]<\/p>\n","protected":false},"author":4,"featured_media":0,"parent":6644,"menu_order":0,"comment_status":"closed","ping_status":"closed","template":"","meta":{"_et_pb_use_builder":"on","_et_pb_old_content":"","_et_gb_content_width":"","footnotes":""},"class_list":["post-6648","page","type-page","status-publish","hentry"],"_links":{"self":[{"href":"https:\/\/catholiques17.fr\/nieul\/wp-json\/wp\/v2\/pages\/6648","targetHints":{"allow":["GET"]}}],"collection":[{"href":"https:\/\/catholiques17.fr\/nieul\/wp-json\/wp\/v2\/pages"}],"about":[{"href":"https:\/\/catholiques17.fr\/nieul\/wp-json\/wp\/v2\/types\/page"}],"author":[{"embeddable":true,"href":"https:\/\/catholiques17.fr\/nieul\/wp-json\/wp\/v2\/users\/4"}],"replies":[{"embeddable":true,"href":"https:\/\/catholiques17.fr\/nieul\/wp-json\/wp\/v2\/comments?post=6648"}],"version-history":[{"count":3,"href":"https:\/\/catholiques17.fr\/nieul\/wp-json\/wp\/v2\/pages\/6648\/revisions"}],"predecessor-version":[{"id":6864,"href":"https:\/\/catholiques17.fr\/nieul\/wp-json\/wp\/v2\/pages\/6648\/revisions\/6864"}],"up":[{"embeddable":true,"href":"https:\/\/catholiques17.fr\/nieul\/wp-json\/wp\/v2\/pages\/6644"}],"wp:attachment":[{"href":"https:\/\/catholiques17.fr\/nieul\/wp-json\/wp\/v2\/media?parent=6648"}],"curies":[{"name":"wp","href":"https:\/\/api.w.org\/{rel}","templated":true}]}}

Lauzières

<p>[et_pb_section fb_built= »1&Prime; _builder_version= »4.11.1&Prime; _module_preset= »default » global_colors_info= »{} » custom_padding= »3px||||| »][et_pb_row _builder_version= »4.11.1&Prime; _module_preset= »default » global_colors_info= »{} » custom_padding= »3px||||| »][et_pb_column type= »4_4&Prime; _builder_version= »4.11.1&Prime; _module_preset= »default » global_colors_info= »{} »][et_pb_image src= »https://catholiques17.fr/nieul/wp-content/uploads/sites/29/2021/12/Lauzieres1.jpg » title_text= »Lauzieres1&Prime; align= »center » _builder_version= »4.11.1&Prime; _module_preset= »default » animation_style= »slide » border_radii= »on|20px|20px|20px|20px » global_colors_info= »{} »][/et_pb_image][/et_pb_column][/et_pb_row][et_pb_row _builder_version= »4.11.1&Prime; _module_preset= »default » global_colors_info= »{} »][et_pb_column type= »4_4&Prime; _builder_version= »4.11.1&Prime; _module_preset= »default » global_colors_info= »{} »][et_pb_text _builder_version= »4.11.1&Prime; _module_preset= »default » text_font_size= »17px » global_colors_info= »{} »]</p>
<p style="text-align: center;"><span style="color: #008080;"><strong>CHAPELLE NOTRE-DAME DE LAUZIÈRES</strong></span></p>
<p>[/et_pb_text][/et_pb_column][/et_pb_row][et_pb_row _builder_version= »4.11.1&Prime; _module_preset= »default » global_colors_info= »{} »][et_pb_column type= »4_4&Prime; _builder_version= »4.11.1&Prime; _module_preset= »default » global_colors_info= »{} »][et_pb_text _builder_version= »4.11.1&Prime; _module_preset= »default » global_colors_info= »{} »]</p>
<p>Le gros village de Lauzières possède une vaste chapelle. Elle est due à l`initiative de l&rsquo;abbé Louis Célestin Bonneau, et a été bénite en 1878, bien qu&rsquo;alors inachevée.</p>
<p>Construction sans style bien défini, elle renferme cependant une intéressante toile de <em>l&rsquo;Adoration des bergers</em>, apparemment du XVIII siècle, qui proviendrait de l&rsquo;ancienne église Saint-Nicolas de La Rochelle.</p>
<p>[/et_pb_text][/et_pb_column][/et_pb_row][et_pb_row column_structure= »1_3,1_3,1_3&Prime; _builder_version= »4.11.1&Prime; _module_preset= »default » global_colors_info= »{} »][et_pb_column type= »1_3&Prime; _builder_version= »4.11.1&Prime; _module_preset= »default » global_colors_info= »{} »][et_pb_image src= »https://catholiques17.fr/nieul/wp-content/uploads/sites/29/2021/12/Lauzieres2.jpg » title_text= »Lauzieres2&Prime; show_in_lightbox= »on » align= »center » _builder_version= »4.11.1&Prime; _module_preset= »default » animation_style= »zoom » border_radii= »on|20px|20px|20px|20px » global_colors_info= »{} »][/et_pb_image][/et_pb_column][et_pb_column type= »1_3&Prime; _builder_version= »4.11.1&Prime; _module_preset= »default » global_colors_info= »{} »][et_pb_image src= »https://catholiques17.fr/nieul/wp-content/uploads/sites/29/2021/12/Lauzieres3.jpg » title_text= »Lauzieres3&Prime; show_in_lightbox= »on » align= »center » _builder_version= »4.11.1&Prime; _module_preset= »default » animation_style= »zoom » border_radii= »on|20px|20px|20px|20px » global_colors_info= »{} »][/et_pb_image][/et_pb_column][et_pb_column type= »1_3&Prime; _builder_version= »4.11.1&Prime; _module_preset= »default » global_colors_info= »{} »][et_pb_image src= »https://catholiques17.fr/nieul/wp-content/uploads/sites/29/2021/12/Lauzieres4.jpg » title_text= »Lauzieres4&Prime; show_in_lightbox= »on » align= »center » _builder_version= »4.11.1&Prime; _module_preset= »default » animation_style= »zoom » border_radii= »on|20px|20px|20px|20px » global_colors_info= »{} »][/et_pb_image][/et_pb_column][/et_pb_row][et_pb_row _builder_version= »4.11.1&Prime; _module_preset= »default » global_colors_info= »{} »][et_pb_column type= »4_4&Prime; _builder_version= »4.11.1&Prime; _module_preset= »default » global_colors_info= »{} »][et_pb_image src= »https://catholiques17.fr/nieul/wp-content/uploads/sites/29/2021/12/Lauzieres5.jpg » title_text= »Lauzieres5&Prime; show_in_lightbox= »on » align= »center » _builder_version= »4.11.1&Prime; _module_preset= »default » animation_style= »zoom » border_radii= »on|20px|20px|20px|20px » global_colors_info= »{} »][/et_pb_image][/et_pb_column][/et_pb_row][/et_pb_section]</p>

<p>CHAPELLE NOTRE-DAME DE LAUZIÈRESLe gros village de Lauzières possède une vaste chapelle. Elle est due à l`initiative de l&rsquo;abbé Louis Célestin Bonneau, et a été bénite en 1878, bien qu&rsquo;alors [&hellip;]</p>
