{"id":6629,"date":"2021-12-27T09:28:46","date_gmt":"2021-12-27T08:28:46","guid":{"rendered":"https:\/\/catholiques17.fr\/nieul\/?page_id=6629"},"modified":"2022-11-07T11:36:14","modified_gmt":"2022-11-07T10:36:14","slug":"le-rosaire","status":"publish","type":"page","link":"https:\/\/catholiques17.fr\/nieul\/les-services\/le-rosaire\/","title":{"rendered":"Adoration-Rosaire"},"content":{"rendered":"<p>[et_pb_section fb_built=\u00a0\u00bb1&Prime; _builder_version=\u00a0\u00bb4.16&Prime; _module_preset=\u00a0\u00bbdefault\u00a0\u00bb custom_padding=\u00a0\u00bb0px|||||\u00a0\u00bb global_colors_info=\u00a0\u00bb{}\u00a0\u00bb theme_builder_area=\u00a0\u00bbpost_content\u00a0\u00bb][et_pb_row _builder_version=\u00a0\u00bb4.17.6&Prime; _module_preset=\u00a0\u00bbdefault\u00a0\u00bb custom_padding=\u00a0\u00bb0px|||||\u00a0\u00bb hover_enabled=\u00a0\u00bb0&Prime; global_colors_info=\u00a0\u00bb{}\u00a0\u00bb column_structure=\u00a0\u00bb1_2,1_2&Prime; theme_builder_area=\u00a0\u00bbpost_content\u00a0\u00bb sticky_enabled=\u00a0\u00bb0&Prime;][et_pb_column type=\u00a0\u00bb1_2&Prime; _builder_version=\u00a0\u00bb4.16&Prime; _module_preset=\u00a0\u00bbdefault\u00a0\u00bb global_colors_info=\u00a0\u00bb{}\u00a0\u00bb theme_builder_area=\u00a0\u00bbpost_content\u00a0\u00bb][et_pb_image src=\u00a0\u00bbhttps:\/\/catholiques17.fr\/nieul\/wp-content\/uploads\/sites\/29\/2022\/11\/nicolasnunezlc-14310490347738dc7a69c7e2e1557ff3-cathopic.jpg\u00a0\u00bb title_text=\u00a0\u00bbnicolasnunezlc-14310490347738dc7a69c7e2e1557ff3-cathopic\u00a0\u00bb align=\u00a0\u00bbcenter\u00a0\u00bb _builder_version=\u00a0\u00bb4.17.6&Prime; _module_preset=\u00a0\u00bbdefault\u00a0\u00bb animation_style=\u00a0\u00bbslide\u00a0\u00bb hover_enabled=\u00a0\u00bb0&Prime; border_radii=\u00a0\u00bbon|20px|20px|20px|20px\u00a0\u00bb global_colors_info=\u00a0\u00bb{}\u00a0\u00bb theme_builder_area=\u00a0\u00bbpost_content\u00a0\u00bb sticky_enabled=\u00a0\u00bb0&Prime;][\/et_pb_image][\/et_pb_column][et_pb_column _builder_version=\u00a0\u00bb4.17.6&Prime; _module_preset=\u00a0\u00bbdefault\u00a0\u00bb type=\u00a0\u00bb1_2&Prime; theme_builder_area=\u00a0\u00bbpost_content\u00a0\u00bb hover_enabled=\u00a0\u00bb0&Prime; sticky_enabled=\u00a0\u00bb0&Prime;][et_pb_text _builder_version=\u00a0\u00bb4.17.6&Prime; _module_preset=\u00a0\u00bbdefault\u00a0\u00bb theme_builder_area=\u00a0\u00bbpost_content\u00a0\u00bb hover_enabled=\u00a0\u00bb0&Prime; sticky_enabled=\u00a0\u00bb0&Prime; custom_margin_last_edited=\u00a0\u00bbon|desktop\u00a0\u00bb custom_margin=\u00a0\u00bb46px||||false|false\u00a0\u00bb custom_margin_tablet=\u00a0\u00bb46px||||false|false\u00a0\u00bb custom_margin_phone=\u00a0\u00bb46px||||false|false\u00a0\u00bb]<\/p>\n<p style=\"text-align: center;\"><span style=\"color: #008080;\"><strong>Un temps d&rsquo;adoration eucharistique est propos\u00e9 chaque semaine.<\/strong><\/span><\/p>\n<p><span style=\"color: #008080;\"><strong><\/strong><\/span><\/p>\n<p style=\"text-align: center;\">Les jeudis, \u00e0 18 h 45, dans la salle paroissiale de <b>LAGORD <\/b>(salle de cat\u00e9 pendant la p\u00e9riode hivernale). Le lieu changera d\u00e8s le retour des beaux jours, et les temps d&rsquo;adoration auront alors lieu dans l&rsquo; \u00e9glise de Marsilly.<\/p>\n<p>[\/et_pb_text][\/et_pb_column][\/et_pb_row][et_pb_row _builder_version=\u00a0\u00bb4.17.6&Prime; _module_preset=\u00a0\u00bbdefault\u00a0\u00bb custom_padding=\u00a0\u00bb0px|||||\u00a0\u00bb hover_enabled=\u00a0\u00bb0&Prime; global_colors_info=\u00a0\u00bb{}\u00a0\u00bb column_structure=\u00a0\u00bb1_2,1_2&Prime; theme_builder_area=\u00a0\u00bbpost_content\u00a0\u00bb sticky_enabled=\u00a0\u00bb0&Prime;][et_pb_column type=\u00a0\u00bb1_2&Prime; _builder_version=\u00a0\u00bb4.16&Prime; _module_preset=\u00a0\u00bbdefault\u00a0\u00bb global_colors_info=\u00a0\u00bb{}\u00a0\u00bb theme_builder_area=\u00a0\u00bbpost_content\u00a0\u00bb][et_pb_image src=\u00a0\u00bbhttps:\/\/catholiques17.fr\/nieul\/wp-content\/uploads\/sites\/29\/2021\/12\/rosary-1211064_1280.jpg\u00a0\u00bb title_text=\u00a0\u00bbrosary-1211064_1280&Prime; align=\u00a0\u00bbcenter\u00a0\u00bb _builder_version=\u00a0\u00bb4.16&Prime; _module_preset=\u00a0\u00bbdefault\u00a0\u00bb animation_style=\u00a0\u00bbslide\u00a0\u00bb border_radii=\u00a0\u00bbon|20px|20px|20px|20px\u00a0\u00bb global_colors_info=\u00a0\u00bb{}\u00a0\u00bb theme_builder_area=\u00a0\u00bbpost_content\u00a0\u00bb][\/et_pb_image][\/et_pb_column][et_pb_column _builder_version=\u00a0\u00bb4.17.6&Prime; _module_preset=\u00a0\u00bbdefault\u00a0\u00bb type=\u00a0\u00bb1_2&Prime; theme_builder_area=\u00a0\u00bbpost_content\u00a0\u00bb hover_enabled=\u00a0\u00bb0&Prime; sticky_enabled=\u00a0\u00bb0&Prime;][et_pb_text _builder_version=\u00a0\u00bb4.17.6&Prime; _module_preset=\u00a0\u00bbdefault\u00a0\u00bb theme_builder_area=\u00a0\u00bbpost_content\u00a0\u00bb hover_enabled=\u00a0\u00bb0&Prime; sticky_enabled=\u00a0\u00bb0&Prime; custom_margin_last_edited=\u00a0\u00bbon|desktop\u00a0\u00bb custom_margin=\u00a0\u00bb46px||||false|false\u00a0\u00bb custom_margin_tablet=\u00a0\u00bb46px||||false|false\u00a0\u00bb custom_margin_phone=\u00a0\u00bb46px||||false|false\u00a0\u00bb]<\/p>\n<p style=\"text-align: center;\"><span style=\"color: #008080;\"><strong>Une \u00e9quipe se r\u00e9unit chaque mois pour la r\u00e9citation du rosaire pour les conversions.<\/strong><\/span><\/p>\n<p><span style=\"color: #008080;\"><strong><\/strong><\/span><\/p>\n<p style=\"text-align: center;\">Le 2 du mois, \u00e0 20 h 30 en l\u2019\u00e9glise de <b>LAGORD<\/b><\/p>\n<p style=\"text-align: center;\">Contact\u00a0: Monique <strong>RIVET<\/strong> 05.46.42.13.76<\/p>\n<p>[\/et_pb_text][\/et_pb_column][\/et_pb_row][\/et_pb_section]<\/p>\n","protected":false},"excerpt":{"rendered":"<p>Un temps d&rsquo;adoration eucharistique est propos\u00e9 chaque semaine. Les jeudis, \u00e0 18 h 45, dans la salle paroissiale de LAGORD (salle de cat\u00e9 pendant la p\u00e9riode hivernale). Le lieu changera [&hellip;]<\/p>\n","protected":false},"author":4,"featured_media":0,"parent":6623,"menu_order":0,"comment_status":"closed","ping_status":"closed","template":"","meta":{"_et_pb_use_builder":"on","_et_pb_old_content":"","_et_gb_content_width":"","footnotes":""},"class_list":["post-6629","page","type-page","status-publish","hentry"],"_links":{"self":[{"href":"https:\/\/catholiques17.fr\/nieul\/wp-json\/wp\/v2\/pages\/6629","targetHints":{"allow":["GET"]}}],"collection":[{"href":"https:\/\/catholiques17.fr\/nieul\/wp-json\/wp\/v2\/pages"}],"about":[{"href":"https:\/\/catholiques17.fr\/nieul\/wp-json\/wp\/v2\/types\/page"}],"author":[{"embeddable":true,"href":"https:\/\/catholiques17.fr\/nieul\/wp-json\/wp\/v2\/users\/4"}],"replies":[{"embeddable":true,"href":"https:\/\/catholiques17.fr\/nieul\/wp-json\/wp\/v2\/comments?post=6629"}],"version-history":[{"count":8,"href":"https:\/\/catholiques17.fr\/nieul\/wp-json\/wp\/v2\/pages\/6629\/revisions"}],"predecessor-version":[{"id":7896,"href":"https:\/\/catholiques17.fr\/nieul\/wp-json\/wp\/v2\/pages\/6629\/revisions\/7896"}],"up":[{"embeddable":true,"href":"https:\/\/catholiques17.fr\/nieul\/wp-json\/wp\/v2\/pages\/6623"}],"wp:attachment":[{"href":"https:\/\/catholiques17.fr\/nieul\/wp-json\/wp\/v2\/media?parent=6629"}],"curies":[{"name":"wp","href":"https:\/\/api.w.org\/{rel}","templated":true}]}}

<p>[et_pb_section fb_built= »1&Prime; _builder_version= »4.16&Prime; _module_preset= »default » custom_padding= »0px||||| » global_colors_info= »{} » theme_builder_area= »post_content »][et_pb_row _builder_version= »4.17.6&Prime; _module_preset= »default » custom_padding= »0px||||| » hover_enabled= »0&Prime; global_colors_info= »{} » column_structure= »1_2,1_2&Prime; theme_builder_area= »post_content » sticky_enabled= »0&Prime;][et_pb_column type= »1_2&Prime; _builder_version= »4.16&Prime; _module_preset= »default » global_colors_info= »{} » theme_builder_area= »post_content »][et_pb_image src= »https://catholiques17.fr/nieul/wp-content/uploads/sites/29/2022/11/nicolasnunezlc-14310490347738dc7a69c7e2e1557ff3-cathopic.jpg » title_text= »nicolasnunezlc-14310490347738dc7a69c7e2e1557ff3-cathopic » align= »center » _builder_version= »4.17.6&Prime; _module_preset= »default » animation_style= »slide » hover_enabled= »0&Prime; border_radii= »on|20px|20px|20px|20px » global_colors_info= »{} » theme_builder_area= »post_content » sticky_enabled= »0&Prime;][/et_pb_image][/et_pb_column][et_pb_column _builder_version= »4.17.6&Prime; _module_preset= »default » type= »1_2&Prime; theme_builder_area= »post_content » hover_enabled= »0&Prime; sticky_enabled= »0&Prime;][et_pb_text _builder_version= »4.17.6&Prime; _module_preset= »default » theme_builder_area= »post_content » hover_enabled= »0&Prime; sticky_enabled= »0&Prime; custom_margin_last_edited= »on|desktop » custom_margin= »46px||||false|false » custom_margin_tablet= »46px||||false|false » custom_margin_phone= »46px||||false|false »]</p>
<p style="text-align: center;"><span style="color: #008080;"><strong>Un temps d&rsquo;adoration eucharistique est proposé chaque semaine.</strong></span></p>
<p><span style="color: #008080;"><strong></strong></span></p>
<p style="text-align: center;">Les jeudis, à 18 h 45, dans la salle paroissiale de <b>LAGORD </b>(salle de caté pendant la période hivernale). Le lieu changera dès le retour des beaux jours, et les temps d&rsquo;adoration auront alors lieu dans l&rsquo; église de Marsilly.</p>
<p>[/et_pb_text][/et_pb_column][/et_pb_row][et_pb_row _builder_version= »4.17.6&Prime; _module_preset= »default » custom_padding= »0px||||| » hover_enabled= »0&Prime; global_colors_info= »{} » column_structure= »1_2,1_2&Prime; theme_builder_area= »post_content » sticky_enabled= »0&Prime;][et_pb_column type= »1_2&Prime; _builder_version= »4.16&Prime; _module_preset= »default » global_colors_info= »{} » theme_builder_area= »post_content »][et_pb_image src= »https://catholiques17.fr/nieul/wp-content/uploads/sites/29/2021/12/rosary-1211064_1280.jpg » title_text= »rosary-1211064_1280&Prime; align= »center » _builder_version= »4.16&Prime; _module_preset= »default » animation_style= »slide » border_radii= »on|20px|20px|20px|20px » global_colors_info= »{} » theme_builder_area= »post_content »][/et_pb_image][/et_pb_column][et_pb_column _builder_version= »4.17.6&Prime; _module_preset= »default » type= »1_2&Prime; theme_builder_area= »post_content » hover_enabled= »0&Prime; sticky_enabled= »0&Prime;][et_pb_text _builder_version= »4.17.6&Prime; _module_preset= »default » theme_builder_area= »post_content » hover_enabled= »0&Prime; sticky_enabled= »0&Prime; custom_margin_last_edited= »on|desktop » custom_margin= »46px||||false|false » custom_margin_tablet= »46px||||false|false » custom_margin_phone= »46px||||false|false »]</p>
<p style="text-align: center;"><span style="color: #008080;"><strong>Une équipe se réunit chaque mois pour la récitation du rosaire pour les conversions.</strong></span></p>
<p><span style="color: #008080;"><strong></strong></span></p>
<p style="text-align: center;">Le 2 du mois, à 20 h 30 en l’église de <b>LAGORD</b></p>
<p style="text-align: center;">Contact : Monique <strong>RIVET</strong> 05.46.42.13.76</p>
<p>[/et_pb_text][/et_pb_column][/et_pb_row][/et_pb_section]</p>

<p>Un temps d&rsquo;adoration eucharistique est proposé chaque semaine. Les jeudis, à 18 h 45, dans la salle paroissiale de LAGORD (salle de caté pendant la période hivernale). Le lieu changera [&hellip;]</p>
