{"id":10352,"date":"2025-07-08T12:03:17","date_gmt":"2025-07-08T10:03:17","guid":{"rendered":"https:\/\/catholiques17.fr\/nieul\/?page_id=10352"},"modified":"2026-01-08T12:03:13","modified_gmt":"2026-01-08T11:03:13","slug":"equipes-liturgiques","status":"publish","type":"page","link":"https:\/\/catholiques17.fr\/nieul\/les-services\/equipes-liturgiques\/","title":{"rendered":"Equipes liturgiques"},"content":{"rendered":"<p>[et_pb_section fb_built=\u00a0\u00bb1&Prime; _builder_version=\u00a0\u00bb4.27.4&Prime; _module_preset=\u00a0\u00bbdefault\u00a0\u00bb custom_padding=\u00a0\u00bb12px|||||\u00a0\u00bb global_colors_info=\u00a0\u00bb{}\u00a0\u00bb theme_builder_area=\u00a0\u00bbpost_content\u00a0\u00bb][et_pb_row _builder_version=\u00a0\u00bb4.27.4&Prime; _module_preset=\u00a0\u00bbdefault\u00a0\u00bb custom_padding=\u00a0\u00bb13px|||||\u00a0\u00bb global_colors_info=\u00a0\u00bb{}\u00a0\u00bb theme_builder_area=\u00a0\u00bbpost_content\u00a0\u00bb][et_pb_column type=\u00a0\u00bb4_4&Prime; _builder_version=\u00a0\u00bb4.27.4&Prime; _module_preset=\u00a0\u00bbdefault\u00a0\u00bb global_colors_info=\u00a0\u00bb{}\u00a0\u00bb theme_builder_area=\u00a0\u00bbpost_content\u00a0\u00bb][et_pb_image src=\u00a0\u00bbhttps:\/\/catholiques17.fr\/nieul\/wp-content\/uploads\/sites\/29\/2025\/07\/Bible.jpg\u00a0\u00bb title_text=\u00a0\u00bbBible\u00a0\u00bb align=\u00a0\u00bbcenter\u00a0\u00bb force_fullwidth=\u00a0\u00bbon\u00a0\u00bb _builder_version=\u00a0\u00bb4.27.4&Prime; _module_preset=\u00a0\u00bbdefault\u00a0\u00bb custom_margin=\u00a0\u00bb0px||0px||true|false\u00a0\u00bb border_radii=\u00a0\u00bbon|20px|20px|20px|20px\u00a0\u00bb global_colors_info=\u00a0\u00bb{}\u00a0\u00bb theme_builder_area=\u00a0\u00bbpost_content\u00a0\u00bb][\/et_pb_image][\/et_pb_column][\/et_pb_row][et_pb_row _builder_version=\u00a0\u00bb4.27.4&Prime; _module_preset=\u00a0\u00bbdefault\u00a0\u00bb global_colors_info=\u00a0\u00bb{}\u00a0\u00bb theme_builder_area=\u00a0\u00bbpost_content\u00a0\u00bb][et_pb_column type=\u00a0\u00bb4_4&Prime; _builder_version=\u00a0\u00bb4.27.4&Prime; _module_preset=\u00a0\u00bbdefault\u00a0\u00bb global_colors_info=\u00a0\u00bb{}\u00a0\u00bb theme_builder_area=\u00a0\u00bbpost_content\u00a0\u00bb][et_pb_text _builder_version=\u00a0\u00bb4.27.4&Prime; _module_preset=\u00a0\u00bbdefault\u00a0\u00bb global_colors_info=\u00a0\u00bb{}\u00a0\u00bb theme_builder_area=\u00a0\u00bbpost_content\u00a0\u00bb]<\/p>\n<p style=\"text-align: center;\"><span style=\"color: #008080;\"><strong>Les \u00e9quipes liturgiques ont pour r\u00f4le de pr\u00e9parer la messe d\u2019un dimanche.<\/strong><\/span><\/p>\n<p>[\/et_pb_text][\/et_pb_column][\/et_pb_row][et_pb_row _builder_version=\u00a0\u00bb4.27.4&Prime; _module_preset=\u00a0\u00bbdefault\u00a0\u00bb global_colors_info=\u00a0\u00bb{}\u00a0\u00bb theme_builder_area=\u00a0\u00bbpost_content\u00a0\u00bb][et_pb_column type=\u00a0\u00bb4_4&Prime; _builder_version=\u00a0\u00bb4.27.4&Prime; _module_preset=\u00a0\u00bbdefault\u00a0\u00bb global_colors_info=\u00a0\u00bb{}\u00a0\u00bb theme_builder_area=\u00a0\u00bbpost_content\u00a0\u00bb][et_pb_text _builder_version=\u00a0\u00bb4.27.4&Prime; _module_preset=\u00a0\u00bbdefault\u00a0\u00bb hover_enabled=\u00a0\u00bb0&Prime; global_colors_info=\u00a0\u00bb{}\u00a0\u00bb theme_builder_area=\u00a0\u00bbpost_content\u00a0\u00bb sticky_enabled=\u00a0\u00bb0&Prime;]<\/p>\n<p>C\u2019est l\u2019occasion de se retrouver en \u00e9quipe pour m\u00e9diter la Parole de DIEU et grandir spirituellement, tout en se mettant au service de la communaut\u00e9 paroissiale.<\/p>\n<p>L\u2019\u00e9quipe liturgique est compos\u00e9e de quelques personnes qui pr\u00e9parent une fois par mois la messe du dimanche dont elles lisent et m\u00e9ditent ensemble les lectures propos\u00e9es.\u00a0Elles pr\u00e9voient l\u2019animation de la liturgie, en particulier la Pri\u00e8re Universelle, elles proposent les chants aux animateurs, ainsi que les gestes qui seront \u00e9ventuellement mis en valeur en accord avec le pr\u00eatre.<\/p>\n<p>Dans notre paroisse, quatre \u00e9quipes sont au service de la liturgie ; il est possible, \u00e0 tout moment de les rejoindre.<\/p>\n<p style=\"text-align: center;\"><strong>N\u2019h\u00e9sitez pas \u00e0 contacter la paroisse pour int\u00e9grer l\u2019une d\u2019entre elles !<\/strong><\/p>\n<p>[\/et_pb_text][\/et_pb_column][\/et_pb_row][\/et_pb_section]<\/p>\n","protected":false},"excerpt":{"rendered":"<p>Les \u00e9quipes liturgiques ont pour r\u00f4le de pr\u00e9parer la messe d\u2019un dimanche.C\u2019est l\u2019occasion de se retrouver en \u00e9quipe pour m\u00e9diter la Parole de DIEU et grandir spirituellement, tout en se [&hellip;]<\/p>\n","protected":false},"author":4,"featured_media":0,"parent":6623,"menu_order":0,"comment_status":"closed","ping_status":"closed","template":"","meta":{"_et_pb_use_builder":"on","_et_pb_old_content":"","_et_gb_content_width":"","footnotes":""},"class_list":["post-10352","page","type-page","status-publish","hentry"],"_links":{"self":[{"href":"https:\/\/catholiques17.fr\/nieul\/wp-json\/wp\/v2\/pages\/10352","targetHints":{"allow":["GET"]}}],"collection":[{"href":"https:\/\/catholiques17.fr\/nieul\/wp-json\/wp\/v2\/pages"}],"about":[{"href":"https:\/\/catholiques17.fr\/nieul\/wp-json\/wp\/v2\/types\/page"}],"author":[{"embeddable":true,"href":"https:\/\/catholiques17.fr\/nieul\/wp-json\/wp\/v2\/users\/4"}],"replies":[{"embeddable":true,"href":"https:\/\/catholiques17.fr\/nieul\/wp-json\/wp\/v2\/comments?post=10352"}],"version-history":[{"count":4,"href":"https:\/\/catholiques17.fr\/nieul\/wp-json\/wp\/v2\/pages\/10352\/revisions"}],"predecessor-version":[{"id":10823,"href":"https:\/\/catholiques17.fr\/nieul\/wp-json\/wp\/v2\/pages\/10352\/revisions\/10823"}],"up":[{"embeddable":true,"href":"https:\/\/catholiques17.fr\/nieul\/wp-json\/wp\/v2\/pages\/6623"}],"wp:attachment":[{"href":"https:\/\/catholiques17.fr\/nieul\/wp-json\/wp\/v2\/media?parent=10352"}],"curies":[{"name":"wp","href":"https:\/\/api.w.org\/{rel}","templated":true}]}}

<p>[et_pb_section fb_built= »1&Prime; _builder_version= »4.27.4&Prime; _module_preset= »default » custom_padding= »12px||||| » global_colors_info= »{} » theme_builder_area= »post_content »][et_pb_row _builder_version= »4.27.4&Prime; _module_preset= »default » custom_padding= »13px||||| » global_colors_info= »{} » theme_builder_area= »post_content »][et_pb_column type= »4_4&Prime; _builder_version= »4.27.4&Prime; _module_preset= »default » global_colors_info= »{} » theme_builder_area= »post_content »][et_pb_image src= »https://catholiques17.fr/nieul/wp-content/uploads/sites/29/2025/07/Bible.jpg » title_text= »Bible » align= »center » force_fullwidth= »on » _builder_version= »4.27.4&Prime; _module_preset= »default » custom_margin= »0px||0px||true|false » border_radii= »on|20px|20px|20px|20px » global_colors_info= »{} » theme_builder_area= »post_content »][/et_pb_image][/et_pb_column][/et_pb_row][et_pb_row _builder_version= »4.27.4&Prime; _module_preset= »default » global_colors_info= »{} » theme_builder_area= »post_content »][et_pb_column type= »4_4&Prime; _builder_version= »4.27.4&Prime; _module_preset= »default » global_colors_info= »{} » theme_builder_area= »post_content »][et_pb_text _builder_version= »4.27.4&Prime; _module_preset= »default » global_colors_info= »{} » theme_builder_area= »post_content »]</p>
<p style="text-align: center;"><span style="color: #008080;"><strong>Les équipes liturgiques ont pour rôle de préparer la messe d’un dimanche.</strong></span></p>
<p>[/et_pb_text][/et_pb_column][/et_pb_row][et_pb_row _builder_version= »4.27.4&Prime; _module_preset= »default » global_colors_info= »{} » theme_builder_area= »post_content »][et_pb_column type= »4_4&Prime; _builder_version= »4.27.4&Prime; _module_preset= »default » global_colors_info= »{} » theme_builder_area= »post_content »][et_pb_text _builder_version= »4.27.4&Prime; _module_preset= »default » hover_enabled= »0&Prime; global_colors_info= »{} » theme_builder_area= »post_content » sticky_enabled= »0&Prime;]</p>
<p>C’est l’occasion de se retrouver en équipe pour méditer la Parole de DIEU et grandir spirituellement, tout en se mettant au service de la communauté paroissiale.</p>
<p>L’équipe liturgique est composée de quelques personnes qui préparent une fois par mois la messe du dimanche dont elles lisent et méditent ensemble les lectures proposées. Elles prévoient l’animation de la liturgie, en particulier la Prière Universelle, elles proposent les chants aux animateurs, ainsi que les gestes qui seront éventuellement mis en valeur en accord avec le prêtre.</p>
<p>Dans notre paroisse, quatre équipes sont au service de la liturgie ; il est possible, à tout moment de les rejoindre.</p>
<p style="text-align: center;"><strong>N’hésitez pas à contacter la paroisse pour intégrer l’une d’entre elles !</strong></p>
<p>[/et_pb_text][/et_pb_column][/et_pb_row][/et_pb_section]</p>

<p>Les équipes liturgiques ont pour rôle de préparer la messe d’un dimanche.C’est l’occasion de se retrouver en équipe pour méditer la Parole de DIEU et grandir spirituellement, tout en se [&hellip;]</p>
