{"id":7107,"date":"2025-11-17T15:25:00","date_gmt":"2025-11-17T14:25:00","guid":{"rendered":"https:\/\/catholiques17.fr\/montlieu\/?page_id=7107"},"modified":"2026-01-19T07:55:51","modified_gmt":"2026-01-19T06:55:51","slug":"accueil-2025","status":"publish","type":"page","link":"https:\/\/catholiques17.fr\/montlieu\/","title":{"rendered":"Accueil 2025"},"content":{"rendered":"<p>[et_pb_section fb_built=\u00a0\u00bb1&Prime; _builder_version=\u00a0\u00bb4.16&Prime; background_image=\u00a0\u00bbhttps:\/\/catholiques17.fr\/montlieu\/wp-content\/uploads\/sites\/22\/2021\/03\/carbon.png\u00a0\u00bb background_size=\u00a0\u00bbinitial\u00a0\u00bb background_repeat=\u00a0\u00bbrepeat\u00a0\u00bb global_colors_info=\u00a0\u00bb{}\u00a0\u00bb][et_pb_row _builder_version=\u00a0\u00bb4.16&Prime; background_color=\u00a0\u00bb#FFFFFF\u00a0\u00bb background_size=\u00a0\u00bbinitial\u00a0\u00bb background_position=\u00a0\u00bbtop_left\u00a0\u00bb background_repeat=\u00a0\u00bbrepeat\u00a0\u00bb custom_padding=\u00a0\u00bb20px|20px|20px|20px|false|false\u00a0\u00bb animation_style=\u00a0\u00bbfade\u00a0\u00bb border_radii=\u00a0\u00bbon|10px|10px|10px|10px\u00a0\u00bb box_shadow_style=\u00a0\u00bbpreset3&Prime; global_colors_info=\u00a0\u00bb{}\u00a0\u00bb][et_pb_column type=\u00a0\u00bb4_4&Prime; _builder_version=\u00a0\u00bb4.16&Prime; custom_padding=\u00a0\u00bb|||\u00a0\u00bb global_colors_info=\u00a0\u00bb{}\u00a0\u00bb custom_padding__hover=\u00a0\u00bb|||\u00a0\u00bb][et_pb_text _builder_version=\u00a0\u00bb4.17.6&Prime; background_size=\u00a0\u00bbinitial\u00a0\u00bb background_position=\u00a0\u00bbtop_left\u00a0\u00bb background_repeat=\u00a0\u00bbrepeat\u00a0\u00bb global_colors_info=\u00a0\u00bb{}\u00a0\u00bb]<\/p>\n<h2 style=\"text-align: center\"><span>Paroisse Sainte-Th\u00e9r\u00e8se de L\u2019Enfant-J\u00e9sus [Montlieu la Garde]<\/span><\/h2>\n<div class=\"page-content\"><\/div>\n<p>\u00a0<strong>Bienvenue sur le site de notre paroisse<\/strong>, qui regroupe les communes de <span data-sheets-formula-bar-text-style=\"font-size:13px;color:#000000;font-weight:normal;text-decoration:none;font-family:'Arial';font-style:normal;text-decoration-skip-ink:none;\">B\u00e9d\u00e9nac, Boresse et Martron, Bran, Cercoux, Chatenet, Chepniers, Chevanceaux, Cl\u00e9rac, Le Pin, M\u00e9rignac, Montguyon, Montlieu la Garde, Neuvicq, Orignolles, Polignac, Pouillac, St Martin d&rsquo;Ary, St Palais de N\u00e9grignac, St Pierre du Palais, Ste Colombe<\/span>.<\/p>\n<p><strong>Vous trouverez ici toutes les informations concernant notre communaut\u00e9 eccl\u00e9siale<\/strong> : les horaires des messes, les hom\u00e9lies de notre cur\u00e9 ou encore les informations relatives au bapt\u00eame de votre enfant ou \u00e0 votre futur mariage. Venez \u00e9galement nous rencontrer au presbyt\u00e8re. Nous vous y attendons avec joie !<\/p>\n<p>[\/et_pb_text][\/et_pb_column][\/et_pb_row][et_pb_row _builder_version=\u00a0\u00bb4.27.4&Prime; _module_preset=\u00a0\u00bbdefault\u00a0\u00bb global_colors_info=\u00a0\u00bb{}\u00a0\u00bb][et_pb_column type=\u00a0\u00bb4_4&Prime; _builder_version=\u00a0\u00bb4.27.4&Prime; _module_preset=\u00a0\u00bbdefault\u00a0\u00bb global_colors_info=\u00a0\u00bb{}\u00a0\u00bb][et_pb_image src=\u00a0\u00bbhttps:\/\/catholiques17.fr\/montlieu\/wp-content\/uploads\/sites\/22\/2025\/11\/Presentation.jpg\u00a0\u00bb title_text=\u00a0\u00bbPre\u0301sentation\u00a0\u00bb url=\u00a0\u00bbhttps:\/\/catholiques17.fr\/calendrier-de-lavent-2025\/\u00a0\u00bb align=\u00a0\u00bbcenter\u00a0\u00bb _builder_version=\u00a0\u00bb4.27.4&Prime; _module_preset=\u00a0\u00bbdefault\u00a0\u00bb global_colors_info=\u00a0\u00bb{}\u00a0\u00bb][\/et_pb_image][\/et_pb_column][\/et_pb_row][et_pb_row column_structure=\u00a0\u00bb2_3,1_3&Prime; _builder_version=\u00a0\u00bb4.17.6&Prime; _module_preset=\u00a0\u00bbdefault\u00a0\u00bb global_colors_info=\u00a0\u00bb{}\u00a0\u00bb][et_pb_column type=\u00a0\u00bb2_3&Prime; _builder_version=\u00a0\u00bb4.17.6&Prime; _module_preset=\u00a0\u00bbdefault\u00a0\u00bb background_color=\u00a0\u00bb#FFFFFF\u00a0\u00bb custom_padding=\u00a0\u00bb20px|20px|20px|20px|false|false\u00a0\u00bb border_radii=\u00a0\u00bbon|11px|11px|11px|11px\u00a0\u00bb border_width_all=\u00a0\u00bb1px\u00a0\u00bb border_color_all=\u00a0\u00bb#00baad\u00a0\u00bb box_shadow_style=\u00a0\u00bbpreset3&Prime; global_colors_info=\u00a0\u00bb{}\u00a0\u00bb][et_pb_text _builder_version=\u00a0\u00bb4.16&Prime; _module_preset=\u00a0\u00bbdefault\u00a0\u00bb header_font=\u00a0\u00bb|700|||||||\u00a0\u00bb header_text_color=\u00a0\u00bb#00baad\u00a0\u00bb global_colors_info=\u00a0\u00bb{}\u00a0\u00bb]<\/p>\n<h1>Notre actualit\u00e9<\/h1>\n<p>[\/et_pb_text][et_pb_blog fullwidth=\u00a0\u00bboff\u00a0\u00bb posts_number=\u00a0\u00bb6&Prime; include_categories=\u00a0\u00bb6,all\u00a0\u00bb meta_date=\u00a0\u00bbj M Y\u00a0\u00bb show_author=\u00a0\u00bboff\u00a0\u00bb _builder_version=\u00a0\u00bb4.17.6&Prime; _module_preset=\u00a0\u00bbdefault\u00a0\u00bb meta_text_color=\u00a0\u00bb#FF8C00&Prime; border_color_all_image=\u00a0\u00bbRGBA(0,0,0,0)\u00a0\u00bb box_shadow_style=\u00a0\u00bbpreset2&Prime; box_shadow_style_image=\u00a0\u00bbpreset2&Prime; global_colors_info=\u00a0\u00bb{}\u00a0\u00bb][\/et_pb_blog][\/et_pb_column][et_pb_column type=\u00a0\u00bb1_3&Prime; _builder_version=\u00a0\u00bb4.16&Prime; _module_preset=\u00a0\u00bbdefault\u00a0\u00bb background_color=\u00a0\u00bb#FFFFFF\u00a0\u00bb custom_padding=\u00a0\u00bb20px|20px|20px|20px|false|false\u00a0\u00bb border_radii=\u00a0\u00bbon|10px|10px|10px|10px\u00a0\u00bb box_shadow_style=\u00a0\u00bbpreset3&Prime; global_colors_info=\u00a0\u00bb{}\u00a0\u00bb][et_pb_text _builder_version=\u00a0\u00bb4.16&Prime; _module_preset=\u00a0\u00bbdefault\u00a0\u00bb background_color=\u00a0\u00bb#00baad\u00a0\u00bb background_layout=\u00a0\u00bbdark\u00a0\u00bb custom_padding=\u00a0\u00bb10px|10px|2px|10px|false|false\u00a0\u00bb border_radii=\u00a0\u00bbon|9px|9px|9px|9px\u00a0\u00bb global_colors_info=\u00a0\u00bb{}\u00a0\u00bb]<\/p>\n<h2>Calendrier<\/h2>\n<p>[\/et_pb_text][et_pb_sidebar _builder_version=\u00a0\u00bb4.16&Prime; _module_preset=\u00a0\u00bbdefault\u00a0\u00bb global_colors_info=\u00a0\u00bb{}\u00a0\u00bb][\/et_pb_sidebar][et_pb_text _builder_version=\u00a0\u00bb4.16&Prime; _module_preset=\u00a0\u00bbdefault\u00a0\u00bb background_color=\u00a0\u00bb#00baad\u00a0\u00bb background_layout=\u00a0\u00bbdark\u00a0\u00bb custom_padding=\u00a0\u00bb10px|10px|2px|10px|false|false\u00a0\u00bb link_option_url=\u00a0\u00bbhttps:\/\/catholiques17.fr\/montlieu\/actualites\/journal-paroissial-le-lien\/\u00a0\u00bb border_radii=\u00a0\u00bbon|9px|9px|9px|9px\u00a0\u00bb global_colors_info=\u00a0\u00bb{}\u00a0\u00bb]<\/p>\n<h2>Journal \u00ab\u00a0Le lien\u00a0\u00bb<\/h2>\n<p>[\/et_pb_text][et_pb_text _builder_version=\u00a0\u00bb4.16&Prime; _module_preset=\u00a0\u00bbdefault\u00a0\u00bb background_color=\u00a0\u00bb#00baad\u00a0\u00bb background_layout=\u00a0\u00bbdark\u00a0\u00bb custom_padding=\u00a0\u00bb10px|10px|2px|10px|false|false\u00a0\u00bb border_radii=\u00a0\u00bbon|9px|9px|9px|9px\u00a0\u00bb global_colors_info=\u00a0\u00bb{}\u00a0\u00bb]<\/p>\n<h2>Contactez-nous<\/h2>\n<p>[\/et_pb_text][et_pb_text _builder_version=\u00a0\u00bb4.17.6&Prime; _module_preset=\u00a0\u00bbdefault\u00a0\u00bb text_text_color=\u00a0\u00bb#000000&Prime; global_colors_info=\u00a0\u00bb{}\u00a0\u00bb]<\/p>\n<p><strong>Presbyt\u00e8re<\/strong> : 45, avenue de la R\u00e9publique 17210 Montlieu La Garde\u00a0 &#8211; 05 46 04 44 41<\/p>\n<p><a href=\"mailto:paroisse.saintetheresemontlieu@gmail.com\" target=\"_blank\" rel=\"noopener\">p<span style=\"color: #00baad\"><\/span>aroisse.saintetheresemontlieu@gmail.com<\/a><\/p>\n<p><strong>Permanences :<\/strong> <em>Le secr\u00e9tariat est assur\u00e9 les mardi, mercredi, jeudi, vendredi. de 10h \u00e0 12h et de 15h \u00e0 18h<\/em><\/p>\n<p><strong>Cur\u00e9: <\/strong>P\u00e8re Camille COLY<\/p>\n<p>[\/et_pb_text][et_pb_text _builder_version=\u00a0\u00bb4.16&Prime; _dynamic_attributes=\u00a0\u00bblink_option_url\u00a0\u00bb _module_preset=\u00a0\u00bbdefault\u00a0\u00bb background_color=\u00a0\u00bb#00baad\u00a0\u00bb background_layout=\u00a0\u00bbdark\u00a0\u00bb custom_padding=\u00a0\u00bb10px|10px|2px|10px|false|false\u00a0\u00bb link_option_url=\u00a0\u00bbcatholiques.monprojetdesite.fr\u00a0\u00bb link_option_url_new_window=\u00a0\u00bbon\u00a0\u00bb border_radii=\u00a0\u00bbon|9px|9px|9px|9px\u00a0\u00bb global_colors_info=\u00a0\u00bb{}\u00a0\u00bb]<\/p>\n<h2>L&rsquo;annuaire<\/h2>\n<p>[\/et_pb_text][et_pb_button button_url=\u00a0\u00bbhttps:\/\/catholiques17.fr\/annuaire-du-diocese\/\u00a0\u00bb button_text=\u00a0\u00bbAnnuaire du dioc\u00e8se\u00a0\u00bb button_alignment=\u00a0\u00bbcenter\u00a0\u00bb _builder_version=\u00a0\u00bb4.17.6&Prime; _module_preset=\u00a0\u00bbdefault\u00a0\u00bb custom_button=\u00a0\u00bbon\u00a0\u00bb button_text_color=\u00a0\u00bb#00BAAD\u00a0\u00bb button_border_radius=\u00a0\u00bb11px\u00a0\u00bb button_icon=\u00a0\u00bb&#xe026;||divi||400&Prime; global_colors_info=\u00a0\u00bb{}\u00a0\u00bb][\/et_pb_button][et_pb_text _builder_version=\u00a0\u00bb4.17.6&Prime; _dynamic_attributes=\u00a0\u00bblink_option_url\u00a0\u00bb _module_preset=\u00a0\u00bbdefault\u00a0\u00bb background_color=\u00a0\u00bb#00baad\u00a0\u00bb background_layout=\u00a0\u00bbdark\u00a0\u00bb custom_padding=\u00a0\u00bb10px|10px|2px|10px|false|false\u00a0\u00bb link_option_url=\u00a0\u00bbhttps:\/\/catholiques17.fr\/montlieu\/prieres\/\u00a0\u00bb link_option_url_new_window=\u00a0\u00bbon\u00a0\u00bb border_radii=\u00a0\u00bbon|9px|9px|9px|9px\u00a0\u00bb global_colors_info=\u00a0\u00bb{}\u00a0\u00bb]<\/p>\n<h2>Pri\u00e8res<\/h2>\n<p>[\/et_pb_text][et_pb_code _builder_version=\u00a0\u00bb4.16&Prime; _module_preset=\u00a0\u00bbdefault\u00a0\u00bb global_colors_info=\u00a0\u00bb{}\u00a0\u00bb][\/et_pb_code][\/et_pb_column][\/et_pb_row][\/et_pb_section]<\/p>\n","protected":false},"excerpt":{"rendered":"<p>Paroisse Sainte-Th\u00e9r\u00e8se de L\u2019Enfant-J\u00e9sus [Montlieu la Garde] \u00a0Bienvenue sur le site de notre paroisse, qui regroupe les communes de B\u00e9d\u00e9nac, Boresse et Martron, Bran, Cercoux, Chatenet, Chepniers, Chevanceaux, Cl\u00e9rac, Le [&hellip;]<\/p>\n","protected":false},"author":1,"featured_media":0,"parent":0,"menu_order":0,"comment_status":"closed","ping_status":"closed","template":"","meta":{"_et_pb_use_builder":"on","_et_pb_old_content":"","_et_gb_content_width":"","footnotes":""},"class_list":["post-7107","page","type-page","status-publish","hentry"],"_links":{"self":[{"href":"https:\/\/catholiques17.fr\/montlieu\/wp-json\/wp\/v2\/pages\/7107","targetHints":{"allow":["GET"]}}],"collection":[{"href":"https:\/\/catholiques17.fr\/montlieu\/wp-json\/wp\/v2\/pages"}],"about":[{"href":"https:\/\/catholiques17.fr\/montlieu\/wp-json\/wp\/v2\/types\/page"}],"author":[{"embeddable":true,"href":"https:\/\/catholiques17.fr\/montlieu\/wp-json\/wp\/v2\/users\/1"}],"replies":[{"embeddable":true,"href":"https:\/\/catholiques17.fr\/montlieu\/wp-json\/wp\/v2\/comments?post=7107"}],"version-history":[{"count":9,"href":"https:\/\/catholiques17.fr\/montlieu\/wp-json\/wp\/v2\/pages\/7107\/revisions"}],"predecessor-version":[{"id":7219,"href":"https:\/\/catholiques17.fr\/montlieu\/wp-json\/wp\/v2\/pages\/7107\/revisions\/7219"}],"wp:attachment":[{"href":"https:\/\/catholiques17.fr\/montlieu\/wp-json\/wp\/v2\/media?parent=7107"}],"curies":[{"name":"wp","href":"https:\/\/api.w.org\/{rel}","templated":true}]}}

<p>[et_pb_section fb_built= »1&Prime; _builder_version= »4.16&Prime; background_image= »https://catholiques17.fr/montlieu/wp-content/uploads/sites/22/2021/03/carbon.png » background_size= »initial » background_repeat= »repeat » global_colors_info= »{} »][et_pb_row _builder_version= »4.16&Prime; background_color= »#FFFFFF » background_size= »initial » background_position= »top_left » background_repeat= »repeat » custom_padding= »20px|20px|20px|20px|false|false » animation_style= »fade » border_radii= »on|10px|10px|10px|10px » box_shadow_style= »preset3&Prime; global_colors_info= »{} »][et_pb_column type= »4_4&Prime; _builder_version= »4.16&Prime; custom_padding= »||| » global_colors_info= »{} » custom_padding__hover= »||| »][et_pb_text _builder_version= »4.17.6&Prime; background_size= »initial » background_position= »top_left » background_repeat= »repeat » global_colors_info= »{} »]</p>
<h2 style="text-align: center"><span>Paroisse Sainte-Thérèse de L’Enfant-Jésus [Montlieu la Garde]</span></h2>
<div class="page-content"></div>
<p> <strong>Bienvenue sur le site de notre paroisse</strong>, qui regroupe les communes de <span data-sheets-formula-bar-text-style="font-size:13px;color:#000000;font-weight:normal;text-decoration:none;font-family:'Arial';font-style:normal;text-decoration-skip-ink:none;">Bédénac, Boresse et Martron, Bran, Cercoux, Chatenet, Chepniers, Chevanceaux, Clérac, Le Pin, Mérignac, Montguyon, Montlieu la Garde, Neuvicq, Orignolles, Polignac, Pouillac, St Martin d&rsquo;Ary, St Palais de Négrignac, St Pierre du Palais, Ste Colombe</span>.</p>
<p><strong>Vous trouverez ici toutes les informations concernant notre communauté ecclésiale</strong> : les horaires des messes, les homélies de notre curé ou encore les informations relatives au baptême de votre enfant ou à votre futur mariage. Venez également nous rencontrer au presbytère. Nous vous y attendons avec joie !</p>
<p>[/et_pb_text][/et_pb_column][/et_pb_row][et_pb_row _builder_version= »4.27.4&Prime; _module_preset= »default » global_colors_info= »{} »][et_pb_column type= »4_4&Prime; _builder_version= »4.27.4&Prime; _module_preset= »default » global_colors_info= »{} »][et_pb_image src= »https://catholiques17.fr/montlieu/wp-content/uploads/sites/22/2025/11/Presentation.jpg » title_text= »Présentation » url= »https://catholiques17.fr/calendrier-de-lavent-2025/ » align= »center » _builder_version= »4.27.4&Prime; _module_preset= »default » global_colors_info= »{} »][/et_pb_image][/et_pb_column][/et_pb_row][et_pb_row column_structure= »2_3,1_3&Prime; _builder_version= »4.17.6&Prime; _module_preset= »default » global_colors_info= »{} »][et_pb_column type= »2_3&Prime; _builder_version= »4.17.6&Prime; _module_preset= »default » background_color= »#FFFFFF » custom_padding= »20px|20px|20px|20px|false|false » border_radii= »on|11px|11px|11px|11px » border_width_all= »1px » border_color_all= »#00baad » box_shadow_style= »preset3&Prime; global_colors_info= »{} »][et_pb_text _builder_version= »4.16&Prime; _module_preset= »default » header_font= »|700||||||| » header_text_color= »#00baad » global_colors_info= »{} »]</p>
<h1>Notre actualité</h1>
<p>[/et_pb_text][et_pb_blog fullwidth= »off » posts_number= »6&Prime; include_categories= »6,all » meta_date= »j M Y » show_author= »off » _builder_version= »4.17.6&Prime; _module_preset= »default » meta_text_color= »#FF8C00&Prime; border_color_all_image= »RGBA(0,0,0,0) » box_shadow_style= »preset2&Prime; box_shadow_style_image= »preset2&Prime; global_colors_info= »{} »][/et_pb_blog][/et_pb_column][et_pb_column type= »1_3&Prime; _builder_version= »4.16&Prime; _module_preset= »default » background_color= »#FFFFFF » custom_padding= »20px|20px|20px|20px|false|false » border_radii= »on|10px|10px|10px|10px » box_shadow_style= »preset3&Prime; global_colors_info= »{} »][et_pb_text _builder_version= »4.16&Prime; _module_preset= »default » background_color= »#00baad » background_layout= »dark » custom_padding= »10px|10px|2px|10px|false|false » border_radii= »on|9px|9px|9px|9px » global_colors_info= »{} »]</p>
<h2>Calendrier</h2>
<p>[/et_pb_text][et_pb_sidebar _builder_version= »4.16&Prime; _module_preset= »default » global_colors_info= »{} »][/et_pb_sidebar][et_pb_text _builder_version= »4.16&Prime; _module_preset= »default » background_color= »#00baad » background_layout= »dark » custom_padding= »10px|10px|2px|10px|false|false » link_option_url= »https://catholiques17.fr/montlieu/actualites/journal-paroissial-le-lien/ » border_radii= »on|9px|9px|9px|9px » global_colors_info= »{} »]</p>
<h2>Journal « Le lien »</h2>
<p>[/et_pb_text][et_pb_text _builder_version= »4.16&Prime; _module_preset= »default » background_color= »#00baad » background_layout= »dark » custom_padding= »10px|10px|2px|10px|false|false » border_radii= »on|9px|9px|9px|9px » global_colors_info= »{} »]</p>
<h2>Contactez-nous</h2>
<p>[/et_pb_text][et_pb_text _builder_version= »4.17.6&Prime; _module_preset= »default » text_text_color= »#000000&Prime; global_colors_info= »{} »]</p>
<p><strong>Presbytère</strong> : 45, avenue de la République 17210 Montlieu La Garde  &#8211; 05 46 04 44 41</p>
<p><a href="mailto:paroisse.saintetheresemontlieu@gmail.com" target="_blank" rel="noopener">p<span style="color: #00baad"></span>aroisse.saintetheresemontlieu@gmail.com</a></p>
<p><strong>Permanences :</strong> <em>Le secrétariat est assuré les mardi, mercredi, jeudi, vendredi. de 10h à 12h et de 15h à 18h</em></p>
<p><strong>Curé: </strong>Père Camille COLY</p>
<p>[/et_pb_text][et_pb_text _builder_version= »4.16&Prime; _dynamic_attributes= »link_option_url » _module_preset= »default » background_color= »#00baad » background_layout= »dark » custom_padding= »10px|10px|2px|10px|false|false » link_option_url= »catholiques.monprojetdesite.fr » link_option_url_new_window= »on » border_radii= »on|9px|9px|9px|9px » global_colors_info= »{} »]</p>
<h2>L&rsquo;annuaire</h2>
<p>[/et_pb_text][et_pb_button button_url= »https://catholiques17.fr/annuaire-du-diocese/ » button_text= »Annuaire du diocèse » button_alignment= »center » _builder_version= »4.17.6&Prime; _module_preset= »default » custom_button= »on » button_text_color= »#00BAAD » button_border_radius= »11px » button_icon= »&#xe026;||divi||400&Prime; global_colors_info= »{} »][/et_pb_button][et_pb_text _builder_version= »4.17.6&Prime; _dynamic_attributes= »link_option_url » _module_preset= »default » background_color= »#00baad » background_layout= »dark » custom_padding= »10px|10px|2px|10px|false|false » link_option_url= »https://catholiques17.fr/montlieu/prieres/ » link_option_url_new_window= »on » border_radii= »on|9px|9px|9px|9px » global_colors_info= »{} »]</p>
<h2>Prières</h2>
<p>[/et_pb_text][et_pb_code _builder_version= »4.16&Prime; _module_preset= »default » global_colors_info= »{} »][/et_pb_code][/et_pb_column][/et_pb_row][/et_pb_section]</p>

<p>Paroisse Sainte-Thérèse de L’Enfant-Jésus [Montlieu la Garde]  Bienvenue sur le site de notre paroisse, qui regroupe les communes de Bédénac, Boresse et Martron, Bran, Cercoux, Chatenet, Chepniers, Chevanceaux, Clérac, Le [&hellip;]</p>
