{"id":5816,"date":"2023-03-16T14:37:19","date_gmt":"2023-03-16T13:37:19","guid":{"rendered":"https:\/\/catholiques17.fr\/montlieu\/?page_id=5816"},"modified":"2023-03-24T15:05:30","modified_gmt":"2023-03-24T14:05:30","slug":"st-pierre-eglise-de-st-pierre-du-palais","status":"publish","type":"page","link":"https:\/\/catholiques17.fr\/montlieu\/nos-eglises\/st-pierre-eglise-de-st-pierre-du-palais\/","title":{"rendered":"St Pierre, \u00e9glise de St Pierre du Palais"},"content":{"rendered":"<p>[et_pb_section fb_built=\u00a0\u00bb1&Prime; _builder_version=\u00a0\u00bb4.17.6&Prime; _module_preset=\u00a0\u00bbdefault\u00a0\u00bb custom_padding=\u00a0\u00bb8px|||||\u00a0\u00bb global_colors_info=\u00a0\u00bb{}\u00a0\u00bb theme_builder_area=\u00a0\u00bbet_body_layout\u00a0\u00bb][et_pb_row _builder_version=\u00a0\u00bb4.17.6&Prime; _module_preset=\u00a0\u00bbdefault\u00a0\u00bb custom_padding=\u00a0\u00bb14px|||||\u00a0\u00bb global_colors_info=\u00a0\u00bb{}\u00a0\u00bb theme_builder_area=\u00a0\u00bbet_body_layout\u00a0\u00bb][et_pb_column type=\u00a0\u00bb4_4&Prime; _builder_version=\u00a0\u00bb4.17.6&Prime; _module_preset=\u00a0\u00bbdefault\u00a0\u00bb global_colors_info=\u00a0\u00bb{}\u00a0\u00bb theme_builder_area=\u00a0\u00bbet_body_layout\u00a0\u00bb][et_pb_image src=\u00a0\u00bbhttps:\/\/catholiques17.fr\/montlieu\/wp-content\/uploads\/sites\/22\/2023\/03\/474_01.jpg\u00a0\u00bb title_text=\u00a0\u00bb474_01&Prime; align=\u00a0\u00bbcenter\u00a0\u00bb _builder_version=\u00a0\u00bb4.17.6&Prime; _module_preset=\u00a0\u00bbdefault\u00a0\u00bb animation_style=\u00a0\u00bbslide\u00a0\u00bb hover_enabled=\u00a0\u00bb0&Prime; border_radii=\u00a0\u00bbon|20px|20px|20px|20px\u00a0\u00bb global_colors_info=\u00a0\u00bb{}\u00a0\u00bb theme_builder_area=\u00a0\u00bbet_body_layout\u00a0\u00bb sticky_enabled=\u00a0\u00bb0&Prime;][\/et_pb_image][\/et_pb_column][\/et_pb_row][et_pb_row _builder_version=\u00a0\u00bb4.17.6&Prime; _module_preset=\u00a0\u00bbdefault\u00a0\u00bb global_colors_info=\u00a0\u00bb{}\u00a0\u00bb theme_builder_area=\u00a0\u00bbet_body_layout\u00a0\u00bb][et_pb_column type=\u00a0\u00bb4_4&Prime; _builder_version=\u00a0\u00bb4.17.6&Prime; _module_preset=\u00a0\u00bbdefault\u00a0\u00bb global_colors_info=\u00a0\u00bb{}\u00a0\u00bb theme_builder_area=\u00a0\u00bbet_body_layout\u00a0\u00bb][et_pb_text _builder_version=\u00a0\u00bb4.17.6&Prime; _module_preset=\u00a0\u00bbdefault\u00a0\u00bb hover_enabled=\u00a0\u00bb0&Prime; global_colors_info=\u00a0\u00bb{}\u00a0\u00bb theme_builder_area=\u00a0\u00bbet_body_layout\u00a0\u00bb sticky_enabled=\u00a0\u00bb0&Prime;]<\/p>\n<p>Saint-Pierre-du-Palais, \u00e9glise Saint-Pierre.<br \/>Tr\u00e8s d\u00e9t\u00e9rior\u00e9e, l\u2019\u00e9glise de Saint-Pierre-du- Palais construite en pierre de grison a \u00e9t\u00e9 maintes fois restaur\u00e9es. Elle garde n\u00e9anmoins un aspect int\u00e9ressant.<br \/>La fa\u00e7ade occidentale devait avoir \u00e0 l&rsquo;origine un portail \u00e0 plusieurs voussures et devait \u00eatre encadr\u00e9e selon Connou\u00e9 de deux baies aveugles et surmont\u00e9 d&rsquo;une corniche.<br \/>Compl\u00e8tement d\u00e9natur\u00e9e, il ne reste plus en sur\u00e9paisseur qu&rsquo;un portail \u00e0 voussures en arc en plein cintre reposant sur des deux groupes de petites colonnes \u00e0 chapiteaux sculpt\u00e9s fortement \u00e9rod\u00e9s.<br \/>Le haut clocher massif s&rsquo;\u00e9l\u00e8ve sur le bras sud du transept avec une tour d&rsquo;escalier accol\u00e9e sur le c\u00f4t\u00e9 est. Il comprend un seul \u00e9tage tr\u00e8s court percer d&rsquo;une baie tr\u00e9fl\u00e9e sur chaque face et surmont\u00e9 d&rsquo;une corniche \u00e0 modillons peu orn\u00e9s.<br \/>La trav\u00e9e sous clocher est une chapelle du XIIIe ou XIVe si\u00e8cle, vo\u00fbt\u00e9e sur crois\u00e9e d&rsquo;ogives avec pendentifs. Les nervures reposent sur des chapiteaux orn\u00e9s d&rsquo;une volumineuse et t\u00eate humaine sommairement sculpt\u00e9e. Deux longues et \u00e9troites baies en arc bris\u00e9 \u00e9clairent la chapelle.<br \/>L&rsquo;int\u00e9rieur de l&rsquo;\u00e9glise simple et large s&rsquo;ouvre sur le ch\u0153ur vo\u00fbt\u00e9 en cul-de-four par un \u00e9troit arc en plein cintre reposant sur de courtes colonnes. Le chevet en h\u00e9micycle est un petit volume par rapport \u00e0 celui de la nef.<br \/>A l&rsquo;ext\u00e9rieur de l&rsquo;\u00e9glise, \u00e0 droite du portail, un cadran solaire est grav\u00e9 sur l&rsquo;angle sud-ouest. Il est accompagn\u00e9 d&rsquo;un entrelacs tr\u00e8s simple, form\u00e9 de deux petits rubans courbes oppos\u00e9s.<br \/>C&rsquo;est un motif peu courant dans la r\u00e9gion, mais qui existe ailleurs et notamment sur un bloc de r\u00e9emploi qui se trouve \u00e0 gauche du portail des orf\u00e8vres, sur le c\u00f4t\u00e9 ouest de la cath\u00e9drale de Saint-Jacques-de-Compostelle.<\/p>\n<p>La totalit\u00e9 de l\u2019\u00e9difice \u00e0 \u00e9t\u00e9 inscrite \u00e0 l\u2019inventaire suppl\u00e9mentaire de monuments historiques le 22 ao\u00fbt 1949.<\/p>\n<p>[\/et_pb_text][\/et_pb_column][\/et_pb_row][et_pb_row column_structure=\u00a0\u00bb1_3,1_3,1_3&Prime; _builder_version=\u00a0\u00bb4.17.6&Prime; _module_preset=\u00a0\u00bbdefault\u00a0\u00bb global_colors_info=\u00a0\u00bb{}\u00a0\u00bb theme_builder_area=\u00a0\u00bbet_body_layout\u00a0\u00bb][et_pb_column type=\u00a0\u00bb1_3&Prime; _builder_version=\u00a0\u00bb4.17.6&Prime; _module_preset=\u00a0\u00bbdefault\u00a0\u00bb global_colors_info=\u00a0\u00bb{}\u00a0\u00bb theme_builder_area=\u00a0\u00bbet_body_layout\u00a0\u00bb][et_pb_image src=\u00a0\u00bbhttps:\/\/catholiques17.fr\/montlieu\/wp-content\/uploads\/sites\/22\/2023\/03\/474_02.jpg\u00a0\u00bb title_text=\u00a0\u00bb474_02&Prime; show_in_lightbox=\u00a0\u00bbon\u00a0\u00bb align=\u00a0\u00bbcenter\u00a0\u00bb _builder_version=\u00a0\u00bb4.17.6&Prime; _module_preset=\u00a0\u00bbdefault\u00a0\u00bb hover_enabled=\u00a0\u00bb0&Prime; border_radii=\u00a0\u00bbon|20px|20px|20px|20px\u00a0\u00bb border_width_all=\u00a0\u00bb1px\u00a0\u00bb border_color_all=\u00a0\u00bb#FF8C00&Prime; global_colors_info=\u00a0\u00bb{}\u00a0\u00bb theme_builder_area=\u00a0\u00bbet_body_layout\u00a0\u00bb sticky_enabled=\u00a0\u00bb0&Prime;][\/et_pb_image][\/et_pb_column][et_pb_column type=\u00a0\u00bb1_3&Prime; _builder_version=\u00a0\u00bb4.17.6&Prime; _module_preset=\u00a0\u00bbdefault\u00a0\u00bb global_colors_info=\u00a0\u00bb{}\u00a0\u00bb theme_builder_area=\u00a0\u00bbet_body_layout\u00a0\u00bb][et_pb_image src=\u00a0\u00bbhttps:\/\/catholiques17.fr\/montlieu\/wp-content\/uploads\/sites\/22\/2023\/03\/474_05.jpg\u00a0\u00bb title_text=\u00a0\u00bb474_05&Prime; show_in_lightbox=\u00a0\u00bbon\u00a0\u00bb align=\u00a0\u00bbcenter\u00a0\u00bb _builder_version=\u00a0\u00bb4.17.6&Prime; _module_preset=\u00a0\u00bbdefault\u00a0\u00bb hover_enabled=\u00a0\u00bb0&Prime; border_radii=\u00a0\u00bbon|20px|20px|20px|20px\u00a0\u00bb border_width_all=\u00a0\u00bb1px\u00a0\u00bb border_color_all=\u00a0\u00bb#FF8C00&Prime; global_colors_info=\u00a0\u00bb{}\u00a0\u00bb theme_builder_area=\u00a0\u00bbet_body_layout\u00a0\u00bb sticky_enabled=\u00a0\u00bb0&Prime;][\/et_pb_image][\/et_pb_column][et_pb_column type=\u00a0\u00bb1_3&Prime; _builder_version=\u00a0\u00bb4.17.6&Prime; _module_preset=\u00a0\u00bbdefault\u00a0\u00bb global_colors_info=\u00a0\u00bb{}\u00a0\u00bb theme_builder_area=\u00a0\u00bbet_body_layout\u00a0\u00bb][et_pb_image src=\u00a0\u00bbhttps:\/\/catholiques17.fr\/montlieu\/wp-content\/uploads\/sites\/22\/2023\/03\/474_08.jpg\u00a0\u00bb title_text=\u00a0\u00bb474_08&Prime; show_in_lightbox=\u00a0\u00bbon\u00a0\u00bb align=\u00a0\u00bbcenter\u00a0\u00bb _builder_version=\u00a0\u00bb4.17.6&Prime; _module_preset=\u00a0\u00bbdefault\u00a0\u00bb hover_enabled=\u00a0\u00bb0&Prime; border_radii=\u00a0\u00bbon|20px|20px|20px|20px\u00a0\u00bb border_width_all=\u00a0\u00bb1px\u00a0\u00bb border_color_all=\u00a0\u00bb#FF8C00&Prime; global_colors_info=\u00a0\u00bb{}\u00a0\u00bb theme_builder_area=\u00a0\u00bbet_body_layout\u00a0\u00bb sticky_enabled=\u00a0\u00bb0&Prime;][\/et_pb_image][\/et_pb_column][\/et_pb_row][\/et_pb_section]<\/p>\n","protected":false},"excerpt":{"rendered":"<p>Saint-Pierre-du-Palais, \u00e9glise Saint-Pierre.Tr\u00e8s d\u00e9t\u00e9rior\u00e9e, l\u2019\u00e9glise de Saint-Pierre-du- Palais construite en pierre de grison a \u00e9t\u00e9 maintes fois restaur\u00e9es. Elle garde n\u00e9anmoins un aspect int\u00e9ressant.La fa\u00e7ade occidentale devait avoir \u00e0 l&rsquo;origine [&hellip;]<\/p>\n","protected":false},"author":4,"featured_media":0,"parent":4622,"menu_order":0,"comment_status":"closed","ping_status":"closed","template":"","meta":{"_et_pb_use_builder":"on","_et_pb_old_content":"<!-- wp:divi\/placeholder \/-->","_et_gb_content_width":"","footnotes":""},"class_list":["post-5816","page","type-page","status-publish","hentry"],"_links":{"self":[{"href":"https:\/\/catholiques17.fr\/montlieu\/wp-json\/wp\/v2\/pages\/5816","targetHints":{"allow":["GET"]}}],"collection":[{"href":"https:\/\/catholiques17.fr\/montlieu\/wp-json\/wp\/v2\/pages"}],"about":[{"href":"https:\/\/catholiques17.fr\/montlieu\/wp-json\/wp\/v2\/types\/page"}],"author":[{"embeddable":true,"href":"https:\/\/catholiques17.fr\/montlieu\/wp-json\/wp\/v2\/users\/4"}],"replies":[{"embeddable":true,"href":"https:\/\/catholiques17.fr\/montlieu\/wp-json\/wp\/v2\/comments?post=5816"}],"version-history":[{"count":3,"href":"https:\/\/catholiques17.fr\/montlieu\/wp-json\/wp\/v2\/pages\/5816\/revisions"}],"predecessor-version":[{"id":6065,"href":"https:\/\/catholiques17.fr\/montlieu\/wp-json\/wp\/v2\/pages\/5816\/revisions\/6065"}],"up":[{"embeddable":true,"href":"https:\/\/catholiques17.fr\/montlieu\/wp-json\/wp\/v2\/pages\/4622"}],"wp:attachment":[{"href":"https:\/\/catholiques17.fr\/montlieu\/wp-json\/wp\/v2\/media?parent=5816"}],"curies":[{"name":"wp","href":"https:\/\/api.w.org\/{rel}","templated":true}]}}