{"id":5814,"date":"2023-03-16T14:37:04","date_gmt":"2023-03-16T13:37:04","guid":{"rendered":"https:\/\/catholiques17.fr\/montlieu\/?page_id=5814"},"modified":"2023-03-23T15:12:28","modified_gmt":"2023-03-23T14:12:28","slug":"st-pierre-eglise-dorignolles","status":"publish","type":"page","link":"https:\/\/catholiques17.fr\/montlieu\/nos-eglises\/st-pierre-eglise-dorignolles\/","title":{"rendered":"St Pierre, \u00e9glise d\u2019Orignolles"},"content":{"rendered":"<p>[et_pb_section fb_built=\u00a0\u00bb1&Prime; _builder_version=\u00a0\u00bb4.17.6&Prime; _module_preset=\u00a0\u00bbdefault\u00a0\u00bb custom_padding=\u00a0\u00bb8px|||||\u00a0\u00bb global_colors_info=\u00a0\u00bb{}\u00a0\u00bb theme_builder_area=\u00a0\u00bbet_body_layout\u00a0\u00bb][et_pb_row _builder_version=\u00a0\u00bb4.17.6&Prime; _module_preset=\u00a0\u00bbdefault\u00a0\u00bb custom_padding=\u00a0\u00bb14px|||||\u00a0\u00bb global_colors_info=\u00a0\u00bb{}\u00a0\u00bb theme_builder_area=\u00a0\u00bbet_body_layout\u00a0\u00bb][et_pb_column type=\u00a0\u00bb4_4&Prime; _builder_version=\u00a0\u00bb4.17.6&Prime; _module_preset=\u00a0\u00bbdefault\u00a0\u00bb global_colors_info=\u00a0\u00bb{}\u00a0\u00bb theme_builder_area=\u00a0\u00bbet_body_layout\u00a0\u00bb][et_pb_image src=\u00a0\u00bbhttps:\/\/catholiques17.fr\/montlieu\/wp-content\/uploads\/sites\/22\/2023\/03\/281_01.jpg\u00a0\u00bb title_text=\u00a0\u00bb281_01&Prime; align=\u00a0\u00bbcenter\u00a0\u00bb _builder_version=\u00a0\u00bb4.17.6&Prime; _module_preset=\u00a0\u00bbdefault\u00a0\u00bb animation_style=\u00a0\u00bbslide\u00a0\u00bb hover_enabled=\u00a0\u00bb0&Prime; border_radii=\u00a0\u00bbon|20px|20px|20px|20px\u00a0\u00bb global_colors_info=\u00a0\u00bb{}\u00a0\u00bb theme_builder_area=\u00a0\u00bbet_body_layout\u00a0\u00bb sticky_enabled=\u00a0\u00bb0&Prime;][\/et_pb_image][\/et_pb_column][\/et_pb_row][et_pb_row _builder_version=\u00a0\u00bb4.17.6&Prime; _module_preset=\u00a0\u00bbdefault\u00a0\u00bb global_colors_info=\u00a0\u00bb{}\u00a0\u00bb theme_builder_area=\u00a0\u00bbet_body_layout\u00a0\u00bb][et_pb_column type=\u00a0\u00bb4_4&Prime; _builder_version=\u00a0\u00bb4.17.6&Prime; _module_preset=\u00a0\u00bbdefault\u00a0\u00bb global_colors_info=\u00a0\u00bb{}\u00a0\u00bb theme_builder_area=\u00a0\u00bbet_body_layout\u00a0\u00bb][et_pb_text _builder_version=\u00a0\u00bb4.17.6&Prime; _module_preset=\u00a0\u00bbdefault\u00a0\u00bb hover_enabled=\u00a0\u00bb0&Prime; global_colors_info=\u00a0\u00bb{}\u00a0\u00bb theme_builder_area=\u00a0\u00bbet_body_layout\u00a0\u00bb sticky_enabled=\u00a0\u00bb0&Prime;]<\/p>\n<p>Orignoles, \u00e9glise Saint-Pierre.<br \/>L&rsquo;\u00e9glise d&rsquo;Orignolles se dresse au milieu du village sur un espace d\u00e9gag\u00e9.<br \/>D&rsquo;origine romane, cet \u00e9difice, qui relevait autrefois de Saint-Eutrope de Saintes, a gard\u00e9 des \u00e9l\u00e9ments archa\u00efques malgr\u00e9 les importantes interventions de la p\u00e9riode gothique.<br \/>La fa\u00e7ade, de composition simple, est un haut pignon perc\u00e9 sous un petit oculus d&rsquo;une porte \u00e0 trois voussures l\u00e9g\u00e8rement bris\u00e9es et port\u00e9es par trois colonnes \u00e0 chapiteaux nus.<br \/>La nef compte trois trav\u00e9es vo\u00fbt\u00e9es sur crois\u00e9es d&rsquo;ogives. Leurs grosses nervures prennent appui sur des colonnes en faisceaux.<br \/>Sur la premi\u00e8re trav\u00e9e, les nervures du c\u00f4t\u00e9 ouest retombent sur des cul-de-lampe (console d&rsquo;angle) orn\u00e9 de masques humains. Au-dessus de l&rsquo;un d&rsquo;eux, deux t\u00eates assembl\u00e9es repr\u00e9senteraient d&rsquo;apr\u00e8s certains \u00e9crits d\u2019Al\u00e9onor d&rsquo;Aquitaine et de son second mari, Henri Plantagenet. Du c\u00f4t\u00e9 est, les nervures des vo\u00fbtes retombent sur des chapiteaux \u00e0 gros feuillages et \u00e0 crochets du XIVe si\u00e8cle.<br \/>Dans la deuxi\u00e8me trav\u00e9e de la nef, on trouve des chapiteaux \u00e0 personnages, \u00e0 palmettes et \u00e0 feuillages. Leur apparence archa\u00efque \u00e9voque les chapiteaux de l&rsquo;\u00e9glise de Champagnac. Il pourrait s&rsquo;agir d&rsquo;une trav\u00e9e conserv\u00e9e de l&rsquo;\u00e9glise primitive du XIe si\u00e8cle.<br \/>Les autres trav\u00e9es ont \u00e9t\u00e9 refaites en 1905.<br \/>Le clocher carr\u00e9, contrebut\u00e9 par de lourds contreforts, est \u00e9difi\u00e9 sur le carr\u00e9 du transept. Au sud, le croisillon de la chapelle de la Sainte-Vierge a \u00e9t\u00e9 ajout\u00e9. Celle-ci a conserv\u00e9 des cul-de-lampe d&rsquo;\u00e9poque Renaissance.<br \/>Sur le mur plat du chevet, une ancienne baie ogivale \u00e0 remplage du XVe si\u00e8cle est mur\u00e9e. Au-dessus, une petite ouverture rectangulaire s&rsquo;ouvre dans le haut du pignon. Le chevet se prolonge par une sacristie.<\/p>\n<p>Chaire \u00e0 pr\u00eacher en bois.<br \/>Cloche en bronze, 1730.<br \/>Ma\u00eetre autel, retable et statues en bois sculpt\u00e9, peint et dor\u00e9 du XVIIIe si\u00e8cle.<\/p>\n<p>[\/et_pb_text][\/et_pb_column][\/et_pb_row][et_pb_row column_structure=\u00a0\u00bb1_3,1_3,1_3&Prime; _builder_version=\u00a0\u00bb4.17.6&Prime; _module_preset=\u00a0\u00bbdefault\u00a0\u00bb global_colors_info=\u00a0\u00bb{}\u00a0\u00bb theme_builder_area=\u00a0\u00bbet_body_layout\u00a0\u00bb][et_pb_column type=\u00a0\u00bb1_3&Prime; _builder_version=\u00a0\u00bb4.17.6&Prime; _module_preset=\u00a0\u00bbdefault\u00a0\u00bb global_colors_info=\u00a0\u00bb{}\u00a0\u00bb theme_builder_area=\u00a0\u00bbet_body_layout\u00a0\u00bb][et_pb_image src=\u00a0\u00bbhttps:\/\/catholiques17.fr\/montlieu\/wp-content\/uploads\/sites\/22\/2023\/03\/281_05.jpg\u00a0\u00bb title_text=\u00a0\u00bb281_05&Prime; show_in_lightbox=\u00a0\u00bbon\u00a0\u00bb align=\u00a0\u00bbcenter\u00a0\u00bb _builder_version=\u00a0\u00bb4.17.6&Prime; _module_preset=\u00a0\u00bbdefault\u00a0\u00bb hover_enabled=\u00a0\u00bb0&Prime; border_radii=\u00a0\u00bbon|20px|20px|20px|20px\u00a0\u00bb border_width_all=\u00a0\u00bb1px\u00a0\u00bb border_color_all=\u00a0\u00bb#FF8C00&Prime; global_colors_info=\u00a0\u00bb{}\u00a0\u00bb theme_builder_area=\u00a0\u00bbet_body_layout\u00a0\u00bb sticky_enabled=\u00a0\u00bb0&Prime;][\/et_pb_image][\/et_pb_column][et_pb_column type=\u00a0\u00bb1_3&Prime; _builder_version=\u00a0\u00bb4.17.6&Prime; _module_preset=\u00a0\u00bbdefault\u00a0\u00bb global_colors_info=\u00a0\u00bb{}\u00a0\u00bb theme_builder_area=\u00a0\u00bbet_body_layout\u00a0\u00bb][et_pb_image src=\u00a0\u00bbhttps:\/\/catholiques17.fr\/montlieu\/wp-content\/uploads\/sites\/22\/2023\/03\/281_02.jpg\u00a0\u00bb title_text=\u00a0\u00bb281_02&Prime; show_in_lightbox=\u00a0\u00bbon\u00a0\u00bb align=\u00a0\u00bbcenter\u00a0\u00bb _builder_version=\u00a0\u00bb4.17.6&Prime; _module_preset=\u00a0\u00bbdefault\u00a0\u00bb hover_enabled=\u00a0\u00bb0&Prime; border_radii=\u00a0\u00bbon|20px|20px|20px|20px\u00a0\u00bb border_width_all=\u00a0\u00bb1px\u00a0\u00bb border_color_all=\u00a0\u00bb#FF8C00&Prime; global_colors_info=\u00a0\u00bb{}\u00a0\u00bb theme_builder_area=\u00a0\u00bbet_body_layout\u00a0\u00bb sticky_enabled=\u00a0\u00bb0&Prime;][\/et_pb_image][\/et_pb_column][et_pb_column type=\u00a0\u00bb1_3&Prime; _builder_version=\u00a0\u00bb4.17.6&Prime; _module_preset=\u00a0\u00bbdefault\u00a0\u00bb global_colors_info=\u00a0\u00bb{}\u00a0\u00bb theme_builder_area=\u00a0\u00bbet_body_layout\u00a0\u00bb][et_pb_image src=\u00a0\u00bbhttps:\/\/catholiques17.fr\/montlieu\/wp-content\/uploads\/sites\/22\/2023\/03\/281_09.jpg\u00a0\u00bb title_text=\u00a0\u00bb281_09&Prime; show_in_lightbox=\u00a0\u00bbon\u00a0\u00bb align=\u00a0\u00bbcenter\u00a0\u00bb _builder_version=\u00a0\u00bb4.17.6&Prime; _module_preset=\u00a0\u00bbdefault\u00a0\u00bb hover_enabled=\u00a0\u00bb0&Prime; border_radii=\u00a0\u00bbon|20px|20px|20px|20px\u00a0\u00bb border_width_all=\u00a0\u00bb1px\u00a0\u00bb border_color_all=\u00a0\u00bb#FF8C00&Prime; global_colors_info=\u00a0\u00bb{}\u00a0\u00bb theme_builder_area=\u00a0\u00bbet_body_layout\u00a0\u00bb sticky_enabled=\u00a0\u00bb0&Prime;][\/et_pb_image][\/et_pb_column][\/et_pb_row][et_pb_row _builder_version=\u00a0\u00bb4.17.6&Prime; _module_preset=\u00a0\u00bbdefault\u00a0\u00bb theme_builder_area=\u00a0\u00bbet_body_layout\u00a0\u00bb column_structure=\u00a0\u00bb1_3,1_3,1_3&Prime; hover_enabled=\u00a0\u00bb0&Prime; sticky_enabled=\u00a0\u00bb0&Prime;][et_pb_column _builder_version=\u00a0\u00bb4.17.6&Prime; _module_preset=\u00a0\u00bbdefault\u00a0\u00bb type=\u00a0\u00bb1_3&Prime; theme_builder_area=\u00a0\u00bbet_body_layout\u00a0\u00bb][et_pb_image src=\u00a0\u00bbhttps:\/\/catholiques17.fr\/montlieu\/wp-content\/uploads\/sites\/22\/2023\/03\/281_07.jpg\u00a0\u00bb _builder_version=\u00a0\u00bb4.17.6&Prime; _module_preset=\u00a0\u00bbdefault\u00a0\u00bb theme_builder_area=\u00a0\u00bbet_body_layout\u00a0\u00bb title_text=\u00a0\u00bb281_07&Prime; hover_enabled=\u00a0\u00bb0&Prime; sticky_enabled=\u00a0\u00bb0&Prime;][\/et_pb_image][\/et_pb_column][et_pb_column _builder_version=\u00a0\u00bb4.17.6&Prime; _module_preset=\u00a0\u00bbdefault\u00a0\u00bb type=\u00a0\u00bb1_3&Prime; theme_builder_area=\u00a0\u00bbet_body_layout\u00a0\u00bb][et_pb_image src=\u00a0\u00bbhttps:\/\/catholiques17.fr\/montlieu\/wp-content\/uploads\/sites\/22\/2023\/03\/281_21.jpg\u00a0\u00bb _builder_version=\u00a0\u00bb4.17.6&Prime; _module_preset=\u00a0\u00bbdefault\u00a0\u00bb theme_builder_area=\u00a0\u00bbet_body_layout\u00a0\u00bb title_text=\u00a0\u00bb281_21&Prime; hover_enabled=\u00a0\u00bb0&Prime; sticky_enabled=\u00a0\u00bb0&Prime; custom_padding=\u00a0\u00bb|105px||0px||\u00a0\u00bb custom_margin=\u00a0\u00bb|||10px||\u00a0\u00bb][\/et_pb_image][\/et_pb_column][et_pb_column _builder_version=\u00a0\u00bb4.17.6&Prime; _module_preset=\u00a0\u00bbdefault\u00a0\u00bb type=\u00a0\u00bb1_3&Prime; theme_builder_area=\u00a0\u00bbet_body_layout\u00a0\u00bb][et_pb_image src=\u00a0\u00bbhttps:\/\/catholiques17.fr\/montlieu\/wp-content\/uploads\/sites\/22\/2023\/03\/281_08.jpg\u00a0\u00bb _builder_version=\u00a0\u00bb4.17.6&Prime; _module_preset=\u00a0\u00bbdefault\u00a0\u00bb theme_builder_area=\u00a0\u00bbet_body_layout\u00a0\u00bb title_text=\u00a0\u00bb281_08&Prime; hover_enabled=\u00a0\u00bb0&Prime; sticky_enabled=\u00a0\u00bb0&Prime;][\/et_pb_image][\/et_pb_column][\/et_pb_row][\/et_pb_section]<\/p>\n","protected":false},"excerpt":{"rendered":"<p>Orignoles, \u00e9glise Saint-Pierre.L&rsquo;\u00e9glise d&rsquo;Orignolles se dresse au milieu du village sur un espace d\u00e9gag\u00e9.D&rsquo;origine romane, cet \u00e9difice, qui relevait autrefois de Saint-Eutrope de Saintes, a gard\u00e9 des \u00e9l\u00e9ments archa\u00efques malgr\u00e9 [&hellip;]<\/p>\n","protected":false},"author":4,"featured_media":0,"parent":4622,"menu_order":0,"comment_status":"closed","ping_status":"closed","template":"","meta":{"_et_pb_use_builder":"on","_et_pb_old_content":"","_et_gb_content_width":"","footnotes":""},"class_list":["post-5814","page","type-page","status-publish","hentry"],"_links":{"self":[{"href":"https:\/\/catholiques17.fr\/montlieu\/wp-json\/wp\/v2\/pages\/5814","targetHints":{"allow":["GET"]}}],"collection":[{"href":"https:\/\/catholiques17.fr\/montlieu\/wp-json\/wp\/v2\/pages"}],"about":[{"href":"https:\/\/catholiques17.fr\/montlieu\/wp-json\/wp\/v2\/types\/page"}],"author":[{"embeddable":true,"href":"https:\/\/catholiques17.fr\/montlieu\/wp-json\/wp\/v2\/users\/4"}],"replies":[{"embeddable":true,"href":"https:\/\/catholiques17.fr\/montlieu\/wp-json\/wp\/v2\/comments?post=5814"}],"version-history":[{"count":2,"href":"https:\/\/catholiques17.fr\/montlieu\/wp-json\/wp\/v2\/pages\/5814\/revisions"}],"predecessor-version":[{"id":6025,"href":"https:\/\/catholiques17.fr\/montlieu\/wp-json\/wp\/v2\/pages\/5814\/revisions\/6025"}],"up":[{"embeddable":true,"href":"https:\/\/catholiques17.fr\/montlieu\/wp-json\/wp\/v2\/pages\/4622"}],"wp:attachment":[{"href":"https:\/\/catholiques17.fr\/montlieu\/wp-json\/wp\/v2\/media?parent=5814"}],"curies":[{"name":"wp","href":"https:\/\/api.w.org\/{rel}","templated":true}]}}

St Pierre, église d’Orignolles

<p>[et_pb_section fb_built= »1&Prime; _builder_version= »4.17.6&Prime; _module_preset= »default » custom_padding= »8px||||| » global_colors_info= »{} » theme_builder_area= »et_body_layout »][et_pb_row _builder_version= »4.17.6&Prime; _module_preset= »default » custom_padding= »14px||||| » global_colors_info= »{} » theme_builder_area= »et_body_layout »][et_pb_column type= »4_4&Prime; _builder_version= »4.17.6&Prime; _module_preset= »default » global_colors_info= »{} » theme_builder_area= »et_body_layout »][et_pb_image src= »https://catholiques17.fr/montlieu/wp-content/uploads/sites/22/2023/03/281_01.jpg » title_text= »281_01&Prime; align= »center » _builder_version= »4.17.6&Prime; _module_preset= »default » animation_style= »slide » hover_enabled= »0&Prime; border_radii= »on|20px|20px|20px|20px » global_colors_info= »{} » theme_builder_area= »et_body_layout » sticky_enabled= »0&Prime;][/et_pb_image][/et_pb_column][/et_pb_row][et_pb_row _builder_version= »4.17.6&Prime; _module_preset= »default » global_colors_info= »{} » theme_builder_area= »et_body_layout »][et_pb_column type= »4_4&Prime; _builder_version= »4.17.6&Prime; _module_preset= »default » global_colors_info= »{} » theme_builder_area= »et_body_layout »][et_pb_text _builder_version= »4.17.6&Prime; _module_preset= »default » hover_enabled= »0&Prime; global_colors_info= »{} » theme_builder_area= »et_body_layout » sticky_enabled= »0&Prime;]</p>
<p>Orignoles, église Saint-Pierre.<br />L&rsquo;église d&rsquo;Orignolles se dresse au milieu du village sur un espace dégagé.<br />D&rsquo;origine romane, cet édifice, qui relevait autrefois de Saint-Eutrope de Saintes, a gardé des éléments archaïques malgré les importantes interventions de la période gothique.<br />La façade, de composition simple, est un haut pignon percé sous un petit oculus d&rsquo;une porte à trois voussures légèrement brisées et portées par trois colonnes à chapiteaux nus.<br />La nef compte trois travées voûtées sur croisées d&rsquo;ogives. Leurs grosses nervures prennent appui sur des colonnes en faisceaux.<br />Sur la première travée, les nervures du côté ouest retombent sur des cul-de-lampe (console d&rsquo;angle) orné de masques humains. Au-dessus de l&rsquo;un d&rsquo;eux, deux têtes assemblées représenteraient d&rsquo;après certains écrits d’Aléonor d&rsquo;Aquitaine et de son second mari, Henri Plantagenet. Du côté est, les nervures des voûtes retombent sur des chapiteaux à gros feuillages et à crochets du XIVe siècle.<br />Dans la deuxième travée de la nef, on trouve des chapiteaux à personnages, à palmettes et à feuillages. Leur apparence archaïque évoque les chapiteaux de l&rsquo;église de Champagnac. Il pourrait s&rsquo;agir d&rsquo;une travée conservée de l&rsquo;église primitive du XIe siècle.<br />Les autres travées ont été refaites en 1905.<br />Le clocher carré, contrebuté par de lourds contreforts, est édifié sur le carré du transept. Au sud, le croisillon de la chapelle de la Sainte-Vierge a été ajouté. Celle-ci a conservé des cul-de-lampe d&rsquo;époque Renaissance.<br />Sur le mur plat du chevet, une ancienne baie ogivale à remplage du XVe siècle est murée. Au-dessus, une petite ouverture rectangulaire s&rsquo;ouvre dans le haut du pignon. Le chevet se prolonge par une sacristie.</p>
<p>Chaire à prêcher en bois.<br />Cloche en bronze, 1730.<br />Maître autel, retable et statues en bois sculpté, peint et doré du XVIIIe siècle.</p>
<p>[/et_pb_text][/et_pb_column][/et_pb_row][et_pb_row column_structure= »1_3,1_3,1_3&Prime; _builder_version= »4.17.6&Prime; _module_preset= »default » global_colors_info= »{} » theme_builder_area= »et_body_layout »][et_pb_column type= »1_3&Prime; _builder_version= »4.17.6&Prime; _module_preset= »default » global_colors_info= »{} » theme_builder_area= »et_body_layout »][et_pb_image src= »https://catholiques17.fr/montlieu/wp-content/uploads/sites/22/2023/03/281_05.jpg » title_text= »281_05&Prime; show_in_lightbox= »on » align= »center » _builder_version= »4.17.6&Prime; _module_preset= »default » hover_enabled= »0&Prime; border_radii= »on|20px|20px|20px|20px » border_width_all= »1px » border_color_all= »#FF8C00&Prime; global_colors_info= »{} » theme_builder_area= »et_body_layout » sticky_enabled= »0&Prime;][/et_pb_image][/et_pb_column][et_pb_column type= »1_3&Prime; _builder_version= »4.17.6&Prime; _module_preset= »default » global_colors_info= »{} » theme_builder_area= »et_body_layout »][et_pb_image src= »https://catholiques17.fr/montlieu/wp-content/uploads/sites/22/2023/03/281_02.jpg » title_text= »281_02&Prime; show_in_lightbox= »on » align= »center » _builder_version= »4.17.6&Prime; _module_preset= »default » hover_enabled= »0&Prime; border_radii= »on|20px|20px|20px|20px » border_width_all= »1px » border_color_all= »#FF8C00&Prime; global_colors_info= »{} » theme_builder_area= »et_body_layout » sticky_enabled= »0&Prime;][/et_pb_image][/et_pb_column][et_pb_column type= »1_3&Prime; _builder_version= »4.17.6&Prime; _module_preset= »default » global_colors_info= »{} » theme_builder_area= »et_body_layout »][et_pb_image src= »https://catholiques17.fr/montlieu/wp-content/uploads/sites/22/2023/03/281_09.jpg » title_text= »281_09&Prime; show_in_lightbox= »on » align= »center » _builder_version= »4.17.6&Prime; _module_preset= »default » hover_enabled= »0&Prime; border_radii= »on|20px|20px|20px|20px » border_width_all= »1px » border_color_all= »#FF8C00&Prime; global_colors_info= »{} » theme_builder_area= »et_body_layout » sticky_enabled= »0&Prime;][/et_pb_image][/et_pb_column][/et_pb_row][et_pb_row _builder_version= »4.17.6&Prime; _module_preset= »default » theme_builder_area= »et_body_layout » column_structure= »1_3,1_3,1_3&Prime; hover_enabled= »0&Prime; sticky_enabled= »0&Prime;][et_pb_column _builder_version= »4.17.6&Prime; _module_preset= »default » type= »1_3&Prime; theme_builder_area= »et_body_layout »][et_pb_image src= »https://catholiques17.fr/montlieu/wp-content/uploads/sites/22/2023/03/281_07.jpg » _builder_version= »4.17.6&Prime; _module_preset= »default » theme_builder_area= »et_body_layout » title_text= »281_07&Prime; hover_enabled= »0&Prime; sticky_enabled= »0&Prime;][/et_pb_image][/et_pb_column][et_pb_column _builder_version= »4.17.6&Prime; _module_preset= »default » type= »1_3&Prime; theme_builder_area= »et_body_layout »][et_pb_image src= »https://catholiques17.fr/montlieu/wp-content/uploads/sites/22/2023/03/281_21.jpg » _builder_version= »4.17.6&Prime; _module_preset= »default » theme_builder_area= »et_body_layout » title_text= »281_21&Prime; hover_enabled= »0&Prime; sticky_enabled= »0&Prime; custom_padding= »|105px||0px|| » custom_margin= »|||10px|| »][/et_pb_image][/et_pb_column][et_pb_column _builder_version= »4.17.6&Prime; _module_preset= »default » type= »1_3&Prime; theme_builder_area= »et_body_layout »][et_pb_image src= »https://catholiques17.fr/montlieu/wp-content/uploads/sites/22/2023/03/281_08.jpg » _builder_version= »4.17.6&Prime; _module_preset= »default » theme_builder_area= »et_body_layout » title_text= »281_08&Prime; hover_enabled= »0&Prime; sticky_enabled= »0&Prime;][/et_pb_image][/et_pb_column][/et_pb_row][/et_pb_section]</p>

<p>Orignoles, église Saint-Pierre.L&rsquo;église d&rsquo;Orignolles se dresse au milieu du village sur un espace dégagé.D&rsquo;origine romane, cet édifice, qui relevait autrefois de Saint-Eutrope de Saintes, a gardé des éléments archaïques malgré [&hellip;]</p>
