{"id":5808,"date":"2023-03-16T14:36:20","date_gmt":"2023-03-16T13:36:20","guid":{"rendered":"https:\/\/catholiques17.fr\/montlieu\/?page_id=5808"},"modified":"2023-03-24T11:40:14","modified_gmt":"2023-03-24T10:40:14","slug":"st-laurent-eglise-de-neuvicq","status":"publish","type":"page","link":"https:\/\/catholiques17.fr\/montlieu\/nos-eglises\/st-laurent-eglise-de-neuvicq\/","title":{"rendered":"St Laurent, \u00e9glise de Neuvicq"},"content":{"rendered":"<p>[et_pb_section fb_built=\u00a0\u00bb1&Prime; _builder_version=\u00a0\u00bb4.17.6&Prime; _module_preset=\u00a0\u00bbdefault\u00a0\u00bb custom_padding=\u00a0\u00bb8px|||||\u00a0\u00bb global_colors_info=\u00a0\u00bb{}\u00a0\u00bb theme_builder_area=\u00a0\u00bbet_body_layout\u00a0\u00bb][et_pb_row _builder_version=\u00a0\u00bb4.17.6&Prime; _module_preset=\u00a0\u00bbdefault\u00a0\u00bb custom_padding=\u00a0\u00bb14px|||||\u00a0\u00bb global_colors_info=\u00a0\u00bb{}\u00a0\u00bb theme_builder_area=\u00a0\u00bbet_body_layout\u00a0\u00bb][et_pb_column type=\u00a0\u00bb4_4&Prime; _builder_version=\u00a0\u00bb4.17.6&Prime; _module_preset=\u00a0\u00bbdefault\u00a0\u00bb global_colors_info=\u00a0\u00bb{}\u00a0\u00bb theme_builder_area=\u00a0\u00bbet_body_layout\u00a0\u00bb][et_pb_image src=\u00a0\u00bbhttps:\/\/catholiques17.fr\/montlieu\/wp-content\/uploads\/sites\/22\/2023\/03\/272_02.jpg\u00a0\u00bb title_text=\u00a0\u00bb272_02&Prime; align=\u00a0\u00bbcenter\u00a0\u00bb _builder_version=\u00a0\u00bb4.17.6&Prime; _module_preset=\u00a0\u00bbdefault\u00a0\u00bb animation_style=\u00a0\u00bbslide\u00a0\u00bb hover_enabled=\u00a0\u00bb0&Prime; border_radii=\u00a0\u00bbon|20px|20px|20px|20px\u00a0\u00bb global_colors_info=\u00a0\u00bb{}\u00a0\u00bb theme_builder_area=\u00a0\u00bbet_body_layout\u00a0\u00bb sticky_enabled=\u00a0\u00bb0&Prime;][\/et_pb_image][\/et_pb_column][\/et_pb_row][et_pb_row _builder_version=\u00a0\u00bb4.17.6&Prime; _module_preset=\u00a0\u00bbdefault\u00a0\u00bb global_colors_info=\u00a0\u00bb{}\u00a0\u00bb theme_builder_area=\u00a0\u00bbet_body_layout\u00a0\u00bb][et_pb_column type=\u00a0\u00bb4_4&Prime; _builder_version=\u00a0\u00bb4.17.6&Prime; _module_preset=\u00a0\u00bbdefault\u00a0\u00bb global_colors_info=\u00a0\u00bb{}\u00a0\u00bb theme_builder_area=\u00a0\u00bbet_body_layout\u00a0\u00bb][et_pb_text _builder_version=\u00a0\u00bb4.17.6&Prime; _module_preset=\u00a0\u00bbdefault\u00a0\u00bb hover_enabled=\u00a0\u00bb0&Prime; global_colors_info=\u00a0\u00bb{}\u00a0\u00bb theme_builder_area=\u00a0\u00bbet_body_layout\u00a0\u00bb sticky_enabled=\u00a0\u00bb0&Prime;]<\/p>\n<p><span>Neuvicq-Montguyon, \u00e9glise Saint-Laurent.<\/span><br \/><span>Remarquable par sa n\u00e9cropole m\u00e9rovingienne.<\/span><br \/><span>En 1860, une centaine de sarcophages ont \u00e9t\u00e9 mis \u00e0 jour.<\/span><br \/><span>En 1886, une vingtaine, en 1946, une dizaine et en 1964, une vingtaine.<\/span><br \/><span>Ces sarcophages sont essentiellement taill\u00e9s en calcaire de Jonzac. Ils sont en forme d\u2019auge trap\u00e9zo\u00efdale avec une dissym\u00e9trie plus ou moins prononc\u00e9e, les parois sont assez minces, entre six et dix centim\u00e8tres.<\/span><br \/><span>Certaines de ces cuves ont r\u00e9v\u00e9l\u00e9 la pr\u00e9sence d\u2019un coussinet \u00e0 l\u2019emplacement de la t\u00eate.<\/span><br \/><span>Parmi les quelque 140 cimeti\u00e8res m\u00e9rovingiens r\u00e9pertori\u00e9s en Saintonge, seuls ceux de Chadenac et Neuvicq (200 tombes au total) sont les plus cons\u00e9quents par le nombre de s\u00e9pultures.<\/span><br \/><span>Couvercle et fragments de sarcophages m\u00e9rovingiens<\/span><br \/><span>Autel<\/span><br \/><span>Chemin de croix<\/span><\/p>\n<p>[\/et_pb_text][\/et_pb_column][\/et_pb_row][et_pb_row column_structure=\u00a0\u00bb1_3,1_3,1_3&Prime; _builder_version=\u00a0\u00bb4.17.6&Prime; _module_preset=\u00a0\u00bbdefault\u00a0\u00bb global_colors_info=\u00a0\u00bb{}\u00a0\u00bb theme_builder_area=\u00a0\u00bbet_body_layout\u00a0\u00bb][et_pb_column type=\u00a0\u00bb1_3&Prime; _builder_version=\u00a0\u00bb4.17.6&Prime; _module_preset=\u00a0\u00bbdefault\u00a0\u00bb global_colors_info=\u00a0\u00bb{}\u00a0\u00bb theme_builder_area=\u00a0\u00bbet_body_layout\u00a0\u00bb][et_pb_image src=\u00a0\u00bbhttps:\/\/catholiques17.fr\/montlieu\/wp-content\/uploads\/sites\/22\/2023\/03\/272_04.jpg\u00a0\u00bb title_text=\u00a0\u00bb272_04&Prime; show_in_lightbox=\u00a0\u00bbon\u00a0\u00bb align=\u00a0\u00bbcenter\u00a0\u00bb _builder_version=\u00a0\u00bb4.17.6&Prime; _module_preset=\u00a0\u00bbdefault\u00a0\u00bb hover_enabled=\u00a0\u00bb0&Prime; border_radii=\u00a0\u00bbon|20px|20px|20px|20px\u00a0\u00bb border_width_all=\u00a0\u00bb1px\u00a0\u00bb border_color_all=\u00a0\u00bb#FF8C00&Prime; global_colors_info=\u00a0\u00bb{}\u00a0\u00bb theme_builder_area=\u00a0\u00bbet_body_layout\u00a0\u00bb sticky_enabled=\u00a0\u00bb0&Prime;][\/et_pb_image][\/et_pb_column][et_pb_column type=\u00a0\u00bb1_3&Prime; _builder_version=\u00a0\u00bb4.17.6&Prime; _module_preset=\u00a0\u00bbdefault\u00a0\u00bb global_colors_info=\u00a0\u00bb{}\u00a0\u00bb theme_builder_area=\u00a0\u00bbet_body_layout\u00a0\u00bb][et_pb_image src=\u00a0\u00bbhttps:\/\/catholiques17.fr\/montlieu\/wp-content\/uploads\/sites\/22\/2023\/03\/272_09.jpg\u00a0\u00bb title_text=\u00a0\u00bb272_09&Prime; show_in_lightbox=\u00a0\u00bbon\u00a0\u00bb align=\u00a0\u00bbcenter\u00a0\u00bb _builder_version=\u00a0\u00bb4.17.6&Prime; _module_preset=\u00a0\u00bbdefault\u00a0\u00bb hover_enabled=\u00a0\u00bb0&Prime; border_radii=\u00a0\u00bbon|20px|20px|20px|20px\u00a0\u00bb border_width_all=\u00a0\u00bb1px\u00a0\u00bb border_color_all=\u00a0\u00bb#FF8C00&Prime; global_colors_info=\u00a0\u00bb{}\u00a0\u00bb theme_builder_area=\u00a0\u00bbet_body_layout\u00a0\u00bb sticky_enabled=\u00a0\u00bb0&Prime;][\/et_pb_image][\/et_pb_column][et_pb_column type=\u00a0\u00bb1_3&Prime; _builder_version=\u00a0\u00bb4.17.6&Prime; _module_preset=\u00a0\u00bbdefault\u00a0\u00bb global_colors_info=\u00a0\u00bb{}\u00a0\u00bb theme_builder_area=\u00a0\u00bbet_body_layout\u00a0\u00bb][et_pb_image src=\u00a0\u00bbhttps:\/\/catholiques17.fr\/montlieu\/wp-content\/uploads\/sites\/22\/2023\/03\/272_12.jpg\u00a0\u00bb title_text=\u00a0\u00bb272_12&Prime; show_in_lightbox=\u00a0\u00bbon\u00a0\u00bb align=\u00a0\u00bbcenter\u00a0\u00bb _builder_version=\u00a0\u00bb4.17.6&Prime; _module_preset=\u00a0\u00bbdefault\u00a0\u00bb hover_enabled=\u00a0\u00bb0&Prime; border_radii=\u00a0\u00bbon|20px|20px|20px|20px\u00a0\u00bb border_width_all=\u00a0\u00bb1px\u00a0\u00bb border_color_all=\u00a0\u00bb#FF8C00&Prime; global_colors_info=\u00a0\u00bb{}\u00a0\u00bb theme_builder_area=\u00a0\u00bbet_body_layout\u00a0\u00bb sticky_enabled=\u00a0\u00bb0&Prime;][\/et_pb_image][\/et_pb_column][\/et_pb_row][et_pb_row _builder_version=\u00a0\u00bb4.17.6&Prime; _module_preset=\u00a0\u00bbdefault\u00a0\u00bb theme_builder_area=\u00a0\u00bbet_body_layout\u00a0\u00bb column_structure=\u00a0\u00bb1_3,1_3,1_3&Prime; hover_enabled=\u00a0\u00bb0&Prime; sticky_enabled=\u00a0\u00bb0&Prime;][et_pb_column _builder_version=\u00a0\u00bb4.17.6&Prime; _module_preset=\u00a0\u00bbdefault\u00a0\u00bb type=\u00a0\u00bb1_3&Prime; theme_builder_area=\u00a0\u00bbet_body_layout\u00a0\u00bb][et_pb_image src=\u00a0\u00bbhttps:\/\/catholiques17.fr\/montlieu\/wp-content\/uploads\/sites\/22\/2023\/03\/272_18.jpg\u00a0\u00bb _builder_version=\u00a0\u00bb4.17.6&Prime; _module_preset=\u00a0\u00bbdefault\u00a0\u00bb theme_builder_area=\u00a0\u00bbet_body_layout\u00a0\u00bb title_text=\u00a0\u00bb272_18&Prime; hover_enabled=\u00a0\u00bb0&Prime; sticky_enabled=\u00a0\u00bb0&Prime;][\/et_pb_image][\/et_pb_column][et_pb_column _builder_version=\u00a0\u00bb4.17.6&Prime; _module_preset=\u00a0\u00bbdefault\u00a0\u00bb type=\u00a0\u00bb1_3&Prime; theme_builder_area=\u00a0\u00bbet_body_layout\u00a0\u00bb hover_enabled=\u00a0\u00bb0&Prime; sticky_enabled=\u00a0\u00bb0&Prime;][et_pb_image src=\u00a0\u00bbhttps:\/\/catholiques17.fr\/montlieu\/wp-content\/uploads\/sites\/22\/2023\/03\/272_22.jpg\u00a0\u00bb _builder_version=\u00a0\u00bb4.17.6&Prime; _module_preset=\u00a0\u00bbdefault\u00a0\u00bb theme_builder_area=\u00a0\u00bbet_body_layout\u00a0\u00bb title_text=\u00a0\u00bb272_22&Prime; hover_enabled=\u00a0\u00bb0&Prime; sticky_enabled=\u00a0\u00bb0&Prime; custom_margin=\u00a0\u00bb|186px||||\u00a0\u00bb][\/et_pb_image][\/et_pb_column][et_pb_column _builder_version=\u00a0\u00bb4.17.6&Prime; _module_preset=\u00a0\u00bbdefault\u00a0\u00bb type=\u00a0\u00bb1_3&Prime; theme_builder_area=\u00a0\u00bbet_body_layout\u00a0\u00bb hover_enabled=\u00a0\u00bb0&Prime; sticky_enabled=\u00a0\u00bb0&Prime;][et_pb_image src=\u00a0\u00bbhttps:\/\/catholiques17.fr\/montlieu\/wp-content\/uploads\/sites\/22\/2023\/03\/272_19.jpg\u00a0\u00bb _builder_version=\u00a0\u00bb4.17.6&Prime; _module_preset=\u00a0\u00bbdefault\u00a0\u00bb theme_builder_area=\u00a0\u00bbet_body_layout\u00a0\u00bb title_text=\u00a0\u00bb272_19&Prime;][\/et_pb_image][\/et_pb_column][\/et_pb_row][\/et_pb_section]<\/p>\n","protected":false},"excerpt":{"rendered":"<p>Neuvicq-Montguyon, \u00e9glise Saint-Laurent.Remarquable par sa n\u00e9cropole m\u00e9rovingienne.En 1860, une centaine de sarcophages ont \u00e9t\u00e9 mis \u00e0 jour.En 1886, une vingtaine, en 1946, une dizaine et en 1964, une vingtaine.Ces sarcophages [&hellip;]<\/p>\n","protected":false},"author":4,"featured_media":0,"parent":4622,"menu_order":0,"comment_status":"closed","ping_status":"closed","template":"","meta":{"_et_pb_use_builder":"on","_et_pb_old_content":"<!-- wp:divi\/placeholder \/-->","_et_gb_content_width":"","footnotes":""},"class_list":["post-5808","page","type-page","status-publish","hentry"],"_links":{"self":[{"href":"https:\/\/catholiques17.fr\/montlieu\/wp-json\/wp\/v2\/pages\/5808","targetHints":{"allow":["GET"]}}],"collection":[{"href":"https:\/\/catholiques17.fr\/montlieu\/wp-json\/wp\/v2\/pages"}],"about":[{"href":"https:\/\/catholiques17.fr\/montlieu\/wp-json\/wp\/v2\/types\/page"}],"author":[{"embeddable":true,"href":"https:\/\/catholiques17.fr\/montlieu\/wp-json\/wp\/v2\/users\/4"}],"replies":[{"embeddable":true,"href":"https:\/\/catholiques17.fr\/montlieu\/wp-json\/wp\/v2\/comments?post=5808"}],"version-history":[{"count":4,"href":"https:\/\/catholiques17.fr\/montlieu\/wp-json\/wp\/v2\/pages\/5808\/revisions"}],"predecessor-version":[{"id":6052,"href":"https:\/\/catholiques17.fr\/montlieu\/wp-json\/wp\/v2\/pages\/5808\/revisions\/6052"}],"up":[{"embeddable":true,"href":"https:\/\/catholiques17.fr\/montlieu\/wp-json\/wp\/v2\/pages\/4622"}],"wp:attachment":[{"href":"https:\/\/catholiques17.fr\/montlieu\/wp-json\/wp\/v2\/media?parent=5808"}],"curies":[{"name":"wp","href":"https:\/\/api.w.org\/{rel}","templated":true}]}}

St Laurent, église de Neuvicq

<p>[et_pb_section fb_built= »1&Prime; _builder_version= »4.17.6&Prime; _module_preset= »default » custom_padding= »8px||||| » global_colors_info= »{} » theme_builder_area= »et_body_layout »][et_pb_row _builder_version= »4.17.6&Prime; _module_preset= »default » custom_padding= »14px||||| » global_colors_info= »{} » theme_builder_area= »et_body_layout »][et_pb_column type= »4_4&Prime; _builder_version= »4.17.6&Prime; _module_preset= »default » global_colors_info= »{} » theme_builder_area= »et_body_layout »][et_pb_image src= »https://catholiques17.fr/montlieu/wp-content/uploads/sites/22/2023/03/272_02.jpg » title_text= »272_02&Prime; align= »center » _builder_version= »4.17.6&Prime; _module_preset= »default » animation_style= »slide » hover_enabled= »0&Prime; border_radii= »on|20px|20px|20px|20px » global_colors_info= »{} » theme_builder_area= »et_body_layout » sticky_enabled= »0&Prime;][/et_pb_image][/et_pb_column][/et_pb_row][et_pb_row _builder_version= »4.17.6&Prime; _module_preset= »default » global_colors_info= »{} » theme_builder_area= »et_body_layout »][et_pb_column type= »4_4&Prime; _builder_version= »4.17.6&Prime; _module_preset= »default » global_colors_info= »{} » theme_builder_area= »et_body_layout »][et_pb_text _builder_version= »4.17.6&Prime; _module_preset= »default » hover_enabled= »0&Prime; global_colors_info= »{} » theme_builder_area= »et_body_layout » sticky_enabled= »0&Prime;]</p>
<p><span>Neuvicq-Montguyon, église Saint-Laurent.</span><br /><span>Remarquable par sa nécropole mérovingienne.</span><br /><span>En 1860, une centaine de sarcophages ont été mis à jour.</span><br /><span>En 1886, une vingtaine, en 1946, une dizaine et en 1964, une vingtaine.</span><br /><span>Ces sarcophages sont essentiellement taillés en calcaire de Jonzac. Ils sont en forme d’auge trapézoïdale avec une dissymétrie plus ou moins prononcée, les parois sont assez minces, entre six et dix centimètres.</span><br /><span>Certaines de ces cuves ont révélé la présence d’un coussinet à l’emplacement de la tête.</span><br /><span>Parmi les quelque 140 cimetières mérovingiens répertoriés en Saintonge, seuls ceux de Chadenac et Neuvicq (200 tombes au total) sont les plus conséquents par le nombre de sépultures.</span><br /><span>Couvercle et fragments de sarcophages mérovingiens</span><br /><span>Autel</span><br /><span>Chemin de croix</span></p>
<p>[/et_pb_text][/et_pb_column][/et_pb_row][et_pb_row column_structure= »1_3,1_3,1_3&Prime; _builder_version= »4.17.6&Prime; _module_preset= »default » global_colors_info= »{} » theme_builder_area= »et_body_layout »][et_pb_column type= »1_3&Prime; _builder_version= »4.17.6&Prime; _module_preset= »default » global_colors_info= »{} » theme_builder_area= »et_body_layout »][et_pb_image src= »https://catholiques17.fr/montlieu/wp-content/uploads/sites/22/2023/03/272_04.jpg » title_text= »272_04&Prime; show_in_lightbox= »on » align= »center » _builder_version= »4.17.6&Prime; _module_preset= »default » hover_enabled= »0&Prime; border_radii= »on|20px|20px|20px|20px » border_width_all= »1px » border_color_all= »#FF8C00&Prime; global_colors_info= »{} » theme_builder_area= »et_body_layout » sticky_enabled= »0&Prime;][/et_pb_image][/et_pb_column][et_pb_column type= »1_3&Prime; _builder_version= »4.17.6&Prime; _module_preset= »default » global_colors_info= »{} » theme_builder_area= »et_body_layout »][et_pb_image src= »https://catholiques17.fr/montlieu/wp-content/uploads/sites/22/2023/03/272_09.jpg » title_text= »272_09&Prime; show_in_lightbox= »on » align= »center » _builder_version= »4.17.6&Prime; _module_preset= »default » hover_enabled= »0&Prime; border_radii= »on|20px|20px|20px|20px » border_width_all= »1px » border_color_all= »#FF8C00&Prime; global_colors_info= »{} » theme_builder_area= »et_body_layout » sticky_enabled= »0&Prime;][/et_pb_image][/et_pb_column][et_pb_column type= »1_3&Prime; _builder_version= »4.17.6&Prime; _module_preset= »default » global_colors_info= »{} » theme_builder_area= »et_body_layout »][et_pb_image src= »https://catholiques17.fr/montlieu/wp-content/uploads/sites/22/2023/03/272_12.jpg » title_text= »272_12&Prime; show_in_lightbox= »on » align= »center » _builder_version= »4.17.6&Prime; _module_preset= »default » hover_enabled= »0&Prime; border_radii= »on|20px|20px|20px|20px » border_width_all= »1px » border_color_all= »#FF8C00&Prime; global_colors_info= »{} » theme_builder_area= »et_body_layout » sticky_enabled= »0&Prime;][/et_pb_image][/et_pb_column][/et_pb_row][et_pb_row _builder_version= »4.17.6&Prime; _module_preset= »default » theme_builder_area= »et_body_layout » column_structure= »1_3,1_3,1_3&Prime; hover_enabled= »0&Prime; sticky_enabled= »0&Prime;][et_pb_column _builder_version= »4.17.6&Prime; _module_preset= »default » type= »1_3&Prime; theme_builder_area= »et_body_layout »][et_pb_image src= »https://catholiques17.fr/montlieu/wp-content/uploads/sites/22/2023/03/272_18.jpg » _builder_version= »4.17.6&Prime; _module_preset= »default » theme_builder_area= »et_body_layout » title_text= »272_18&Prime; hover_enabled= »0&Prime; sticky_enabled= »0&Prime;][/et_pb_image][/et_pb_column][et_pb_column _builder_version= »4.17.6&Prime; _module_preset= »default » type= »1_3&Prime; theme_builder_area= »et_body_layout » hover_enabled= »0&Prime; sticky_enabled= »0&Prime;][et_pb_image src= »https://catholiques17.fr/montlieu/wp-content/uploads/sites/22/2023/03/272_22.jpg » _builder_version= »4.17.6&Prime; _module_preset= »default » theme_builder_area= »et_body_layout » title_text= »272_22&Prime; hover_enabled= »0&Prime; sticky_enabled= »0&Prime; custom_margin= »|186px|||| »][/et_pb_image][/et_pb_column][et_pb_column _builder_version= »4.17.6&Prime; _module_preset= »default » type= »1_3&Prime; theme_builder_area= »et_body_layout » hover_enabled= »0&Prime; sticky_enabled= »0&Prime;][et_pb_image src= »https://catholiques17.fr/montlieu/wp-content/uploads/sites/22/2023/03/272_19.jpg » _builder_version= »4.17.6&Prime; _module_preset= »default » theme_builder_area= »et_body_layout » title_text= »272_19&Prime;][/et_pb_image][/et_pb_column][/et_pb_row][/et_pb_section]</p>

<p>Neuvicq-Montguyon, église Saint-Laurent.Remarquable par sa nécropole mérovingienne.En 1860, une centaine de sarcophages ont été mis à jour.En 1886, une vingtaine, en 1946, une dizaine et en 1964, une vingtaine.Ces sarcophages [&hellip;]</p>
