{"id":5806,"date":"2023-03-16T14:36:03","date_gmt":"2023-03-16T13:36:03","guid":{"rendered":"https:\/\/catholiques17.fr\/montlieu\/?page_id=5806"},"modified":"2023-04-08T14:03:33","modified_gmt":"2023-04-08T12:03:33","slug":"st-hilaire-eglise-de-pouillac","status":"publish","type":"page","link":"https:\/\/catholiques17.fr\/montlieu\/nos-eglises\/st-hilaire-eglise-de-pouillac\/","title":{"rendered":"St Hilaire, \u00e9glise de Pouillac"},"content":{"rendered":"<p>[et_pb_section fb_built=\u00a0\u00bb1&Prime; _builder_version=\u00a0\u00bb4.17.6&Prime; _module_preset=\u00a0\u00bbdefault\u00a0\u00bb custom_padding=\u00a0\u00bb8px|||||\u00a0\u00bb global_colors_info=\u00a0\u00bb{}\u00a0\u00bb theme_builder_area=\u00a0\u00bbet_body_layout\u00a0\u00bb][et_pb_row _builder_version=\u00a0\u00bb4.17.6&Prime; _module_preset=\u00a0\u00bbdefault\u00a0\u00bb custom_padding=\u00a0\u00bb14px|||||\u00a0\u00bb global_colors_info=\u00a0\u00bb{}\u00a0\u00bb theme_builder_area=\u00a0\u00bbet_body_layout\u00a0\u00bb][et_pb_column type=\u00a0\u00bb4_4&Prime; _builder_version=\u00a0\u00bb4.17.6&Prime; _module_preset=\u00a0\u00bbdefault\u00a0\u00bb global_colors_info=\u00a0\u00bb{}\u00a0\u00bb theme_builder_area=\u00a0\u00bbet_body_layout\u00a0\u00bb][et_pb_image src=\u00a0\u00bbhttps:\/\/catholiques17.fr\/montlieu\/wp-content\/uploads\/sites\/22\/2023\/04\/300_01.jpg\u00a0\u00bb title_text=\u00a0\u00bb300_01&Prime; align=\u00a0\u00bbcenter\u00a0\u00bb _builder_version=\u00a0\u00bb4.17.6&Prime; _module_preset=\u00a0\u00bbdefault\u00a0\u00bb animation_style=\u00a0\u00bbslide\u00a0\u00bb hover_enabled=\u00a0\u00bb0&Prime; border_radii=\u00a0\u00bbon|20px|20px|20px|20px\u00a0\u00bb global_colors_info=\u00a0\u00bb{}\u00a0\u00bb theme_builder_area=\u00a0\u00bbet_body_layout\u00a0\u00bb sticky_enabled=\u00a0\u00bb0&Prime;][\/et_pb_image][\/et_pb_column][\/et_pb_row][et_pb_row _builder_version=\u00a0\u00bb4.17.6&Prime; _module_preset=\u00a0\u00bbdefault\u00a0\u00bb global_colors_info=\u00a0\u00bb{}\u00a0\u00bb theme_builder_area=\u00a0\u00bbet_body_layout\u00a0\u00bb][et_pb_column type=\u00a0\u00bb4_4&Prime; _builder_version=\u00a0\u00bb4.17.6&Prime; _module_preset=\u00a0\u00bbdefault\u00a0\u00bb global_colors_info=\u00a0\u00bb{}\u00a0\u00bb theme_builder_area=\u00a0\u00bbet_body_layout\u00a0\u00bb][et_pb_text _builder_version=\u00a0\u00bb4.17.6&Prime; _module_preset=\u00a0\u00bbdefault\u00a0\u00bb hover_enabled=\u00a0\u00bb0&Prime; global_colors_info=\u00a0\u00bb{}\u00a0\u00bb theme_builder_area=\u00a0\u00bbet_body_layout\u00a0\u00bb sticky_enabled=\u00a0\u00bb0&Prime;]<\/p>\n<p>Pouillac, \u00e9glise Saint-Eutope.<br \/>D\u2019allure simple et massive, entour\u00e9e de son cimeti\u00e8re, l\u2019\u00e9glise Saint-Eutrope fait partie de ces \u00e9difices modestes sans d\u00e9cor au volume homog\u00e8ne.<br \/>Construite au XIIe si\u00e8cle sur un plan rectangulaire, orient\u00e9 et termin\u00e9 par un chevet droit, elle fut modifi\u00e9e et consolid\u00e9e au XVe si\u00e8cle.<br \/>La fa\u00e7ade haute et s\u00e9v\u00e8re comprend un portail en plein cintre encadr\u00e9 de deux fausses portes. Quelques motifs g\u00e9om\u00e9triques ont \u00e9t\u00e9 modestement grav\u00e9s sur les chapiteaux.<br \/>Le clocher carr\u00e9 et massif, peu \u00e9lev\u00e9 est plac\u00e9 au centre.<br \/>Une vieille charpente en ch\u00eane porte une cloche de 1546, qui dit-on \u00abau plus beau timbre des environs\u00bb. Elle porte une inscription en lettres gothiques.<br \/>La nef et le chevet sont plafonn\u00e9s en bois, elle cache une belle et ancienne charpente en ch\u00e2taignier. Au cours de la restauration\u00a0 du carrelage de la crois\u00e9e du transept sous la coupole, il a \u00e9t\u00e9 d\u00e9couvert dans une fosse des scelettes orient\u00e9s en \u00e9ventail, chacune des t\u00eates reposant sur une assiette de barbier\u2026<\/p>\n<p>Cuve baptismale en pierre sculpt\u00e9e du XVIIIe si\u00e8cle<br \/>Cloche en bronze de 1546<br \/>Retable tabernacle, gradin en bois sculpt\u00e9 du XVIIIe si\u00e8cle<br \/>Chemin de croix en pl\u00e2tre peint.<\/p>\n<p>[\/et_pb_text][\/et_pb_column][\/et_pb_row][et_pb_row _builder_version=\u00a0\u00bb4.17.6&Prime; _module_preset=\u00a0\u00bbdefault\u00a0\u00bb global_colors_info=\u00a0\u00bb{}\u00a0\u00bb theme_builder_area=\u00a0\u00bbet_body_layout\u00a0\u00bb][et_pb_column type=\u00a0\u00bb4_4&Prime; _builder_version=\u00a0\u00bb4.17.6&Prime; _module_preset=\u00a0\u00bbdefault\u00a0\u00bb global_colors_info=\u00a0\u00bb{}\u00a0\u00bb theme_builder_area=\u00a0\u00bbet_body_layout\u00a0\u00bb][et_pb_image src=\u00a0\u00bbhttps:\/\/catholiques17.fr\/montlieu\/wp-content\/uploads\/sites\/22\/2023\/04\/300_02.jpg\u00a0\u00bb title_text=\u00a0\u00bb300_02&Prime; show_in_lightbox=\u00a0\u00bbon\u00a0\u00bb align=\u00a0\u00bbcenter\u00a0\u00bb _builder_version=\u00a0\u00bb4.17.6&Prime; _module_preset=\u00a0\u00bbdefault\u00a0\u00bb hover_enabled=\u00a0\u00bb0&Prime; border_radii=\u00a0\u00bbon|20px|20px|20px|20px\u00a0\u00bb border_width_all=\u00a0\u00bb1px\u00a0\u00bb border_color_all=\u00a0\u00bb#FF8C00&Prime; global_colors_info=\u00a0\u00bb{}\u00a0\u00bb theme_builder_area=\u00a0\u00bbet_body_layout\u00a0\u00bb sticky_enabled=\u00a0\u00bb0&Prime;][\/et_pb_image][\/et_pb_column][\/et_pb_row][\/et_pb_section]<\/p>\n","protected":false},"excerpt":{"rendered":"<p>Pouillac, \u00e9glise Saint-Eutope.D\u2019allure simple et massive, entour\u00e9e de son cimeti\u00e8re, l\u2019\u00e9glise Saint-Eutrope fait partie de ces \u00e9difices modestes sans d\u00e9cor au volume homog\u00e8ne.Construite au XIIe si\u00e8cle sur un plan rectangulaire, [&hellip;]<\/p>\n","protected":false},"author":4,"featured_media":0,"parent":4622,"menu_order":0,"comment_status":"closed","ping_status":"closed","template":"","meta":{"_et_pb_use_builder":"on","_et_pb_old_content":"<!-- wp:divi\/placeholder \/-->","_et_gb_content_width":"","footnotes":""},"class_list":["post-5806","page","type-page","status-publish","hentry"],"_links":{"self":[{"href":"https:\/\/catholiques17.fr\/montlieu\/wp-json\/wp\/v2\/pages\/5806","targetHints":{"allow":["GET"]}}],"collection":[{"href":"https:\/\/catholiques17.fr\/montlieu\/wp-json\/wp\/v2\/pages"}],"about":[{"href":"https:\/\/catholiques17.fr\/montlieu\/wp-json\/wp\/v2\/types\/page"}],"author":[{"embeddable":true,"href":"https:\/\/catholiques17.fr\/montlieu\/wp-json\/wp\/v2\/users\/4"}],"replies":[{"embeddable":true,"href":"https:\/\/catholiques17.fr\/montlieu\/wp-json\/wp\/v2\/comments?post=5806"}],"version-history":[{"count":3,"href":"https:\/\/catholiques17.fr\/montlieu\/wp-json\/wp\/v2\/pages\/5806\/revisions"}],"predecessor-version":[{"id":6151,"href":"https:\/\/catholiques17.fr\/montlieu\/wp-json\/wp\/v2\/pages\/5806\/revisions\/6151"}],"up":[{"embeddable":true,"href":"https:\/\/catholiques17.fr\/montlieu\/wp-json\/wp\/v2\/pages\/4622"}],"wp:attachment":[{"href":"https:\/\/catholiques17.fr\/montlieu\/wp-json\/wp\/v2\/media?parent=5806"}],"curies":[{"name":"wp","href":"https:\/\/api.w.org\/{rel}","templated":true}]}}

St Hilaire, église de Pouillac

<p>[et_pb_section fb_built= »1&Prime; _builder_version= »4.17.6&Prime; _module_preset= »default » custom_padding= »8px||||| » global_colors_info= »{} » theme_builder_area= »et_body_layout »][et_pb_row _builder_version= »4.17.6&Prime; _module_preset= »default » custom_padding= »14px||||| » global_colors_info= »{} » theme_builder_area= »et_body_layout »][et_pb_column type= »4_4&Prime; _builder_version= »4.17.6&Prime; _module_preset= »default » global_colors_info= »{} » theme_builder_area= »et_body_layout »][et_pb_image src= »https://catholiques17.fr/montlieu/wp-content/uploads/sites/22/2023/04/300_01.jpg » title_text= »300_01&Prime; align= »center » _builder_version= »4.17.6&Prime; _module_preset= »default » animation_style= »slide » hover_enabled= »0&Prime; border_radii= »on|20px|20px|20px|20px » global_colors_info= »{} » theme_builder_area= »et_body_layout » sticky_enabled= »0&Prime;][/et_pb_image][/et_pb_column][/et_pb_row][et_pb_row _builder_version= »4.17.6&Prime; _module_preset= »default » global_colors_info= »{} » theme_builder_area= »et_body_layout »][et_pb_column type= »4_4&Prime; _builder_version= »4.17.6&Prime; _module_preset= »default » global_colors_info= »{} » theme_builder_area= »et_body_layout »][et_pb_text _builder_version= »4.17.6&Prime; _module_preset= »default » hover_enabled= »0&Prime; global_colors_info= »{} » theme_builder_area= »et_body_layout » sticky_enabled= »0&Prime;]</p>
<p>Pouillac, église Saint-Eutope.<br />D’allure simple et massive, entourée de son cimetière, l’église Saint-Eutrope fait partie de ces édifices modestes sans décor au volume homogène.<br />Construite au XIIe siècle sur un plan rectangulaire, orienté et terminé par un chevet droit, elle fut modifiée et consolidée au XVe siècle.<br />La façade haute et sévère comprend un portail en plein cintre encadré de deux fausses portes. Quelques motifs géométriques ont été modestement gravés sur les chapiteaux.<br />Le clocher carré et massif, peu élevé est placé au centre.<br />Une vieille charpente en chêne porte une cloche de 1546, qui dit-on «au plus beau timbre des environs». Elle porte une inscription en lettres gothiques.<br />La nef et le chevet sont plafonnés en bois, elle cache une belle et ancienne charpente en châtaignier. Au cours de la restauration  du carrelage de la croisée du transept sous la coupole, il a été découvert dans une fosse des scelettes orientés en éventail, chacune des têtes reposant sur une assiette de barbier…</p>
<p>Cuve baptismale en pierre sculptée du XVIIIe siècle<br />Cloche en bronze de 1546<br />Retable tabernacle, gradin en bois sculpté du XVIIIe siècle<br />Chemin de croix en plâtre peint.</p>
<p>[/et_pb_text][/et_pb_column][/et_pb_row][et_pb_row _builder_version= »4.17.6&Prime; _module_preset= »default » global_colors_info= »{} » theme_builder_area= »et_body_layout »][et_pb_column type= »4_4&Prime; _builder_version= »4.17.6&Prime; _module_preset= »default » global_colors_info= »{} » theme_builder_area= »et_body_layout »][et_pb_image src= »https://catholiques17.fr/montlieu/wp-content/uploads/sites/22/2023/04/300_02.jpg » title_text= »300_02&Prime; show_in_lightbox= »on » align= »center » _builder_version= »4.17.6&Prime; _module_preset= »default » hover_enabled= »0&Prime; border_radii= »on|20px|20px|20px|20px » border_width_all= »1px » border_color_all= »#FF8C00&Prime; global_colors_info= »{} » theme_builder_area= »et_body_layout » sticky_enabled= »0&Prime;][/et_pb_image][/et_pb_column][/et_pb_row][/et_pb_section]</p>

<p>Pouillac, église Saint-Eutope.D’allure simple et massive, entourée de son cimetière, l’église Saint-Eutrope fait partie de ces édifices modestes sans décor au volume homogène.Construite au XIIe siècle sur un plan rectangulaire, [&hellip;]</p>
