{"id":5786,"date":"2023-03-16T14:31:33","date_gmt":"2023-03-16T13:31:33","guid":{"rendered":"https:\/\/catholiques17.fr\/montlieu\/?page_id=5786"},"modified":"2023-03-22T11:20:02","modified_gmt":"2023-03-22T10:20:02","slug":"notre-dame-de-lassomption-eglise-de-montlieu-la-garde","status":"publish","type":"page","link":"https:\/\/catholiques17.fr\/montlieu\/nos-eglises\/notre-dame-de-lassomption-eglise-de-montlieu-la-garde\/","title":{"rendered":"Notre Dame de l\u2019Assomption, \u00e9glise de Montlieu La Garde"},"content":{"rendered":"<p>[et_pb_section fb_built=\u00a0\u00bb1&Prime; _builder_version=\u00a0\u00bb4.17.6&Prime; _module_preset=\u00a0\u00bbdefault\u00a0\u00bb custom_padding=\u00a0\u00bb8px|||||\u00a0\u00bb global_colors_info=\u00a0\u00bb{}\u00a0\u00bb theme_builder_area=\u00a0\u00bbpost_content\u00a0\u00bb][et_pb_row _builder_version=\u00a0\u00bb4.17.6&Prime; _module_preset=\u00a0\u00bbdefault\u00a0\u00bb custom_padding=\u00a0\u00bb14px|||||\u00a0\u00bb global_colors_info=\u00a0\u00bb{}\u00a0\u00bb theme_builder_area=\u00a0\u00bbpost_content\u00a0\u00bb][et_pb_column type=\u00a0\u00bb4_4&Prime; _builder_version=\u00a0\u00bb4.17.6&Prime; _module_preset=\u00a0\u00bbdefault\u00a0\u00bb global_colors_info=\u00a0\u00bb{}\u00a0\u00bb theme_builder_area=\u00a0\u00bbpost_content\u00a0\u00bb][et_pb_image src=\u00a0\u00bbhttps:\/\/catholiques17.fr\/montlieu\/wp-content\/uploads\/sites\/22\/2023\/03\/Montlieu1.jpeg\u00a0\u00bb title_text=\u00a0\u00bbMontlieu1&Prime; align=\u00a0\u00bbcenter\u00a0\u00bb _builder_version=\u00a0\u00bb4.17.6&Prime; _module_preset=\u00a0\u00bbdefault\u00a0\u00bb animation_style=\u00a0\u00bbslide\u00a0\u00bb border_radii=\u00a0\u00bbon|20px|20px|20px|20px\u00a0\u00bb global_colors_info=\u00a0\u00bb{}\u00a0\u00bb theme_builder_area=\u00a0\u00bbpost_content\u00a0\u00bb][\/et_pb_image][\/et_pb_column][\/et_pb_row][et_pb_row _builder_version=\u00a0\u00bb4.17.6&Prime; _module_preset=\u00a0\u00bbdefault\u00a0\u00bb global_colors_info=\u00a0\u00bb{}\u00a0\u00bb theme_builder_area=\u00a0\u00bbpost_content\u00a0\u00bb][et_pb_column type=\u00a0\u00bb4_4&Prime; _builder_version=\u00a0\u00bb4.17.6&Prime; _module_preset=\u00a0\u00bbdefault\u00a0\u00bb global_colors_info=\u00a0\u00bb{}\u00a0\u00bb theme_builder_area=\u00a0\u00bbpost_content\u00a0\u00bb][et_pb_text _builder_version=\u00a0\u00bb4.17.6&Prime; _module_preset=\u00a0\u00bbdefault\u00a0\u00bb global_colors_info=\u00a0\u00bb{}\u00a0\u00bb theme_builder_area=\u00a0\u00bbpost_content\u00a0\u00bb]<\/p>\n<p><span>L&rsquo;\u00e9glise Notre-Dame de l\u2019Assomption,\u00a0 construite dans le bourg, a \u00e9t\u00e9 consacr\u00e9e en 1858.<\/span><\/p>\n<p><span>Elle accueille la ch\u00e2sse de St Ixille, jeune martyr chr\u00e9tien du IIIe si\u00e8cle dont les reliques sont arriv\u00e9es en Saintonge par un hasard quasi \u00ab\u00a0miraculeux\u00a0\u00bb. Pour en savoir plus sur St Ixille, cliquez <a href=\"http:\/\/nicolebertin.blogspot.com\/2020\/10\/de-rome-jusquau-petit-seminaire-de.html\" target=\"_blank\" rel=\"noopener\">ici<\/a><\/span><\/p>\n<p>[\/et_pb_text][\/et_pb_column][\/et_pb_row][et_pb_row column_structure=\u00a0\u00bb1_3,1_3,1_3&Prime; _builder_version=\u00a0\u00bb4.17.6&Prime; _module_preset=\u00a0\u00bbdefault\u00a0\u00bb global_colors_info=\u00a0\u00bb{}\u00a0\u00bb theme_builder_area=\u00a0\u00bbpost_content\u00a0\u00bb][et_pb_column type=\u00a0\u00bb1_3&Prime; _builder_version=\u00a0\u00bb4.17.6&Prime; _module_preset=\u00a0\u00bbdefault\u00a0\u00bb global_colors_info=\u00a0\u00bb{}\u00a0\u00bb theme_builder_area=\u00a0\u00bbpost_content\u00a0\u00bb][et_pb_image src=\u00a0\u00bbhttps:\/\/catholiques17.fr\/montlieu\/wp-content\/uploads\/sites\/22\/2023\/03\/Montlieu-2.jpeg\u00a0\u00bb title_text=\u00a0\u00bbMontlieu 2&Prime; align=\u00a0\u00bbcenter\u00a0\u00bb _builder_version=\u00a0\u00bb4.17.6&Prime; _module_preset=\u00a0\u00bbdefault\u00a0\u00bb hover_enabled=\u00a0\u00bb0&Prime; border_radii=\u00a0\u00bbon|20px|20px|20px|20px\u00a0\u00bb border_width_all=\u00a0\u00bb1px\u00a0\u00bb border_color_all=\u00a0\u00bb#FF8C00&Prime; global_colors_info=\u00a0\u00bb{}\u00a0\u00bb theme_builder_area=\u00a0\u00bbpost_content\u00a0\u00bb show_in_lightbox=\u00a0\u00bbon\u00a0\u00bb sticky_enabled=\u00a0\u00bb0&Prime;][\/et_pb_image][\/et_pb_column][et_pb_column type=\u00a0\u00bb1_3&Prime; _builder_version=\u00a0\u00bb4.17.6&Prime; _module_preset=\u00a0\u00bbdefault\u00a0\u00bb global_colors_info=\u00a0\u00bb{}\u00a0\u00bb theme_builder_area=\u00a0\u00bbpost_content\u00a0\u00bb][et_pb_image src=\u00a0\u00bbhttps:\/\/catholiques17.fr\/montlieu\/wp-content\/uploads\/sites\/22\/2023\/03\/Montlieu-4.jpeg\u00a0\u00bb title_text=\u00a0\u00bbMontlieu 4&Prime; align=\u00a0\u00bbcenter\u00a0\u00bb _builder_version=\u00a0\u00bb4.17.6&Prime; _module_preset=\u00a0\u00bbdefault\u00a0\u00bb hover_enabled=\u00a0\u00bb0&Prime; border_radii=\u00a0\u00bbon|20px|20px|20px|20px\u00a0\u00bb border_width_all=\u00a0\u00bb1px\u00a0\u00bb border_color_all=\u00a0\u00bb#FF8C00&Prime; global_colors_info=\u00a0\u00bb{}\u00a0\u00bb theme_builder_area=\u00a0\u00bbpost_content\u00a0\u00bb show_in_lightbox=\u00a0\u00bbon\u00a0\u00bb sticky_enabled=\u00a0\u00bb0&Prime;][\/et_pb_image][\/et_pb_column][et_pb_column type=\u00a0\u00bb1_3&Prime; _builder_version=\u00a0\u00bb4.17.6&Prime; _module_preset=\u00a0\u00bbdefault\u00a0\u00bb global_colors_info=\u00a0\u00bb{}\u00a0\u00bb theme_builder_area=\u00a0\u00bbpost_content\u00a0\u00bb][et_pb_image src=\u00a0\u00bbhttps:\/\/catholiques17.fr\/montlieu\/wp-content\/uploads\/sites\/22\/2023\/03\/Montlieu-3.jpeg\u00a0\u00bb title_text=\u00a0\u00bbMontlieu 3&Prime; align=\u00a0\u00bbcenter\u00a0\u00bb _builder_version=\u00a0\u00bb4.17.6&Prime; _module_preset=\u00a0\u00bbdefault\u00a0\u00bb hover_enabled=\u00a0\u00bb0&Prime; border_radii=\u00a0\u00bbon|20px|20px|20px|20px\u00a0\u00bb border_width_all=\u00a0\u00bb1px\u00a0\u00bb border_color_all=\u00a0\u00bb#FF8C00&Prime; global_colors_info=\u00a0\u00bb{}\u00a0\u00bb theme_builder_area=\u00a0\u00bbpost_content\u00a0\u00bb show_in_lightbox=\u00a0\u00bbon\u00a0\u00bb sticky_enabled=\u00a0\u00bb0&Prime;][\/et_pb_image][\/et_pb_column][\/et_pb_row][\/et_pb_section]<\/p>\n","protected":false},"excerpt":{"rendered":"<p>L&rsquo;\u00e9glise Notre-Dame de l\u2019Assomption,\u00a0 construite dans le bourg, a \u00e9t\u00e9 consacr\u00e9e en 1858. Elle accueille la ch\u00e2sse de St Ixille, jeune martyr chr\u00e9tien du IIIe si\u00e8cle dont les reliques sont [&hellip;]<\/p>\n","protected":false},"author":4,"featured_media":0,"parent":4622,"menu_order":0,"comment_status":"closed","ping_status":"closed","template":"","meta":{"_et_pb_use_builder":"on","_et_pb_old_content":"","_et_gb_content_width":"","footnotes":""},"class_list":["post-5786","page","type-page","status-publish","hentry"],"_links":{"self":[{"href":"https:\/\/catholiques17.fr\/montlieu\/wp-json\/wp\/v2\/pages\/5786","targetHints":{"allow":["GET"]}}],"collection":[{"href":"https:\/\/catholiques17.fr\/montlieu\/wp-json\/wp\/v2\/pages"}],"about":[{"href":"https:\/\/catholiques17.fr\/montlieu\/wp-json\/wp\/v2\/types\/page"}],"author":[{"embeddable":true,"href":"https:\/\/catholiques17.fr\/montlieu\/wp-json\/wp\/v2\/users\/4"}],"replies":[{"embeddable":true,"href":"https:\/\/catholiques17.fr\/montlieu\/wp-json\/wp\/v2\/comments?post=5786"}],"version-history":[{"count":3,"href":"https:\/\/catholiques17.fr\/montlieu\/wp-json\/wp\/v2\/pages\/5786\/revisions"}],"predecessor-version":[{"id":5968,"href":"https:\/\/catholiques17.fr\/montlieu\/wp-json\/wp\/v2\/pages\/5786\/revisions\/5968"}],"up":[{"embeddable":true,"href":"https:\/\/catholiques17.fr\/montlieu\/wp-json\/wp\/v2\/pages\/4622"}],"wp:attachment":[{"href":"https:\/\/catholiques17.fr\/montlieu\/wp-json\/wp\/v2\/media?parent=5786"}],"curies":[{"name":"wp","href":"https:\/\/api.w.org\/{rel}","templated":true}]}}

Notre Dame de l’Assomption, église de Montlieu La Garde

<p>[et_pb_section fb_built= »1&Prime; _builder_version= »4.17.6&Prime; _module_preset= »default » custom_padding= »8px||||| » global_colors_info= »{} » theme_builder_area= »post_content »][et_pb_row _builder_version= »4.17.6&Prime; _module_preset= »default » custom_padding= »14px||||| » global_colors_info= »{} » theme_builder_area= »post_content »][et_pb_column type= »4_4&Prime; _builder_version= »4.17.6&Prime; _module_preset= »default » global_colors_info= »{} » theme_builder_area= »post_content »][et_pb_image src= »https://catholiques17.fr/montlieu/wp-content/uploads/sites/22/2023/03/Montlieu1.jpeg » title_text= »Montlieu1&Prime; align= »center » _builder_version= »4.17.6&Prime; _module_preset= »default » animation_style= »slide » border_radii= »on|20px|20px|20px|20px » global_colors_info= »{} » theme_builder_area= »post_content »][/et_pb_image][/et_pb_column][/et_pb_row][et_pb_row _builder_version= »4.17.6&Prime; _module_preset= »default » global_colors_info= »{} » theme_builder_area= »post_content »][et_pb_column type= »4_4&Prime; _builder_version= »4.17.6&Prime; _module_preset= »default » global_colors_info= »{} » theme_builder_area= »post_content »][et_pb_text _builder_version= »4.17.6&Prime; _module_preset= »default » global_colors_info= »{} » theme_builder_area= »post_content »]</p>
<p><span>L&rsquo;église Notre-Dame de l’Assomption,  construite dans le bourg, a été consacrée en 1858.</span></p>
<p><span>Elle accueille la châsse de St Ixille, jeune martyr chrétien du IIIe siècle dont les reliques sont arrivées en Saintonge par un hasard quasi « miraculeux ». Pour en savoir plus sur St Ixille, cliquez <a href="http://nicolebertin.blogspot.com/2020/10/de-rome-jusquau-petit-seminaire-de.html" target="_blank" rel="noopener">ici</a></span></p>
<p>[/et_pb_text][/et_pb_column][/et_pb_row][et_pb_row column_structure= »1_3,1_3,1_3&Prime; _builder_version= »4.17.6&Prime; _module_preset= »default » global_colors_info= »{} » theme_builder_area= »post_content »][et_pb_column type= »1_3&Prime; _builder_version= »4.17.6&Prime; _module_preset= »default » global_colors_info= »{} » theme_builder_area= »post_content »][et_pb_image src= »https://catholiques17.fr/montlieu/wp-content/uploads/sites/22/2023/03/Montlieu-2.jpeg » title_text= »Montlieu 2&Prime; align= »center » _builder_version= »4.17.6&Prime; _module_preset= »default » hover_enabled= »0&Prime; border_radii= »on|20px|20px|20px|20px » border_width_all= »1px » border_color_all= »#FF8C00&Prime; global_colors_info= »{} » theme_builder_area= »post_content » show_in_lightbox= »on » sticky_enabled= »0&Prime;][/et_pb_image][/et_pb_column][et_pb_column type= »1_3&Prime; _builder_version= »4.17.6&Prime; _module_preset= »default » global_colors_info= »{} » theme_builder_area= »post_content »][et_pb_image src= »https://catholiques17.fr/montlieu/wp-content/uploads/sites/22/2023/03/Montlieu-4.jpeg » title_text= »Montlieu 4&Prime; align= »center » _builder_version= »4.17.6&Prime; _module_preset= »default » hover_enabled= »0&Prime; border_radii= »on|20px|20px|20px|20px » border_width_all= »1px » border_color_all= »#FF8C00&Prime; global_colors_info= »{} » theme_builder_area= »post_content » show_in_lightbox= »on » sticky_enabled= »0&Prime;][/et_pb_image][/et_pb_column][et_pb_column type= »1_3&Prime; _builder_version= »4.17.6&Prime; _module_preset= »default » global_colors_info= »{} » theme_builder_area= »post_content »][et_pb_image src= »https://catholiques17.fr/montlieu/wp-content/uploads/sites/22/2023/03/Montlieu-3.jpeg » title_text= »Montlieu 3&Prime; align= »center » _builder_version= »4.17.6&Prime; _module_preset= »default » hover_enabled= »0&Prime; border_radii= »on|20px|20px|20px|20px » border_width_all= »1px » border_color_all= »#FF8C00&Prime; global_colors_info= »{} » theme_builder_area= »post_content » show_in_lightbox= »on » sticky_enabled= »0&Prime;][/et_pb_image][/et_pb_column][/et_pb_row][/et_pb_section]</p>

<p>L&rsquo;église Notre-Dame de l’Assomption,  construite dans le bourg, a été consacrée en 1858. Elle accueille la châsse de St Ixille, jeune martyr chrétien du IIIe siècle dont les reliques sont [&hellip;]</p>
