{"id":5000,"date":"2021-05-16T11:55:10","date_gmt":"2021-05-16T09:55:10","guid":{"rendered":"https:\/\/catholiques17.fr\/montlieu\/?page_id=5000"},"modified":"2022-12-06T08:40:57","modified_gmt":"2022-12-06T07:40:57","slug":"proclamez-levangile-a-toute-la-creation-marc-16-15-20","status":"publish","type":"page","link":"https:\/\/catholiques17.fr\/montlieu\/homelies-prieres-chants\/homelie\/proclamez-levangile-a-toute-la-creation-marc-16-15-20\/","title":{"rendered":"Proclamez l\u2019Evangile \u00e0 toute la cr\u00e9ation  (Marc 16, 15-20)"},"content":{"rendered":"\n<p>Aujourd\u2019hui, J\u00e9sus est mont\u00e9 vers son P\u00e8re du Ciel. Mais, au moment de partir, il nous donne une mission pour continuer la sienne&nbsp;:\u00ab&nbsp;Je vous envoie par toutes les nations\u2026Proclamez l\u2019Evangile \u00e0 toute la cr\u00e9ation. Celui qui croira et sera <strong>baptis\u00e9<\/strong> sera sauv\u00e9&nbsp;\u00bb. Ici&nbsp; \u00ab&nbsp;baptiser&nbsp;\u00bb n\u2019a pas le sens liturgique o\u00f9 l\u2019on ferait couler un peu d\u2019eau sur la t\u00eate de toutes les personnes de la terre, mais bien le sens profond de baigner, de plonger la terre enti\u00e8re dans l\u2019Amour et la paix de Dieu. Et ce sont toutes les personnes de la terre, quelles que soit leur religion ou leur culture, qui sont invit\u00e9es \u00e0 \u00eatre baign\u00e9es, baptis\u00e9es dans la Vie de Dieu\u2026Mais, nous tous qui avons c\u00e9l\u00e9br\u00e9 notre bapt\u00eame en Eglise, nous sommes les ap\u00f4tres de cet Amour de Dieu et de cette paix de Dieu pour le monde entier. J\u00e9sus nous le redit avec force ce matin&nbsp;: \u00ab Baignez-les, baptisez les dans la vie de mon P\u00e8re du ciel&nbsp;\u00bb. Oui, J\u00e9sus nous envoie tous et toutes en mission, nous les baptis\u00e9s&nbsp;: D\u00e9sormais, c\u2019est \u00e0 nous de transmettre la Vie du Royaume de Dieu \u00e0 toutes les nations, vie d\u2019amour, de cr\u00e9ation, de justice, de pardon, de fraternit\u00e9, de respect de l\u2019autre, \u00e0 commencer par ceux qui sont l\u00e0 \u00e0 cot\u00e9 de nous, dans notre maison, notre village ou notre entreprise&nbsp;: Baignez-les, nous dit J\u00e9sus, baptisez-les toutes et tous dans la Vie de mon P\u00e8re\u2026 m\u00eame s\u2019ils ne s\u2019engagent pas comme vous le souhaiteriez. \u00c7a veut dire aussi qu\u2019en tant que baptis\u00e9s, nous sommes d\u00e9positaires d\u2019un message pour le monde entier et que Dieu nous accorde une immense confiance\u2026 Ne trahissons pas cette confiance&nbsp;!<\/p>\n\n\n\n<p>Oui, nous qui sommes l\u00e0 ce matin, nous avons \u00e9t\u00e9 appel\u00e9s au moment de notre bapt\u00eame, d\u2019abord pour<strong> communier (ou baigner) profond\u00e9ment \u00e0 cette vie de Dieu, mais aussi pour en t\u00e9moigner aupr\u00e8s de tous nos fr\u00e8res et s\u0153urs en humanit\u00e9&nbsp;;<\/strong> Pour continuer de vivre notre bapt\u00eame, l\u2019Eucharistie est cette source \u00e0 laquelle nous sommes pouvons puiser nos forces pour construire ce monde de paix et d\u2019amour l\u00e0 o\u00f9 nous vivons.<\/p>\n\n\n\n<p>&nbsp;La mission qui nous est confi\u00e9e n\u2019est pas la diffusion d\u2019un savoir ou d\u2019une instruction religieuse, ni la propagande pour adh\u00e9rer \u00e0 notre religion chr\u00e9tienne, mais bien la construction d\u2019un monde d\u2019amour, de paix et de respect de l\u2019autre dans le quotidien de nos vies et cette mission est \u00e0 la port\u00e9e de tous, elle est de l\u2019ordre de l\u2019engagement \u00e0 la suite de notre bapt\u00eame et non pas de l\u2019ordre de la croyance. Dieu lui-m\u00eame nous demande de participer, tels que nous sommes, \u00e0 la construction de son Royaume <strong>avec nos mains, nos jambes et notre c\u0153ur<\/strong>\u2026 et c\u2019est une mission qui revient \u00e0 tous les baptis\u00e9s, et non pas aux seules personnes engag\u00e9es dans les structures de l\u2019Eglise.<\/p>\n\n\n\n<p>&nbsp;En ce jour de l\u2019Ascension, nous sommes venus c\u00e9l\u00e9brer le terme de la pr\u00e9sence physique de J\u00e9sus sur terre, mais aussi sa pr\u00e9sence r\u00e9elle et peut-\u00eatre encore plus forte par notre Eglise r\u00e9pandue sur toute la terre ; et d\u00e9sormais nous aurons \u00e0 chercher autrement sa vie parmi nous. Aussi remarquons bien ce que J\u00e9sus nous dit&nbsp;en ce jour o\u00f9 il est mont\u00e9 aux cieux&nbsp;:\u00ab Voici les signes qui accompagneront ceux qui sont devenus croyants&nbsp;:&nbsp;Ils prendront dans leurs mains des serpents\u2026et aucun d\u2019eux ne leur fera du mal&nbsp;\u00bb. Evidemment, c\u2019est un langage imag\u00e9 pour mieux nous faire comprendre que notre mission n\u2019est pas \u00e0 dimension humaine, et que ce que nous sommes appel\u00e9s \u00e0 vivre est infiniment plus beau et plus grand que ce que notre intelligence peut nous laisser entrevoir. La vie de Dieu donn\u00e9e d\u00e9passe notre logique humaine. Mais c\u2019est toujours Dieu lui-m\u00eame qui agit par del\u00e0 nos activit\u00e9s pastorales tr\u00e8s concr\u00e8tes et imparfaites&nbsp;: l\u2019action de Dieu va bien au-del\u00e0 de nos actions humaines&nbsp;: \u00ab&nbsp;ils prendront des serpents dans leur main\u2026&nbsp;\u00bb.<\/p>\n\n\n\n<p>Que tous et toutes, nous prenions bien conscience de la confiance qui nous est faite en nous appelant au bapt\u00eame pour participer \u00e0 un monde de paix et d\u2019amour.<\/p>\n\n\n\n<p>Louis Morandeau<\/p>\n","protected":false},"excerpt":{"rendered":"<p>Aujourd\u2019hui, J\u00e9sus est mont\u00e9 vers son P\u00e8re du Ciel. Mais, au moment de partir, il nous donne une mission pour continuer la sienne&nbsp;:\u00ab&nbsp;Je vous envoie par toutes les nations\u2026Proclamez l\u2019Evangile [&hellip;]<\/p>\n","protected":false},"author":31,"featured_media":5002,"parent":4762,"menu_order":0,"comment_status":"closed","ping_status":"closed","template":"","meta":{"_et_pb_use_builder":"off","_et_pb_old_content":"","_et_gb_content_width":"","footnotes":""},"class_list":["post-5000","page","type-page","status-publish","has-post-thumbnail","hentry"],"_links":{"self":[{"href":"https:\/\/catholiques17.fr\/montlieu\/wp-json\/wp\/v2\/pages\/5000","targetHints":{"allow":["GET"]}}],"collection":[{"href":"https:\/\/catholiques17.fr\/montlieu\/wp-json\/wp\/v2\/pages"}],"about":[{"href":"https:\/\/catholiques17.fr\/montlieu\/wp-json\/wp\/v2\/types\/page"}],"author":[{"embeddable":true,"href":"https:\/\/catholiques17.fr\/montlieu\/wp-json\/wp\/v2\/users\/31"}],"replies":[{"embeddable":true,"href":"https:\/\/catholiques17.fr\/montlieu\/wp-json\/wp\/v2\/comments?post=5000"}],"version-history":[{"count":1,"href":"https:\/\/catholiques17.fr\/montlieu\/wp-json\/wp\/v2\/pages\/5000\/revisions"}],"predecessor-version":[{"id":5003,"href":"https:\/\/catholiques17.fr\/montlieu\/wp-json\/wp\/v2\/pages\/5000\/revisions\/5003"}],"up":[{"embeddable":true,"href":"https:\/\/catholiques17.fr\/montlieu\/wp-json\/wp\/v2\/pages\/4762"}],"wp:featuredmedia":[{"embeddable":true,"href":"https:\/\/catholiques17.fr\/montlieu\/wp-json\/wp\/v2\/media\/5002"}],"wp:attachment":[{"href":"https:\/\/catholiques17.fr\/montlieu\/wp-json\/wp\/v2\/media?parent=5000"}],"curies":[{"name":"wp","href":"https:\/\/api.w.org\/{rel}","templated":true}]}}

Proclamez l’Evangile à toute la création  (Marc 16, 15-20)

<p>Aujourd’hui, Jésus est monté vers son Père du Ciel. Mais, au moment de partir, il nous donne une mission pour continuer la sienne&nbsp;:«&nbsp;Je vous envoie par toutes les nations…Proclamez l’Evangile à toute la création. Celui qui croira et sera <strong>baptisé</strong> sera sauvé&nbsp;». Ici&nbsp; «&nbsp;baptiser&nbsp;» n’a pas le sens liturgique où l’on ferait couler un peu d’eau sur la tête de toutes les personnes de la terre, mais bien le sens profond de baigner, de plonger la terre entière dans l’Amour et la paix de Dieu. Et ce sont toutes les personnes de la terre, quelles que soit leur religion ou leur culture, qui sont invitées à être baignées, baptisées dans la Vie de Dieu…Mais, nous tous qui avons célébré notre baptême en Eglise, nous sommes les apôtres de cet Amour de Dieu et de cette paix de Dieu pour le monde entier. Jésus nous le redit avec force ce matin&nbsp;: « Baignez-les, baptisez les dans la vie de mon Père du ciel&nbsp;». Oui, Jésus nous envoie tous et toutes en mission, nous les baptisés&nbsp;: Désormais, c’est à nous de transmettre la Vie du Royaume de Dieu à toutes les nations, vie d’amour, de création, de justice, de pardon, de fraternité, de respect de l’autre, à commencer par ceux qui sont là à coté de nous, dans notre maison, notre village ou notre entreprise&nbsp;: Baignez-les, nous dit Jésus, baptisez-les toutes et tous dans la Vie de mon Père… même s’ils ne s’engagent pas comme vous le souhaiteriez. Ça veut dire aussi qu’en tant que baptisés, nous sommes dépositaires d’un message pour le monde entier et que Dieu nous accorde une immense confiance… Ne trahissons pas cette confiance&nbsp;!</p>



<p>Oui, nous qui sommes là ce matin, nous avons été appelés au moment de notre baptême, d’abord pour<strong> communier (ou baigner) profondément à cette vie de Dieu, mais aussi pour en témoigner auprès de tous nos frères et sœurs en humanité&nbsp;;</strong> Pour continuer de vivre notre baptême, l’Eucharistie est cette source à laquelle nous sommes pouvons puiser nos forces pour construire ce monde de paix et d’amour là où nous vivons.</p>



<p>&nbsp;La mission qui nous est confiée n’est pas la diffusion d’un savoir ou d’une instruction religieuse, ni la propagande pour adhérer à notre religion chrétienne, mais bien la construction d’un monde d’amour, de paix et de respect de l’autre dans le quotidien de nos vies et cette mission est à la portée de tous, elle est de l’ordre de l’engagement à la suite de notre baptême et non pas de l’ordre de la croyance. Dieu lui-même nous demande de participer, tels que nous sommes, à la construction de son Royaume <strong>avec nos mains, nos jambes et notre cœur</strong>… et c’est une mission qui revient à tous les baptisés, et non pas aux seules personnes engagées dans les structures de l’Eglise.</p>



<p>&nbsp;En ce jour de l’Ascension, nous sommes venus célébrer le terme de la présence physique de Jésus sur terre, mais aussi sa présence réelle et peut-être encore plus forte par notre Eglise répandue sur toute la terre ; et désormais nous aurons à chercher autrement sa vie parmi nous. Aussi remarquons bien ce que Jésus nous dit&nbsp;en ce jour où il est monté aux cieux&nbsp;:« Voici les signes qui accompagneront ceux qui sont devenus croyants&nbsp;:&nbsp;Ils prendront dans leurs mains des serpents…et aucun d’eux ne leur fera du mal&nbsp;». Evidemment, c’est un langage imagé pour mieux nous faire comprendre que notre mission n’est pas à dimension humaine, et que ce que nous sommes appelés à vivre est infiniment plus beau et plus grand que ce que notre intelligence peut nous laisser entrevoir. La vie de Dieu donnée dépasse notre logique humaine. Mais c’est toujours Dieu lui-même qui agit par delà nos activités pastorales très concrètes et imparfaites&nbsp;: l’action de Dieu va bien au-delà de nos actions humaines&nbsp;: «&nbsp;ils prendront des serpents dans leur main…&nbsp;».</p>



<p>Que tous et toutes, nous prenions bien conscience de la confiance qui nous est faite en nous appelant au baptême pour participer à un monde de paix et d’amour.</p>



<p>Louis Morandeau</p>

<p>Aujourd’hui, Jésus est monté vers son Père du Ciel. Mais, au moment de partir, il nous donne une mission pour continuer la sienne&nbsp;:«&nbsp;Je vous envoie par toutes les nations…Proclamez l’Evangile [&hellip;]</p>
