{"id":4762,"date":"2021-03-25T14:27:08","date_gmt":"2021-03-25T13:27:08","guid":{"rendered":"https:\/\/catholiques17.fr\/montlieu\/?page_id=4762"},"modified":"2022-12-06T08:37:50","modified_gmt":"2022-12-06T07:37:50","slug":"homelie","status":"publish","type":"page","link":"https:\/\/catholiques17.fr\/montlieu\/homelies-prieres-chants\/homelie\/","title":{"rendered":"Hom\u00e9lie"},"content":{"rendered":"\n<ul class=\"wp-block-list\">\n<li><strong><a rel=\"noreferrer noopener\" href=\"https:\/\/catholiques17.fr\/montlieu\/la-fille-de-jaire\/\" target=\"_blank\">La fille de Ja\u00efre (Marc 5,21 &#8211; 43)<\/a><\/strong><\/li>\n\n\n\n<li><a rel=\"noreferrer noopener\" href=\"https:\/\/catholiques17.fr\/montlieu\/tempete-apaisee-marc-4-35-41\/\" target=\"_blank\"><strong>TEMP\u00caTE APAISEE<\/strong>&nbsp;&nbsp; (Marc&nbsp; 4, 35 \u2013 41)<\/a><\/li>\n\n\n\n<li><a rel=\"noreferrer noopener\" href=\"https:\/\/catholiques17.fr\/montlieu\/le-grain-de-ble-et-la-graine-de-moutarde-marc-4-26-34\/\" target=\"_blank\"><strong>Le grain de bl\u00e9 et la graine de moutarde. (<\/strong>Marc 4, 26-34)<\/a><\/li>\n\n\n\n<li><strong><a rel=\"noreferrer noopener\" href=\"https:\/\/catholiques17.fr\/montlieu\/prenez-mangez-buvez-en-tous-marc-14-12-16-22-26\/\" target=\"_blank\">Hom\u00e9lie messe du Saint Sacrement.<\/a><\/strong><\/li>\n\n\n\n<li><strong><a rel=\"noreferrer noopener\" href=\"https:\/\/catholiques17.fr\/montlieu\/baptisez-les-au-nom-du-pere-et-du-fils-et-de-saint-esprit-matthieu-28-16-20\/\" target=\"_blank\">Hom\u00e9lie messe de la Sainte TRINITE 2021<\/a><\/strong><\/li>\n\n\n\n<li><strong><a rel=\"noreferrer noopener\" href=\"https:\/\/catholiques17.fr\/montlieu\/homelie-pentecote-2021\/\" target=\"_blank\">Hom\u00e9lie PENTEC\u00d4TE 2021<\/a><\/strong><\/li>\n\n\n\n<li><a rel=\"noreferrer noopener\" href=\"https:\/\/catholiques17.fr\/montlieu\/sanctifie-les-dans-la-verite-jean-17-11-19\/\" target=\"_blank\"><strong>\u00ab&nbsp;Sanctifie les dans la v\u00e9rit\u00e9\u2026&nbsp;\u00bb&nbsp; Jean 17, 11-19<\/strong><\/a><\/li>\n\n\n\n<li><strong><a rel=\"noreferrer noopener\" href=\"https:\/\/catholiques17.fr\/montlieu\/proclamez-levangile-a-toute-la-creation-marc-16-15-20\/\" target=\"_blank\">Proclamez l\u2019Evangile \u00e0 toute la cr\u00e9ation&nbsp; (Marc 16, 15-20)<\/a><\/strong><\/li>\n\n\n\n<li><strong><a rel=\"noreferrer noopener\" href=\"https:\/\/catholiques17.fr\/montlieu\/2021\/05\/10\/aimez-vous-les-uns-les-autres-comme-je-vous-ai-aimes-jean-15-9-17\/\" target=\"_blank\">Aimez-vous les uns, les autres (Jean 15, 9-17)<\/a><\/strong><\/li>\n\n\n\n<li><a rel=\"noreferrer noopener\" href=\"https:\/\/catholiques17.fr\/montlieu\/2021\/05\/02\/je-suis-le-cep-et-vous-les-sarments-jean-15-1-8\/\" target=\"_blank\"><strong>Je suis le cep et vous les sarments (Jean 15, 1-8)<\/strong><\/a><\/li>\n\n\n\n<li><strong><a rel=\"noreferrer noopener\" href=\"https:\/\/catholiques17.fr\/montlieu\/2021\/04\/25\/4946\/\" target=\"_blank\">\u00ab\u00a0Moi je suis le bon Pasteur; mes brebis me connaissent et je connais mes brebis\u00a0\u00bb (Jean 10, 11-18)<\/a><\/strong><\/li>\n\n\n\n<li><strong><a rel=\"noreferrer noopener\" href=\"https:\/\/catholiques17.fr\/montlieu\/?page_id=4935&amp;preview=true\" target=\"_blank\">Reconna\u00eetre le Ressuscit\u00e9 &#8230; Vous \u00eates ses t\u00e9moins (Luc 24, 35-48)<\/a><\/strong><\/li>\n\n\n\n<li><a rel=\"noreferrer noopener\" href=\"https:\/\/drive.google.com\/file\/d\/1OsuuS3wTP_5k4ptBC4QIbYCidSbSB1kZ\/view?usp=sharing\" target=\"_blank\"><strong>PARDONNER JUSQU\u2019\u00c0 70 FOIS 7 FOIS (Matthieu 18, 21-35)<\/strong><\/a><\/li>\n<\/ul>\n","protected":false},"excerpt":{"rendered":"","protected":false},"author":31,"featured_media":0,"parent":5637,"menu_order":0,"comment_status":"closed","ping_status":"closed","template":"","meta":{"_et_pb_use_builder":"off","_et_pb_old_content":"","_et_gb_content_width":"","footnotes":""},"class_list":["post-4762","page","type-page","status-publish","hentry"],"_links":{"self":[{"href":"https:\/\/catholiques17.fr\/montlieu\/wp-json\/wp\/v2\/pages\/4762","targetHints":{"allow":["GET"]}}],"collection":[{"href":"https:\/\/catholiques17.fr\/montlieu\/wp-json\/wp\/v2\/pages"}],"about":[{"href":"https:\/\/catholiques17.fr\/montlieu\/wp-json\/wp\/v2\/types\/page"}],"author":[{"embeddable":true,"href":"https:\/\/catholiques17.fr\/montlieu\/wp-json\/wp\/v2\/users\/31"}],"replies":[{"embeddable":true,"href":"https:\/\/catholiques17.fr\/montlieu\/wp-json\/wp\/v2\/comments?post=4762"}],"version-history":[{"count":24,"href":"https:\/\/catholiques17.fr\/montlieu\/wp-json\/wp\/v2\/pages\/4762\/revisions"}],"predecessor-version":[{"id":5598,"href":"https:\/\/catholiques17.fr\/montlieu\/wp-json\/wp\/v2\/pages\/4762\/revisions\/5598"}],"up":[{"embeddable":true,"href":"https:\/\/catholiques17.fr\/montlieu\/wp-json\/wp\/v2\/pages\/5637"}],"wp:attachment":[{"href":"https:\/\/catholiques17.fr\/montlieu\/wp-json\/wp\/v2\/media?parent=4762"}],"curies":[{"name":"wp","href":"https:\/\/api.w.org\/{rel}","templated":true}]}}

Homélie

<ul class="wp-block-list">
<li><strong><a rel="noreferrer noopener" href="https://catholiques17.fr/montlieu/la-fille-de-jaire/" target="_blank">La fille de Jaïre (Marc 5,21 &#8211; 43)</a></strong></li>



<li><a rel="noreferrer noopener" href="https://catholiques17.fr/montlieu/tempete-apaisee-marc-4-35-41/" target="_blank"><strong>TEMPÊTE APAISEE</strong>&nbsp;&nbsp; (Marc&nbsp; 4, 35 – 41)</a></li>



<li><a rel="noreferrer noopener" href="https://catholiques17.fr/montlieu/le-grain-de-ble-et-la-graine-de-moutarde-marc-4-26-34/" target="_blank"><strong>Le grain de blé et la graine de moutarde. (</strong>Marc 4, 26-34)</a></li>



<li><strong><a rel="noreferrer noopener" href="https://catholiques17.fr/montlieu/prenez-mangez-buvez-en-tous-marc-14-12-16-22-26/" target="_blank">Homélie messe du Saint Sacrement.</a></strong></li>



<li><strong><a rel="noreferrer noopener" href="https://catholiques17.fr/montlieu/baptisez-les-au-nom-du-pere-et-du-fils-et-de-saint-esprit-matthieu-28-16-20/" target="_blank">Homélie messe de la Sainte TRINITE 2021</a></strong></li>



<li><strong><a rel="noreferrer noopener" href="https://catholiques17.fr/montlieu/homelie-pentecote-2021/" target="_blank">Homélie PENTECÔTE 2021</a></strong></li>



<li><a rel="noreferrer noopener" href="https://catholiques17.fr/montlieu/sanctifie-les-dans-la-verite-jean-17-11-19/" target="_blank"><strong>«&nbsp;Sanctifie les dans la vérité…&nbsp;»&nbsp; Jean 17, 11-19</strong></a></li>



<li><strong><a rel="noreferrer noopener" href="https://catholiques17.fr/montlieu/proclamez-levangile-a-toute-la-creation-marc-16-15-20/" target="_blank">Proclamez l’Evangile à toute la création&nbsp; (Marc 16, 15-20)</a></strong></li>



<li><strong><a rel="noreferrer noopener" href="https://catholiques17.fr/montlieu/2021/05/10/aimez-vous-les-uns-les-autres-comme-je-vous-ai-aimes-jean-15-9-17/" target="_blank">Aimez-vous les uns, les autres (Jean 15, 9-17)</a></strong></li>



<li><a rel="noreferrer noopener" href="https://catholiques17.fr/montlieu/2021/05/02/je-suis-le-cep-et-vous-les-sarments-jean-15-1-8/" target="_blank"><strong>Je suis le cep et vous les sarments (Jean 15, 1-8)</strong></a></li>



<li><strong><a rel="noreferrer noopener" href="https://catholiques17.fr/montlieu/2021/04/25/4946/" target="_blank">« Moi je suis le bon Pasteur; mes brebis me connaissent et je connais mes brebis » (Jean 10, 11-18)</a></strong></li>



<li><strong><a rel="noreferrer noopener" href="https://catholiques17.fr/montlieu/?page_id=4935&amp;preview=true" target="_blank">Reconnaître le Ressuscité &#8230; Vous êtes ses témoins (Luc 24, 35-48)</a></strong></li>



<li><a rel="noreferrer noopener" href="https://drive.google.com/file/d/1OsuuS3wTP_5k4ptBC4QIbYCidSbSB1kZ/view?usp=sharing" target="_blank"><strong>PARDONNER JUSQU’À 70 FOIS 7 FOIS (Matthieu 18, 21-35)</strong></a></li>
</ul>
