{"id":4756,"date":"2021-03-25T14:10:42","date_gmt":"2021-03-25T13:10:42","guid":{"rendered":"https:\/\/catholiques17.fr\/montlieu\/?page_id=4756"},"modified":"2023-03-22T09:56:31","modified_gmt":"2023-03-22T08:56:31","slug":"aumonerie-des-hopitaux-et-sem-service-evangelique-aupres-des-malades","status":"publish","type":"page","link":"https:\/\/catholiques17.fr\/montlieu\/mouvements-deglise\/aumonerie-des-hopitaux-et-sem-service-evangelique-aupres-des-malades\/","title":{"rendered":"Aum\u00f4nerie des h\u00f4pitaux et SEM (Service Evang\u00e9lique aupr\u00e8s des Malades)"},"content":{"rendered":"<p>[et_pb_section fb_built=\u00a0\u00bb1&Prime; _builder_version=\u00a0\u00bb4.16&Prime; global_colors_info=\u00a0\u00bb{}\u00a0\u00bb theme_builder_area=\u00a0\u00bbpost_content\u00a0\u00bb custom_padding=\u00a0\u00bb0px|||||\u00a0\u00bb][et_pb_row _builder_version=\u00a0\u00bb4.17.6&Prime; _module_preset=\u00a0\u00bbdefault\u00a0\u00bb theme_builder_area=\u00a0\u00bbpost_content\u00a0\u00bb][et_pb_column _builder_version=\u00a0\u00bb4.17.6&Prime; _module_preset=\u00a0\u00bbdefault\u00a0\u00bb type=\u00a0\u00bb4_4&Prime; theme_builder_area=\u00a0\u00bbpost_content\u00a0\u00bb][et_pb_image src=\u00a0\u00bbhttps:\/\/catholiques17.fr\/montlieu\/wp-content\/uploads\/sites\/22\/2023\/03\/Page-pasto-sante-480&#215;202-1.jpg\u00a0\u00bb _builder_version=\u00a0\u00bb4.17.6&Prime; _module_preset=\u00a0\u00bbdefault\u00a0\u00bb theme_builder_area=\u00a0\u00bbpost_content\u00a0\u00bb title_text=\u00a0\u00bbPage-pasto-sante-480&#215;202&Prime; align=\u00a0\u00bbcenter\u00a0\u00bb animation_style=\u00a0\u00bbslide\u00a0\u00bb hover_enabled=\u00a0\u00bb0&Prime; sticky_enabled=\u00a0\u00bb0&Prime;][\/et_pb_image][\/et_pb_column][\/et_pb_row][et_pb_row _builder_version=\u00a0\u00bb4.16&Prime; background_size=\u00a0\u00bbinitial\u00a0\u00bb background_position=\u00a0\u00bbtop_left\u00a0\u00bb background_repeat=\u00a0\u00bbrepeat\u00a0\u00bb global_colors_info=\u00a0\u00bb{}\u00a0\u00bb theme_builder_area=\u00a0\u00bbpost_content\u00a0\u00bb][et_pb_column type=\u00a0\u00bb4_4&Prime; _builder_version=\u00a0\u00bb4.16&Prime; custom_padding=\u00a0\u00bb|||\u00a0\u00bb global_colors_info=\u00a0\u00bb{}\u00a0\u00bb custom_padding__hover=\u00a0\u00bb|||\u00a0\u00bb theme_builder_area=\u00a0\u00bbpost_content\u00a0\u00bb][et_pb_text _builder_version=\u00a0\u00bb4.17.6&Prime; background_size=\u00a0\u00bbinitial\u00a0\u00bb background_position=\u00a0\u00bbtop_left\u00a0\u00bb background_repeat=\u00a0\u00bbrepeat\u00a0\u00bb hover_enabled=\u00a0\u00bb0&Prime; global_colors_info=\u00a0\u00bb{}\u00a0\u00bb theme_builder_area=\u00a0\u00bbpost_content\u00a0\u00bb sticky_enabled=\u00a0\u00bb0&Prime;]<\/p>\n<p style=\"text-align: center;\"><!-- divi:paragraph --><strong>La pastorale des malades est l\u2019affaire de tous les chr\u00e9tiens :\u00a0 <em>\u00ab J\u2019\u00e9tais malade et vous m\u2019avez visit\u00e9\u2026 \u00bb<\/em>\u00a0Mat 25-36.<\/strong><\/p>\n<p>&nbsp;<\/p>\n<p>C\u2019est la mission de l\u2019\u00e9glise qui s\u2019engage aupr\u00e8s des malades et cette mission est assur\u00e9e par des b\u00e9n\u00e9voles qui visitent et accompagnent des personnes \u00e2g\u00e9es, handicap\u00e9es, seules ou isol\u00e9es.<\/p>\n<p><!-- \/divi:paragraph --><\/p>\n<p><!-- divi:paragraph -->Une\u00a0 \u00e9quipe accompagne les r\u00e9sidents de la Maison de retraite de Montlieu la Garde pour la messe le jeudi apr\u00e8s-midi tous les quinze jours. Contacter Nicole AMBAUD 05 46 04 63 41\u00a0.<\/p>\n<p><!-- \/divi:paragraph --><\/p>\n<p><!-- divi:paragraph -->Une autre \u00e9quipe accompagne les r\u00e9sidents de la maison de retraite de Montguyon tous les 15 jours.<\/p>\n<p><!-- \/divi:paragraph --><\/p>\n<p><!-- divi:paragraph -->Val\u00e9rie DELCROIX est nomm\u00e9e responsable de l\u2019\u00e9quipe d\u2019Aum\u00f4neries de l\u2019Ensemble Hospitalier Jonzac \u2013 Boscamnant \u2013 Montguyon. Contact : <a data-sheets-formula-bar-text-link=\"mailto:valeriedaviddelcroix@icloud.com\" data-sheets-formula-bar-text-style=\"font-size:12px;color:#0000ff;font-weight:bold;text-decoration:underline;font-family:'docs-Calibri';font-style:normal;text-decoration-skip-ink:none;\" href=\"mailto:valeriedaviddelcroix@gmail.com\" target=\"_blank\" rel=\"noopener\">valeriedaviddelcroix@gmail.com<\/a><\/p>\n<p><!-- \/divi:paragraph --><\/p>\n<p>[\/et_pb_text][\/et_pb_column][\/et_pb_row][\/et_pb_section]<\/p>\n","protected":false},"excerpt":{"rendered":"<p>La pastorale des malades est l\u2019affaire de tous les chr\u00e9tiens :\u00a0 \u00ab J\u2019\u00e9tais malade et vous m\u2019avez visit\u00e9\u2026 \u00bb\u00a0Mat 25-36. &nbsp; C\u2019est la mission de l\u2019\u00e9glise qui s\u2019engage aupr\u00e8s des [&hellip;]<\/p>\n","protected":false},"author":31,"featured_media":0,"parent":5633,"menu_order":0,"comment_status":"closed","ping_status":"closed","template":"","meta":{"_et_pb_use_builder":"on","_et_pb_old_content":"<!-- wp:paragraph -->\n<p>La pastorale des malades est l\u2019affaire de tous les chr\u00e9tiens&nbsp;<em>\u00ab&nbsp;j\u2019\u00e9tais malade et vous m\u2019avez visit\u00e9\u2026&nbsp;\u00bb<\/em>&nbsp;Mat 25-36.<br>C\u2019est la mission de l\u2019\u00e9glise qui s\u2019engage aupr\u00e8s des malades et cette mission est assur\u00e9e par des b\u00e9n\u00e9voles qui visitent et accompagnent des personnes \u00e2g\u00e9es, handicap\u00e9es, seules ou isol\u00e9es.<\/p>\n<!-- \/wp:paragraph -->\n\n<!-- wp:paragraph -->\n<p>Une&nbsp; \u00e9quipe accompagne les r\u00e9sidents de la Maison de retraite de Montlieu la Garde pour la messe le jeudi apr\u00e8s-midi tous les quinze jours. Contacter Nicole AMBAUD 05 46 04 63 41&nbsp;.<\/p>\n<!-- \/wp:paragraph -->\n\n<!-- wp:paragraph -->\n<p>Une autre \u00e9quipe accompagne les r\u00e9sidents de la maison de retraite de Montguyon tous les 15 jours.<\/p>\n<!-- \/wp:paragraph -->\n\n<!-- wp:paragraph -->\n<p>Sophie MITON est nomm\u00e9e responsable de l\u2019\u00e9quipe d\u2019Aum\u00f4neries de l\u2019Ensemble Hospitalier Jonzac \u2013 Boscamnant \u2013 Montguyon.<\/p>\n<!-- \/wp:paragraph -->","_et_gb_content_width":"","footnotes":""},"class_list":["post-4756","page","type-page","status-publish","hentry"],"_links":{"self":[{"href":"https:\/\/catholiques17.fr\/montlieu\/wp-json\/wp\/v2\/pages\/4756","targetHints":{"allow":["GET"]}}],"collection":[{"href":"https:\/\/catholiques17.fr\/montlieu\/wp-json\/wp\/v2\/pages"}],"about":[{"href":"https:\/\/catholiques17.fr\/montlieu\/wp-json\/wp\/v2\/types\/page"}],"author":[{"embeddable":true,"href":"https:\/\/catholiques17.fr\/montlieu\/wp-json\/wp\/v2\/users\/31"}],"replies":[{"embeddable":true,"href":"https:\/\/catholiques17.fr\/montlieu\/wp-json\/wp\/v2\/comments?post=4756"}],"version-history":[{"count":3,"href":"https:\/\/catholiques17.fr\/montlieu\/wp-json\/wp\/v2\/pages\/4756\/revisions"}],"predecessor-version":[{"id":5930,"href":"https:\/\/catholiques17.fr\/montlieu\/wp-json\/wp\/v2\/pages\/4756\/revisions\/5930"}],"up":[{"embeddable":true,"href":"https:\/\/catholiques17.fr\/montlieu\/wp-json\/wp\/v2\/pages\/5633"}],"wp:attachment":[{"href":"https:\/\/catholiques17.fr\/montlieu\/wp-json\/wp\/v2\/media?parent=4756"}],"curies":[{"name":"wp","href":"https:\/\/api.w.org\/{rel}","templated":true}]}}

Aumônerie des hôpitaux et SEM (Service Evangélique auprès des Malades)

<p>[et_pb_section fb_built= »1&Prime; _builder_version= »4.16&Prime; global_colors_info= »{} » theme_builder_area= »post_content » custom_padding= »0px||||| »][et_pb_row _builder_version= »4.17.6&Prime; _module_preset= »default » theme_builder_area= »post_content »][et_pb_column _builder_version= »4.17.6&Prime; _module_preset= »default » type= »4_4&Prime; theme_builder_area= »post_content »][et_pb_image src= »https://catholiques17.fr/montlieu/wp-content/uploads/sites/22/2023/03/Page-pasto-sante-480&#215;202-1.jpg » _builder_version= »4.17.6&Prime; _module_preset= »default » theme_builder_area= »post_content » title_text= »Page-pasto-sante-480&#215;202&Prime; align= »center » animation_style= »slide » hover_enabled= »0&Prime; sticky_enabled= »0&Prime;][/et_pb_image][/et_pb_column][/et_pb_row][et_pb_row _builder_version= »4.16&Prime; background_size= »initial » background_position= »top_left » background_repeat= »repeat » global_colors_info= »{} » theme_builder_area= »post_content »][et_pb_column type= »4_4&Prime; _builder_version= »4.16&Prime; custom_padding= »||| » global_colors_info= »{} » custom_padding__hover= »||| » theme_builder_area= »post_content »][et_pb_text _builder_version= »4.17.6&Prime; background_size= »initial » background_position= »top_left » background_repeat= »repeat » hover_enabled= »0&Prime; global_colors_info= »{} » theme_builder_area= »post_content » sticky_enabled= »0&Prime;]</p>
<p style="text-align: center;"><!-- divi:paragraph --><strong>La pastorale des malades est l’affaire de tous les chrétiens :  <em>« J’étais malade et vous m’avez visité… »</em> Mat 25-36.</strong></p>
<p>&nbsp;</p>
<p>C’est la mission de l’église qui s’engage auprès des malades et cette mission est assurée par des bénévoles qui visitent et accompagnent des personnes âgées, handicapées, seules ou isolées.</p>
<p><!-- /divi:paragraph --></p>
<p><!-- divi:paragraph -->Une  équipe accompagne les résidents de la Maison de retraite de Montlieu la Garde pour la messe le jeudi après-midi tous les quinze jours. Contacter Nicole AMBAUD 05 46 04 63 41 .</p>
<p><!-- /divi:paragraph --></p>
<p><!-- divi:paragraph -->Une autre équipe accompagne les résidents de la maison de retraite de Montguyon tous les 15 jours.</p>
<p><!-- /divi:paragraph --></p>
<p><!-- divi:paragraph -->Valérie DELCROIX est nommée responsable de l’équipe d’Aumôneries de l’Ensemble Hospitalier Jonzac – Boscamnant – Montguyon. Contact : <a data-sheets-formula-bar-text-link="mailto:valeriedaviddelcroix@icloud.com" data-sheets-formula-bar-text-style="font-size:12px;color:#0000ff;font-weight:bold;text-decoration:underline;font-family:'docs-Calibri';font-style:normal;text-decoration-skip-ink:none;" href="mailto:valeriedaviddelcroix@gmail.com" target="_blank" rel="noopener">valeriedaviddelcroix@gmail.com</a></p>
<p><!-- /divi:paragraph --></p>
<p>[/et_pb_text][/et_pb_column][/et_pb_row][/et_pb_section]</p>

<p>La pastorale des malades est l’affaire de tous les chrétiens :  « J’étais malade et vous m’avez visité… » Mat 25-36. &nbsp; C’est la mission de l’église qui s’engage auprès des [&hellip;]</p>

<!-- wp:paragraph -->
<p>La pastorale des malades est l’affaire de tous les chrétiens&nbsp;<em>«&nbsp;j’étais malade et vous m’avez visité…&nbsp;»</em>&nbsp;Mat 25-36.<br>C’est la mission de l’église qui s’engage auprès des malades et cette mission est assurée par des bénévoles qui visitent et accompagnent des personnes âgées, handicapées, seules ou isolées.</p>
<!-- /wp:paragraph -->

<!-- wp:paragraph -->
<p>Une&nbsp; équipe accompagne les résidents de la Maison de retraite de Montlieu la Garde pour la messe le jeudi après-midi tous les quinze jours. Contacter Nicole AMBAUD 05 46 04 63 41&nbsp;.</p>
<!-- /wp:paragraph -->

<!-- wp:paragraph -->
<p>Une autre équipe accompagne les résidents de la maison de retraite de Montguyon tous les 15 jours.</p>
<!-- /wp:paragraph -->

<!-- wp:paragraph -->
<p>Sophie MITON est nommée responsable de l’équipe d’Aumôneries de l’Ensemble Hospitalier Jonzac – Boscamnant – Montguyon.</p>
<!-- /wp:paragraph -->
