{"id":4747,"date":"2021-03-25T13:31:14","date_gmt":"2021-03-25T12:31:14","guid":{"rendered":"https:\/\/catholiques17.fr\/montlieu\/?page_id=4747"},"modified":"2023-03-22T09:01:30","modified_gmt":"2023-03-22T08:01:30","slug":"laumonerie","status":"publish","type":"page","link":"https:\/\/catholiques17.fr\/montlieu\/pour-les-jeunes\/laumonerie\/","title":{"rendered":"L\u2019Aum\u00f4nerie"},"content":{"rendered":"<p>[et_pb_section fb_built=\u00a0\u00bb1&Prime; _builder_version=\u00a0\u00bb4.16&Prime; global_colors_info=\u00a0\u00bb{}\u00a0\u00bb theme_builder_area=\u00a0\u00bbpost_content\u00a0\u00bb custom_padding=\u00a0\u00bb5px|||||\u00a0\u00bb][et_pb_row _builder_version=\u00a0\u00bb4.17.6&Prime; _module_preset=\u00a0\u00bbdefault\u00a0\u00bb theme_builder_area=\u00a0\u00bbpost_content\u00a0\u00bb custom_padding=\u00a0\u00bb3px|||||\u00a0\u00bb][et_pb_column _builder_version=\u00a0\u00bb4.17.6&Prime; _module_preset=\u00a0\u00bbdefault\u00a0\u00bb type=\u00a0\u00bb4_4&Prime; theme_builder_area=\u00a0\u00bbpost_content\u00a0\u00bb][et_pb_image src=\u00a0\u00bbhttps:\/\/catholiques17.fr\/montlieu\/wp-content\/uploads\/sites\/22\/2023\/03\/Bandeau-IMG_1025-retouchee-1024&#215;500-1.jpg\u00a0\u00bb _builder_version=\u00a0\u00bb4.17.6&Prime; _module_preset=\u00a0\u00bbdefault\u00a0\u00bb theme_builder_area=\u00a0\u00bbpost_content\u00a0\u00bb title_text=\u00a0\u00bbBandeau-IMG_1025-retouche\u0301e-1024&#215;500-1&Prime; align=\u00a0\u00bbcenter\u00a0\u00bb border_radii=\u00a0\u00bbon|20px|20px|20px|20px\u00a0\u00bb animation_style=\u00a0\u00bbslide\u00a0\u00bb hover_enabled=\u00a0\u00bb0&Prime; sticky_enabled=\u00a0\u00bb0&Prime;][\/et_pb_image][\/et_pb_column][\/et_pb_row][et_pb_row _builder_version=\u00a0\u00bb4.16&Prime; background_size=\u00a0\u00bbinitial\u00a0\u00bb background_position=\u00a0\u00bbtop_left\u00a0\u00bb background_repeat=\u00a0\u00bbrepeat\u00a0\u00bb global_colors_info=\u00a0\u00bb{}\u00a0\u00bb theme_builder_area=\u00a0\u00bbpost_content\u00a0\u00bb][et_pb_column type=\u00a0\u00bb4_4&Prime; _builder_version=\u00a0\u00bb4.16&Prime; custom_padding=\u00a0\u00bb|||\u00a0\u00bb global_colors_info=\u00a0\u00bb{}\u00a0\u00bb custom_padding__hover=\u00a0\u00bb|||\u00a0\u00bb theme_builder_area=\u00a0\u00bbpost_content\u00a0\u00bb][et_pb_text _builder_version=\u00a0\u00bb4.16&Prime; background_size=\u00a0\u00bbinitial\u00a0\u00bb background_position=\u00a0\u00bbtop_left\u00a0\u00bb background_repeat=\u00a0\u00bbrepeat\u00a0\u00bb global_colors_info=\u00a0\u00bb{}\u00a0\u00bb theme_builder_area=\u00a0\u00bbpost_content\u00a0\u00bb]<!-- divi:paragraph --><\/p>\n<p>A partir de la 6\u00e9me, les jeunes sont invit\u00e9s \u00e0 se retrouver en \u00e9quipe d\u2019aum\u00f4nerie environ une fois par mois.<\/p>\n<p><!-- \/divi:paragraph --><\/p>\n<p><!-- divi:paragraph --><\/p>\n<p>L\u2019\u00e9quipe d\u2019aum\u00f4nerie aide les jeunes \u00e0 r\u00e9fl\u00e9chir sur le sens de leurs vies \u00e0 la lumi\u00e8re de l\u2019\u00e9vangile gr\u00e2ce \u00e0 des activit\u00e9s vari\u00e9es&nbsp;: rencontres de t\u00e9moins, s\u00e9jours en abbaye, p\u00e8lerinage \u00e0 Lourdes, rencontre \u00e0 Taiz\u00e9.&nbsp;\u00ab&nbsp;<em>L\u2019aum\u00f4nerie c\u2019est trop cool<\/em>&nbsp;!\u00bb nous dit Jules.<\/p>\n<p><!-- \/divi:paragraph -->[\/et_pb_text][\/et_pb_column][\/et_pb_row][et_pb_row _builder_version=\u00a0\u00bb4.17.6&Prime; _module_preset=\u00a0\u00bbdefault\u00a0\u00bb theme_builder_area=\u00a0\u00bbpost_content\u00a0\u00bb][et_pb_column _builder_version=\u00a0\u00bb4.17.6&Prime; _module_preset=\u00a0\u00bbdefault\u00a0\u00bb type=\u00a0\u00bb4_4&Prime; theme_builder_area=\u00a0\u00bbpost_content\u00a0\u00bb][et_pb_text _builder_version=\u00a0\u00bb4.17.6&Prime; _module_preset=\u00a0\u00bbdefault\u00a0\u00bb theme_builder_area=\u00a0\u00bbpost_content\u00a0\u00bb background_color=\u00a0\u00bb#FF8C00&Prime; text_font_size=\u00a0\u00bb18px\u00a0\u00bb border_radii=\u00a0\u00bboff|20px||20px|\u00a0\u00bb hover_enabled=\u00a0\u00bb0&Prime; sticky_enabled=\u00a0\u00bb0&Prime;]<\/p>\n<div class=\"et_pb_row et_pb_row_6\">\n<div class=\"et_pb_column et_pb_column_4_4 et_pb_column_8  et_pb_css_mix_blend_mode_passthrough et-last-child\">\n<div class=\"et_pb_module et_pb_text et_pb_text_3  et_pb_text_align_left et_pb_bg_layout_light\">\n<div class=\"et_pb_text_inner\">\n<p style=\"text-align: center;\"><span style=\"color: #ffffff;\">Le service dioc\u00e9sain de la pastorale des jeunes propose des camps, p\u00e8lerinages et autres rassemblements <\/span><span style=\"color: #ffffff;\">tout au long de l\u2019ann\u00e9e. <\/span><\/p>\n<p style=\"text-align: center;\"><span style=\"color: #ffffff;\">Suivez l\u2019actualit\u00e9 des jeunes sur leur site<\/span> <a href=\"https:\/\/jeunes17.fr\/\" target=\"_blank\" rel=\"noopener\"><span style=\"text-decoration: underline; color: #ffffff;\"><strong>jeunes17.fr<\/strong><\/span><\/a><\/p>\n<\/div>\n<\/div>\n<\/div>\n<\/div>\n<p>[\/et_pb_text][\/et_pb_column][\/et_pb_row][\/et_pb_section]<\/p>\n","protected":false},"excerpt":{"rendered":"<p>A partir de la 6\u00e9me, les jeunes sont invit\u00e9s \u00e0 se retrouver en \u00e9quipe d\u2019aum\u00f4nerie environ une fois par mois. L\u2019\u00e9quipe d\u2019aum\u00f4nerie aide les jeunes \u00e0 r\u00e9fl\u00e9chir sur le sens [&hellip;]<\/p>\n","protected":false},"author":31,"featured_media":0,"parent":5631,"menu_order":0,"comment_status":"closed","ping_status":"closed","template":"","meta":{"_et_pb_use_builder":"on","_et_pb_old_content":"<!-- wp:paragraph -->\n<p>A partir de la 6\u00e9me, les jeunes sont invit\u00e9s \u00e0 se retrouver en \u00e9quipe d\u2019aum\u00f4nerie environ une fois par mois.<\/p>\n<!-- \/wp:paragraph -->\n\n<!-- wp:paragraph -->\n<p>L\u2019\u00e9quipe d\u2019aum\u00f4nerie aide les jeunes \u00e0 r\u00e9fl\u00e9chir sur le sens de leurs vies \u00e0 la lumi\u00e8re de l\u2019\u00e9vangile gr\u00e2ce \u00e0 des activit\u00e9s vari\u00e9es&nbsp;: rencontres de t\u00e9moins, s\u00e9jours en abbaye, p\u00e8lerinage \u00e0 Lourdes, rencontre \u00e0 Taiz\u00e9.&nbsp;\u00ab&nbsp;<em>L\u2019aum\u00f4nerie c\u2019est trop cool<\/em>&nbsp;!\u00bb nous dit Jules.<\/p>\n<!-- \/wp:paragraph -->","_et_gb_content_width":"","footnotes":""},"class_list":["post-4747","page","type-page","status-publish","hentry"],"_links":{"self":[{"href":"https:\/\/catholiques17.fr\/montlieu\/wp-json\/wp\/v2\/pages\/4747","targetHints":{"allow":["GET"]}}],"collection":[{"href":"https:\/\/catholiques17.fr\/montlieu\/wp-json\/wp\/v2\/pages"}],"about":[{"href":"https:\/\/catholiques17.fr\/montlieu\/wp-json\/wp\/v2\/types\/page"}],"author":[{"embeddable":true,"href":"https:\/\/catholiques17.fr\/montlieu\/wp-json\/wp\/v2\/users\/31"}],"replies":[{"embeddable":true,"href":"https:\/\/catholiques17.fr\/montlieu\/wp-json\/wp\/v2\/comments?post=4747"}],"version-history":[{"count":3,"href":"https:\/\/catholiques17.fr\/montlieu\/wp-json\/wp\/v2\/pages\/4747\/revisions"}],"predecessor-version":[{"id":5897,"href":"https:\/\/catholiques17.fr\/montlieu\/wp-json\/wp\/v2\/pages\/4747\/revisions\/5897"}],"up":[{"embeddable":true,"href":"https:\/\/catholiques17.fr\/montlieu\/wp-json\/wp\/v2\/pages\/5631"}],"wp:attachment":[{"href":"https:\/\/catholiques17.fr\/montlieu\/wp-json\/wp\/v2\/media?parent=4747"}],"curies":[{"name":"wp","href":"https:\/\/api.w.org\/{rel}","templated":true}]}}

L’Aumônerie

<p>[et_pb_section fb_built= »1&Prime; _builder_version= »4.16&Prime; global_colors_info= »{} » theme_builder_area= »post_content » custom_padding= »5px||||| »][et_pb_row _builder_version= »4.17.6&Prime; _module_preset= »default » theme_builder_area= »post_content » custom_padding= »3px||||| »][et_pb_column _builder_version= »4.17.6&Prime; _module_preset= »default » type= »4_4&Prime; theme_builder_area= »post_content »][et_pb_image src= »https://catholiques17.fr/montlieu/wp-content/uploads/sites/22/2023/03/Bandeau-IMG_1025-retouchee-1024&#215;500-1.jpg » _builder_version= »4.17.6&Prime; _module_preset= »default » theme_builder_area= »post_content » title_text= »Bandeau-IMG_1025-retouchée-1024&#215;500-1&Prime; align= »center » border_radii= »on|20px|20px|20px|20px » animation_style= »slide » hover_enabled= »0&Prime; sticky_enabled= »0&Prime;][/et_pb_image][/et_pb_column][/et_pb_row][et_pb_row _builder_version= »4.16&Prime; background_size= »initial » background_position= »top_left » background_repeat= »repeat » global_colors_info= »{} » theme_builder_area= »post_content »][et_pb_column type= »4_4&Prime; _builder_version= »4.16&Prime; custom_padding= »||| » global_colors_info= »{} » custom_padding__hover= »||| » theme_builder_area= »post_content »][et_pb_text _builder_version= »4.16&Prime; background_size= »initial » background_position= »top_left » background_repeat= »repeat » global_colors_info= »{} » theme_builder_area= »post_content »]<!-- divi:paragraph --></p>
<p>A partir de la 6éme, les jeunes sont invités à se retrouver en équipe d’aumônerie environ une fois par mois.</p>
<p><!-- /divi:paragraph --></p>
<p><!-- divi:paragraph --></p>
<p>L’équipe d’aumônerie aide les jeunes à réfléchir sur le sens de leurs vies à la lumière de l’évangile grâce à des activités variées&nbsp;: rencontres de témoins, séjours en abbaye, pèlerinage à Lourdes, rencontre à Taizé.&nbsp;«&nbsp;<em>L’aumônerie c’est trop cool</em>&nbsp;!» nous dit Jules.</p>
<p><!-- /divi:paragraph -->[/et_pb_text][/et_pb_column][/et_pb_row][et_pb_row _builder_version= »4.17.6&Prime; _module_preset= »default » theme_builder_area= »post_content »][et_pb_column _builder_version= »4.17.6&Prime; _module_preset= »default » type= »4_4&Prime; theme_builder_area= »post_content »][et_pb_text _builder_version= »4.17.6&Prime; _module_preset= »default » theme_builder_area= »post_content » background_color= »#FF8C00&Prime; text_font_size= »18px » border_radii= »off|20px||20px| » hover_enabled= »0&Prime; sticky_enabled= »0&Prime;]</p>
<div class="et_pb_row et_pb_row_6">
<div class="et_pb_column et_pb_column_4_4 et_pb_column_8  et_pb_css_mix_blend_mode_passthrough et-last-child">
<div class="et_pb_module et_pb_text et_pb_text_3  et_pb_text_align_left et_pb_bg_layout_light">
<div class="et_pb_text_inner">
<p style="text-align: center;"><span style="color: #ffffff;">Le service diocésain de la pastorale des jeunes propose des camps, pèlerinages et autres rassemblements </span><span style="color: #ffffff;">tout au long de l’année. </span></p>
<p style="text-align: center;"><span style="color: #ffffff;">Suivez l’actualité des jeunes sur leur site</span> <a href="https://jeunes17.fr/" target="_blank" rel="noopener"><span style="text-decoration: underline; color: #ffffff;"><strong>jeunes17.fr</strong></span></a></p>
</div>
</div>
</div>
</div>
<p>[/et_pb_text][/et_pb_column][/et_pb_row][/et_pb_section]</p>

<p>A partir de la 6éme, les jeunes sont invités à se retrouver en équipe d’aumônerie environ une fois par mois. L’équipe d’aumônerie aide les jeunes à réfléchir sur le sens [&hellip;]</p>

<!-- wp:paragraph -->
<p>A partir de la 6éme, les jeunes sont invités à se retrouver en équipe d’aumônerie environ une fois par mois.</p>
<!-- /wp:paragraph -->

<!-- wp:paragraph -->
<p>L’équipe d’aumônerie aide les jeunes à réfléchir sur le sens de leurs vies à la lumière de l’évangile grâce à des activités variées&nbsp;: rencontres de témoins, séjours en abbaye, pèlerinage à Lourdes, rencontre à Taizé.&nbsp;«&nbsp;<em>L’aumônerie c’est trop cool</em>&nbsp;!» nous dit Jules.</p>
<!-- /wp:paragraph -->
