{"id":4727,"date":"2021-03-25T13:24:23","date_gmt":"2021-03-25T12:24:23","guid":{"rendered":"https:\/\/catholiques17.fr\/montlieu\/?page_id=4727"},"modified":"2022-12-06T08:34:48","modified_gmt":"2022-12-06T07:34:48","slug":"le-sacrement-des-malades","status":"publish","type":"page","link":"https:\/\/catholiques17.fr\/montlieu\/leglise-vous-accompagne\/le-sacrement-des-malades\/","title":{"rendered":"Le sacrement des malades"},"content":{"rendered":"\n<h4 class=\"wp-block-heading\"><strong>L\u2019onction des malades&nbsp;:<\/strong><\/h4>\n\n\n\n<p>Le sacrement des malades est destin\u00e9 \u00e0 r\u00e9conforter ceux qui sont \u00e9prouv\u00e9s par la maladie ou la vieillesse. La c\u00e9l\u00e9bration consiste en une imposition des mains et une onction d\u2019huile par le pr\u00eatre. Le chr\u00e9tien re\u00e7oit la force de supporter son \u00e9preuve et l\u2019assurance qu\u2019il la vit dans la proximit\u00e9 du Christ.<\/p>\n\n\n\n<div class=\"wp-block-image is-style-default\"><figure class=\"aligncenter size-large\"><img loading=\"lazy\" decoding=\"async\" width=\"403\" height=\"330\" src=\"https:\/\/catholiques17.fr\/montlieu\/wp-content\/uploads\/sites\/22\/2021\/03\/malade.jpg\" alt=\"\" class=\"wp-image-4728\" srcset=\"https:\/\/catholiques17.fr\/montlieu\/wp-content\/uploads\/sites\/22\/2021\/03\/malade.jpg 403w, https:\/\/catholiques17.fr\/montlieu\/wp-content\/uploads\/sites\/22\/2021\/03\/malade-300x246.jpg 300w\" sizes=\"(max-width: 403px) 100vw, 403px\" \/><\/figure><\/div>\n","protected":false},"excerpt":{"rendered":"<p>L\u2019onction des malades&nbsp;: Le sacrement des malades est destin\u00e9 \u00e0 r\u00e9conforter ceux qui sont \u00e9prouv\u00e9s par la maladie ou la vieillesse. La c\u00e9l\u00e9bration consiste en une imposition des mains et [&hellip;]<\/p>\n","protected":false},"author":31,"featured_media":0,"parent":5635,"menu_order":0,"comment_status":"closed","ping_status":"closed","template":"","meta":{"_et_pb_use_builder":"off","_et_pb_old_content":"","_et_gb_content_width":"","footnotes":""},"class_list":["post-4727","page","type-page","status-publish","hentry"],"_links":{"self":[{"href":"https:\/\/catholiques17.fr\/montlieu\/wp-json\/wp\/v2\/pages\/4727","targetHints":{"allow":["GET"]}}],"collection":[{"href":"https:\/\/catholiques17.fr\/montlieu\/wp-json\/wp\/v2\/pages"}],"about":[{"href":"https:\/\/catholiques17.fr\/montlieu\/wp-json\/wp\/v2\/types\/page"}],"author":[{"embeddable":true,"href":"https:\/\/catholiques17.fr\/montlieu\/wp-json\/wp\/v2\/users\/31"}],"replies":[{"embeddable":true,"href":"https:\/\/catholiques17.fr\/montlieu\/wp-json\/wp\/v2\/comments?post=4727"}],"version-history":[{"count":2,"href":"https:\/\/catholiques17.fr\/montlieu\/wp-json\/wp\/v2\/pages\/4727\/revisions"}],"predecessor-version":[{"id":5602,"href":"https:\/\/catholiques17.fr\/montlieu\/wp-json\/wp\/v2\/pages\/4727\/revisions\/5602"}],"up":[{"embeddable":true,"href":"https:\/\/catholiques17.fr\/montlieu\/wp-json\/wp\/v2\/pages\/5635"}],"wp:attachment":[{"href":"https:\/\/catholiques17.fr\/montlieu\/wp-json\/wp\/v2\/media?parent=4727"}],"curies":[{"name":"wp","href":"https:\/\/api.w.org\/{rel}","templated":true}]}}

<h4 class="wp-block-heading"><strong>L’onction des malades&nbsp;:</strong></h4>



<p>Le sacrement des malades est destiné à réconforter ceux qui sont éprouvés par la maladie ou la vieillesse. La célébration consiste en une imposition des mains et une onction d’huile par le prêtre. Le chrétien reçoit la force de supporter son épreuve et l’assurance qu’il la vit dans la proximité du Christ.</p>



<div class="wp-block-image is-style-default"><figure class="aligncenter size-large"><img loading="lazy" decoding="async" width="403" height="330" src="https://catholiques17.fr/montlieu/wp-content/uploads/sites/22/2021/03/malade.jpg" alt="" class="wp-image-4728" srcset="https://catholiques17.fr/montlieu/wp-content/uploads/sites/22/2021/03/malade.jpg 403w, https://catholiques17.fr/montlieu/wp-content/uploads/sites/22/2021/03/malade-300x246.jpg 300w" sizes="(max-width: 403px) 100vw, 403px" /></figure></div>

<p>L’onction des malades&nbsp;: Le sacrement des malades est destiné à réconforter ceux qui sont éprouvés par la maladie ou la vieillesse. La célébration consiste en une imposition des mains et [&hellip;]</p>
